{"id":296,"date":"2023-05-15T17:12:03","date_gmt":"2023-05-15T21:12:03","guid":{"rendered":"https:\/\/www.manaus.am.gov.br\/semad\/?page_id=296"},"modified":"2025-07-31T09:54:26","modified_gmt":"2025-07-31T13:54:26","slug":"legislacao","status":"publish","type":"page","link":"https:\/\/www.manaus.am.gov.br\/semad\/manausmed\/legislacao\/","title":{"rendered":"Legisla\u00e7\u00e3o"},"content":{"rendered":"\n<h2 class=\"wp-block-heading\"><a href=\"https:\/\/www.manaus.am.gov.br\/semad\/wp-content\/uploads\/sites\/21\/2025\/07\/Decreto-5657-2023-Manaus-AM.pdf\">DECRETO N\u00ba 5.657, DE 15 DE AGOSTO DE 2023<\/a><\/h2>\n\n\n\n<p>DISP\u00d5E sobre o Plano de Sa\u00fade dos Servidores P\u00fablicos do Munic\u00edpio de Manaus &#8211; SERVMED, e d\u00e1 outras provid\u00eancias.<\/p>\n\n\n\n<p><\/p>\n\n\n\n<h2 class=\"wp-block-heading\" style=\"text-transform:uppercase\"><a href=\"https:\/\/leismunicipais.com.br\/a\/am\/m\/manaus\/decreto\/2018\/410\/4108\/decreto-n-4108-2018-regulamenta-o-plano-de-saude-dos-servidores-publicos-do-municipio-de-manaus-servmed-e-da-outras-providencias\" target=\"_blank\" rel=\"noreferrer noopener\">Decreto N\u00ba 4108, de 04 de Julho de 2018<\/a><\/h2>\n\n\n\n<p>Regulamenta o Plano de Sa\u00fade dos Servidores P\u00fablicos do Munic\u00edpio de Manaus &#8211; SERVMED, e d\u00e1 outras provid\u00eancias.<\/p>\n\n\n\n<h2 class=\"wp-block-heading\" style=\"text-transform:uppercase\"><a href=\"https:\/\/www.manaus.am.gov.br\/semad\/wp-content\/uploads\/sites\/21\/2023\/05\/DOM-3637_LEI-No-1.975-DE-29-DE-ABRIL-DE-2015_TRANSFORMA-SUBSECRETARIA.pdf\" target=\"_blank\" rel=\"noreferrer noopener\">Lei N\u00ba 1.975, de 29 de Abril de 2015<\/a><\/h2>\n\n\n\n<p>Disp\u00f5e sobre a reorganiza\u00e7\u00e3o administrativa do Poder Executivo Municipal, e d\u00e1 outras provid\u00eancias.<\/p>\n\n\n\n<h2 class=\"wp-block-heading\" style=\"text-transform:uppercase\"><a href=\"https:\/\/www.manaus.am.gov.br\/semad\/wp-content\/uploads\/sites\/21\/2023\/05\/DOM_3800_LEI-No-2.078-DE-30-DE-DEZEMBRO-DE-2015_ESTRUTURA-SEMAD.pdf\" target=\"_blank\" rel=\"noreferrer noopener\">Lei N\u00ba 2.078, de 30 de Dezembro de 2015<\/a><\/h2>\n\n\n\n<p>Disp\u00f5e sobre a estrutura organizacional da Secretaria Municipal de Administra\u00e7\u00e3o, Planejamento e Gest\u00e3o (Semad), suas finalidades e compet\u00eancias, fixa seu quadro de cargos comissionados e d\u00e1 outras provid\u00eancias.<\/p>\n\n\n\n<h2 class=\"wp-block-heading\" style=\"text-transform:uppercase\"><a href=\"https:\/\/leismunicipais.com.br\/a\/am\/m\/manaus\/decreto\/2008\/950\/9492\/decreto-n-9492-2008-regulamenta-o-servico-de-assistencia-a-saude-dos-servidores-publicos-do-municipio-de-manaus-instituido-pela-lei-n-946-de-20-de-janeiro-de-2006-e-da-outras-providencias\" target=\"_blank\" rel=\"noreferrer noopener\">Decreto N\u00ba 9.492, de 03 de Mar\u00e7o de 2008<\/a><\/h2>\n\n\n\n<p>Regulamenta o Servi\u00e7o de Assist\u00eancia \u00e0 Sa\u00fade dos Servidores P\u00fablicos do Munic\u00edpio de Manaus, institu\u00eddo pela Lei n\u00ba <a class=\"inline\" href=\"https:\/\/leismunicipais.com.br\/a\/am\/m\/manaus\/lei-ordinaria\/2006\/94\/946\/lei-ordinaria-n-946-2006-dispoe-sobre-o-plano-de-saude-dos-servidores-publicos-do-municipio-de-manaus-servmed-institui-o-correspondente-fundo-de-custeio-funserv-a-entidade-gestora-manausmed-e-adota-outras-providencias\" target=\"_blank\" rel=\"noreferrer noopener\">946<\/a> de 20 de janeiro de 2006, e d\u00e1 outras provid\u00eancias.<\/p>\n","protected":false},"excerpt":{"rendered":"","protected":false},"author":27,"featured_media":0,"parent":258,"menu_order":5,"comment_status":"closed","ping_status":"closed","template":"templates\/turismo.php","meta":{"footnotes":""},"acf":[],"yoast_head":"<!-- This site is optimized with the Yoast SEO plugin v23.0 - https:\/\/yoast.com\/wordpress\/plugins\/seo\/ -->\n<title>Legisla\u00e7\u00e3o - SEMAD<\/title>\n<meta name=\"robots\" content=\"noindex, follow\" \/>\n<meta property=\"og:locale\" content=\"pt_BR\" \/>\n<meta property=\"og:type\" content=\"article\" \/>\n<meta property=\"og:title\" content=\"Legisla\u00e7\u00e3o - SEMAD\" \/>\n<meta property=\"og:url\" content=\"https:\/\/www.manaus.am.gov.br\/semad\/manausmed\/legislacao\/\" \/>\n<meta property=\"og:site_name\" content=\"SEMAD\" \/>\n<meta property=\"article:modified_time\" content=\"2025-07-31T13:54:26+00:00\" \/>\n<meta property=\"og:image\" content=\"https:\/\/www.manaus.am.gov.br\/semad\/wp-content\/uploads\/sites\/21\/2024\/07\/thumb-default-2.png\" \/>\n\t<meta property=\"og:image:width\" content=\"966\" \/>\n\t<meta property=\"og:image:height\" content=\"520\" \/>\n\t<meta property=\"og:image:type\" content=\"image\/png\" \/>\n<meta name=\"twitter:card\" content=\"summary_large_image\" \/>\n<meta name=\"twitter:label1\" content=\"Est. reading time\" \/>\n\t<meta name=\"twitter:data1\" content=\"1 minuto\" \/>\n<script type=\"application\/ld+json\" class=\"yoast-schema-graph\">{\"@context\":\"https:\/\/schema.org\",\"@graph\":[{\"@type\":\"WebPage\",\"@id\":\"https:\/\/www.manaus.am.gov.br\/semad\/manausmed\/legislacao\/\",\"url\":\"https:\/\/www.manaus.am.gov.br\/semad\/manausmed\/legislacao\/\",\"name\":\"Legisla\u00e7\u00e3o - SEMAD\",\"isPartOf\":{\"@id\":\"https:\/\/www.manaus.am.gov.br\/semad\/#website\"},\"datePublished\":\"2023-05-15T21:12:03+00:00\",\"dateModified\":\"2025-07-31T13:54:26+00:00\",\"breadcrumb\":{\"@id\":\"https:\/\/www.manaus.am.gov.br\/semad\/manausmed\/legislacao\/#breadcrumb\"},\"inLanguage\":\"pt-BR\",\"potentialAction\":[{\"@type\":\"ReadAction\",\"target\":[\"https:\/\/www.manaus.am.gov.br\/semad\/manausmed\/legislacao\/\"]}]},{\"@type\":\"BreadcrumbList\",\"@id\":\"https:\/\/www.manaus.am.gov.br\/semad\/manausmed\/legislacao\/#breadcrumb\",\"itemListElement\":[{\"@type\":\"ListItem\",\"position\":1,\"name\":\"Home\",\"item\":\"https:\/\/www.manaus.am.gov.br\/semad\/\"},{\"@type\":\"ListItem\",\"position\":2,\"name\":\"MANAUSMED\",\"item\":\"https:\/\/www.manaus.am.gov.br\/semad\/manausmed\/\"},{\"@type\":\"ListItem\",\"position\":3,\"name\":\"Legisla\u00e7\u00e3o\"}]},{\"@type\":\"WebSite\",\"@id\":\"https:\/\/www.manaus.am.gov.br\/semad\/#website\",\"url\":\"https:\/\/www.manaus.am.gov.br\/semad\/\",\"name\":\"SEMAD\",\"description\":\"Prefeitura de Manaus\",\"publisher\":{\"@id\":\"https:\/\/www.manaus.am.gov.br\/semad\/#organization\"},\"alternateName\":\"Secretaria Municipal de Administra\u00e7\u00e3o, Planejamento e Gest\u00e3o\",\"potentialAction\":[{\"@type\":\"SearchAction\",\"target\":{\"@type\":\"EntryPoint\",\"urlTemplate\":\"https:\/\/www.manaus.am.gov.br\/semad\/?s={search_term_string}\"},\"query-input\":\"required name=search_term_string\"}],\"inLanguage\":\"pt-BR\"},{\"@type\":\"Organization\",\"@id\":\"https:\/\/www.manaus.am.gov.br\/semad\/#organization\",\"name\":\"Prefeitura Municipal de Manaus\",\"alternateName\":\"Prefeitura de Manaus\",\"url\":\"https:\/\/www.manaus.am.gov.br\/semad\/\",\"logo\":{\"@type\":\"ImageObject\",\"inLanguage\":\"pt-BR\",\"@id\":\"https:\/\/www.manaus.am.gov.br\/semad\/#\/schema\/logo\/image\/\",\"url\":\"https:\/\/www.manaus.am.gov.br\/semad\/wp-content\/uploads\/sites\/21\/2024\/07\/favicon.png\",\"contentUrl\":\"https:\/\/www.manaus.am.gov.br\/semad\/wp-content\/uploads\/sites\/21\/2024\/07\/favicon.png\",\"width\":300,\"height\":300,\"caption\":\"Prefeitura Municipal de Manaus\"},\"image\":{\"@id\":\"https:\/\/www.manaus.am.gov.br\/semad\/#\/schema\/logo\/image\/\"}}]}<\/script>\n<!-- \/ Yoast SEO plugin. -->","yoast_head_json":{"title":"Legisla\u00e7\u00e3o - SEMAD","robots":{"index":"noindex","follow":"follow"},"og_locale":"pt_BR","og_type":"article","og_title":"Legisla\u00e7\u00e3o - SEMAD","og_url":"https:\/\/www.manaus.am.gov.br\/semad\/manausmed\/legislacao\/","og_site_name":"SEMAD","article_modified_time":"2025-07-31T13:54:26+00:00","og_image":[{"width":966,"height":520,"url":"https:\/\/www.manaus.am.gov.br\/semad\/wp-content\/uploads\/sites\/21\/2024\/07\/thumb-default-2.png","type":"image\/png"}],"twitter_card":"summary_large_image","twitter_misc":{"Est. reading time":"1 minuto"},"schema":{"@context":"https:\/\/schema.org","@graph":[{"@type":"WebPage","@id":"https:\/\/www.manaus.am.gov.br\/semad\/manausmed\/legislacao\/","url":"https:\/\/www.manaus.am.gov.br\/semad\/manausmed\/legislacao\/","name":"Legisla\u00e7\u00e3o - SEMAD","isPartOf":{"@id":"https:\/\/www.manaus.am.gov.br\/semad\/#website"},"datePublished":"2023-05-15T21:12:03+00:00","dateModified":"2025-07-31T13:54:26+00:00","breadcrumb":{"@id":"https:\/\/www.manaus.am.gov.br\/semad\/manausmed\/legislacao\/#breadcrumb"},"inLanguage":"pt-BR","potentialAction":[{"@type":"ReadAction","target":["https:\/\/www.manaus.am.gov.br\/semad\/manausmed\/legislacao\/"]}]},{"@type":"BreadcrumbList","@id":"https:\/\/www.manaus.am.gov.br\/semad\/manausmed\/legislacao\/#breadcrumb","itemListElement":[{"@type":"ListItem","position":1,"name":"Home","item":"https:\/\/www.manaus.am.gov.br\/semad\/"},{"@type":"ListItem","position":2,"name":"MANAUSMED","item":"https:\/\/www.manaus.am.gov.br\/semad\/manausmed\/"},{"@type":"ListItem","position":3,"name":"Legisla\u00e7\u00e3o"}]},{"@type":"WebSite","@id":"https:\/\/www.manaus.am.gov.br\/semad\/#website","url":"https:\/\/www.manaus.am.gov.br\/semad\/","name":"SEMAD","description":"Prefeitura de Manaus","publisher":{"@id":"https:\/\/www.manaus.am.gov.br\/semad\/#organization"},"alternateName":"Secretaria Municipal de Administra\u00e7\u00e3o, Planejamento e Gest\u00e3o","potentialAction":[{"@type":"SearchAction","target":{"@type":"EntryPoint","urlTemplate":"https:\/\/www.manaus.am.gov.br\/semad\/?s={search_term_string}"},"query-input":"required name=search_term_string"}],"inLanguage":"pt-BR"},{"@type":"Organization","@id":"https:\/\/www.manaus.am.gov.br\/semad\/#organization","name":"Prefeitura Municipal de Manaus","alternateName":"Prefeitura de Manaus","url":"https:\/\/www.manaus.am.gov.br\/semad\/","logo":{"@type":"ImageObject","inLanguage":"pt-BR","@id":"https:\/\/www.manaus.am.gov.br\/semad\/#\/schema\/logo\/image\/","url":"https:\/\/www.manaus.am.gov.br\/semad\/wp-content\/uploads\/sites\/21\/2024\/07\/favicon.png","contentUrl":"https:\/\/www.manaus.am.gov.br\/semad\/wp-content\/uploads\/sites\/21\/2024\/07\/favicon.png","width":300,"height":300,"caption":"Prefeitura Municipal de Manaus"},"image":{"@id":"https:\/\/www.manaus.am.gov.br\/semad\/#\/schema\/logo\/image\/"}}]}},"_links":{"self":[{"href":"https:\/\/www.manaus.am.gov.br\/semad\/wp-json\/wp\/v2\/pages\/296"}],"collection":[{"href":"https:\/\/www.manaus.am.gov.br\/semad\/wp-json\/wp\/v2\/pages"}],"about":[{"href":"https:\/\/www.manaus.am.gov.br\/semad\/wp-json\/wp\/v2\/types\/page"}],"author":[{"embeddable":true,"href":"https:\/\/www.manaus.am.gov.br\/semad\/wp-json\/wp\/v2\/users\/27"}],"replies":[{"embeddable":true,"href":"https:\/\/www.manaus.am.gov.br\/semad\/wp-json\/wp\/v2\/comments?post=296"}],"version-history":[{"count":7,"href":"https:\/\/www.manaus.am.gov.br\/semad\/wp-json\/wp\/v2\/pages\/296\/revisions"}],"predecessor-version":[{"id":2013,"href":"https:\/\/www.manaus.am.gov.br\/semad\/wp-json\/wp\/v2\/pages\/296\/revisions\/2013"}],"up":[{"embeddable":true,"href":"https:\/\/www.manaus.am.gov.br\/semad\/wp-json\/wp\/v2\/pages\/258"}],"wp:attachment":[{"href":"https:\/\/www.manaus.am.gov.br\/semad\/wp-json\/wp\/v2\/media?parent=296"}],"curies":[{"name":"wp","href":"https:\/\/api.w.org\/{rel}","templated":true}]}}

Legislação

<h2 class="wp-block-heading"><a href="https://www.manaus.am.gov.br/semad/wp-content/uploads/sites/21/2025/07/Decreto-5657-2023-Manaus-AM.pdf">DECRETO Nº 5.657, DE 15 DE AGOSTO DE 2023</a></h2>



<p>DISPÕE sobre o Plano de Saúde dos Servidores Públicos do Município de Manaus &#8211; SERVMED, e dá outras providências.</p>



<p></p>



<h2 class="wp-block-heading" style="text-transform:uppercase"><a href="https://leismunicipais.com.br/a/am/m/manaus/decreto/2018/410/4108/decreto-n-4108-2018-regulamenta-o-plano-de-saude-dos-servidores-publicos-do-municipio-de-manaus-servmed-e-da-outras-providencias" target="_blank" rel="noreferrer noopener">Decreto Nº 4108, de 04 de Julho de 2018</a></h2>



<p>Regulamenta o Plano de Saúde dos Servidores Públicos do Município de Manaus &#8211; SERVMED, e dá outras providências.</p>



<h2 class="wp-block-heading" style="text-transform:uppercase"><a href="https://www.manaus.am.gov.br/semad/wp-content/uploads/sites/21/2023/05/DOM-3637_LEI-No-1.975-DE-29-DE-ABRIL-DE-2015_TRANSFORMA-SUBSECRETARIA.pdf" target="_blank" rel="noreferrer noopener">Lei Nº 1.975, de 29 de Abril de 2015</a></h2>



<p>Dispõe sobre a reorganização administrativa do Poder Executivo Municipal, e dá outras providências.</p>



<h2 class="wp-block-heading" style="text-transform:uppercase"><a href="https://www.manaus.am.gov.br/semad/wp-content/uploads/sites/21/2023/05/DOM_3800_LEI-No-2.078-DE-30-DE-DEZEMBRO-DE-2015_ESTRUTURA-SEMAD.pdf" target="_blank" rel="noreferrer noopener">Lei Nº 2.078, de 30 de Dezembro de 2015</a></h2>



<p>Dispõe sobre a estrutura organizacional da Secretaria Municipal de Administração, Planejamento e Gestão (Semad), suas finalidades e competências, fixa seu quadro de cargos comissionados e dá outras providências.</p>



<h2 class="wp-block-heading" style="text-transform:uppercase"><a href="https://leismunicipais.com.br/a/am/m/manaus/decreto/2008/950/9492/decreto-n-9492-2008-regulamenta-o-servico-de-assistencia-a-saude-dos-servidores-publicos-do-municipio-de-manaus-instituido-pela-lei-n-946-de-20-de-janeiro-de-2006-e-da-outras-providencias" target="_blank" rel="noreferrer noopener">Decreto Nº 9.492, de 03 de Março de 2008</a></h2>



<p>Regulamenta o Serviço de Assistência à Saúde dos Servidores Públicos do Município de Manaus, instituído pela Lei nº <a class="inline" href="https://leismunicipais.com.br/a/am/m/manaus/lei-ordinaria/2006/94/946/lei-ordinaria-n-946-2006-dispoe-sobre-o-plano-de-saude-dos-servidores-publicos-do-municipio-de-manaus-servmed-institui-o-correspondente-fundo-de-custeio-funserv-a-entidade-gestora-manausmed-e-adota-outras-providencias" target="_blank" rel="noreferrer noopener">946</a> de 20 de janeiro de 2006, e dá outras providências.</p>

<!-- This site is optimized with the Yoast SEO plugin v23.0 - https://yoast.com/wordpress/plugins/seo/ -->
<title>Legislação - SEMAD</title>
<meta name="robots" content="noindex, follow" />
<meta property="og:locale" content="pt_BR" />
<meta property="og:type" content="article" />
<meta property="og:title" content="Legislação - SEMAD" />
<meta property="og:url" content="https://www.manaus.am.gov.br/semad/manausmed/legislacao/" />
<meta property="og:site_name" content="SEMAD" />
<meta property="article:modified_time" content="2025-07-31T13:54:26+00:00" />
<meta property="og:image" content="https://www.manaus.am.gov.br/semad/wp-content/uploads/sites/21/2024/07/thumb-default-2.png" />
	<meta property="og:image:width" content="966" />
	<meta property="og:image:height" content="520" />
	<meta property="og:image:type" content="image/png" />
<meta name="twitter:card" content="summary_large_image" />
<meta name="twitter:label1" content="Est. reading time" />
	<meta name="twitter:data1" content="1 minuto" />
<script type="application/ld+json" class="yoast-schema-graph">{"@context":"https://schema.org","@graph":[{"@type":"WebPage","@id":"https://www.manaus.am.gov.br/semad/manausmed/legislacao/","url":"https://www.manaus.am.gov.br/semad/manausmed/legislacao/","name":"Legislação - SEMAD","isPartOf":{"@id":"https://www.manaus.am.gov.br/semad/#website"},"datePublished":"2023-05-15T21:12:03+00:00","dateModified":"2025-07-31T13:54:26+00:00","breadcrumb":{"@id":"https://www.manaus.am.gov.br/semad/manausmed/legislacao/#breadcrumb"},"inLanguage":"pt-BR","potentialAction":[{"@type":"ReadAction","target":["https://www.manaus.am.gov.br/semad/manausmed/legislacao/"]}]},{"@type":"BreadcrumbList","@id":"https://www.manaus.am.gov.br/semad/manausmed/legislacao/#breadcrumb","itemListElement":[{"@type":"ListItem","position":1,"name":"Home","item":"https://www.manaus.am.gov.br/semad/"},{"@type":"ListItem","position":2,"name":"MANAUSMED","item":"https://www.manaus.am.gov.br/semad/manausmed/"},{"@type":"ListItem","position":3,"name":"Legislação"}]},{"@type":"WebSite","@id":"https://www.manaus.am.gov.br/semad/#website","url":"https://www.manaus.am.gov.br/semad/","name":"SEMAD","description":"Prefeitura de Manaus","publisher":{"@id":"https://www.manaus.am.gov.br/semad/#organization"},"alternateName":"Secretaria Municipal de Administração, Planejamento e Gestão","potentialAction":[{"@type":"SearchAction","target":{"@type":"EntryPoint","urlTemplate":"https://www.manaus.am.gov.br/semad/?s={search_term_string}"},"query-input":"required name=search_term_string"}],"inLanguage":"pt-BR"},{"@type":"Organization","@id":"https://www.manaus.am.gov.br/semad/#organization","name":"Prefeitura Municipal de Manaus","alternateName":"Prefeitura de Manaus","url":"https://www.manaus.am.gov.br/semad/","logo":{"@type":"ImageObject","inLanguage":"pt-BR","@id":"https://www.manaus.am.gov.br/semad/#/schema/logo/image/","url":"https://www.manaus.am.gov.br/semad/wp-content/uploads/sites/21/2024/07/favicon.png","contentUrl":"https://www.manaus.am.gov.br/semad/wp-content/uploads/sites/21/2024/07/favicon.png","width":300,"height":300,"caption":"Prefeitura Municipal de Manaus"},"image":{"@id":"https://www.manaus.am.gov.br/semad/#/schema/logo/image/"}}]}</script>
<!-- / Yoast SEO plugin. -->

Legislação - SEMAD

Secretaria Municipal de Administração, Planejamento e Gestão
