{"id":281,"date":"2023-05-15T17:04:50","date_gmt":"2023-05-15T21:04:50","guid":{"rendered":"https:\/\/www.manaus.am.gov.br\/semad\/?page_id=281"},"modified":"2025-08-19T11:45:10","modified_gmt":"2025-08-19T15:45:10","slug":"institucional","status":"publish","type":"page","link":"https:\/\/www.manaus.am.gov.br\/semad\/espi\/institucional\/","title":{"rendered":"Institucional"},"content":{"rendered":"<div class=\"wp-block-image\">\n<figure class=\"aligncenter size-full\"><img loading=\"lazy\" decoding=\"async\" width=\"720\" height=\"407\" src=\"https:\/\/www.manaus.am.gov.br\/semad\/wp-content\/uploads\/sites\/21\/2025\/08\/Sede-Semad-720x407-1.jpeg\" alt=\"\" class=\"wp-image-2029\" srcset=\"https:\/\/www.manaus.am.gov.br\/semad\/wp-content\/uploads\/sites\/21\/2025\/08\/Sede-Semad-720x407-1.jpeg 720w, https:\/\/www.manaus.am.gov.br\/semad\/wp-content\/uploads\/sites\/21\/2025\/08\/Sede-Semad-720x407-1-300x170.jpeg 300w\" sizes=\"(max-width: 720px) 100vw, 720px\" \/><\/figure><\/div>\n\n\n<p>Criada em 1990 e implementada em 1996, a Escola de Servi\u00e7o P\u00fablico Municipal e Inclus\u00e3o Socioeducacional (Espi) assumiu os moldes atuais com a Lei Delegada n\u00ba 11 de 31 de julho de 2013, quando fundiram-se a Funda\u00e7\u00e3o Escola de Servi\u00e7o P\u00fablico Municipal (Fespm) e a Funda\u00e7\u00e3o Escola de Inclus\u00e3o Socioeducacional (FMDS).<\/p>\n\n\n\n<p>Assim, o novo o \u00f3rg\u00e3o, com status de subsecretaria, passou a ser vinculado \u00e0 Secretaria Municipal de Administra\u00e7\u00e3o, Planejamento e Gest\u00e3o (Semad), com a miss\u00e3o de capacitar os servidores p\u00fablicos, agentes p\u00fablicos e pol\u00edticos do Munic\u00edpio, al\u00e9m de gerir os programas de inclus\u00e3o socioeducacional da Prefeitura de Manaus: Programa Bolsa Universidade (PBU), Bolsa Idiomas (PBI) e Bolsa P\u00f3s-Gradua\u00e7\u00e3o (PBPG).<\/p>\n\n\n\n<p>J\u00e1 em 2014, a Espi\/Semad aderiu \u00e0 modalidade de Ensino \u00e0 Dist\u00e2ncia (EaD), ampliando as suas ofertas de qualifica\u00e7\u00e3o para cursos destinados aos seus servidores e bolsistas. Os cursos s\u00e3o realizados pela internet, em sua plataforma digital, e permitem que os interessados possam qualificar-se sem precisar se deslocar at\u00e9 a sede. <\/p>\n\n\n\n<p>Primando pelo planejamento estrat\u00e9gico, organiza\u00e7\u00e3o e transpar\u00eancia no servi\u00e7o p\u00fablico, os cursos oferecidos pela Escola est\u00e3o descritos no calend\u00e1rio anual de atividades, que \u00e9 montado por meio do Levantamento de Necessidades de Capacita\u00e7\u00e3o (LNC), em que a Espi\/Semad envias \u00e0s demais secretarias municipais of\u00edcio solicitando a demanda de capacita\u00e7\u00e3o das pastas. A programa\u00e7\u00e3o \u00e9 criada a partir das respostas das secretarias.<\/p>\n","protected":false},"excerpt":{"rendered":"","protected":false},"author":27,"featured_media":0,"parent":186,"menu_order":0,"comment_status":"closed","ping_status":"closed","template":"templates\/turismo.php","meta":{"footnotes":""},"acf":[],"yoast_head":"<!-- This site is optimized with the Yoast SEO plugin v23.0 - https:\/\/yoast.com\/wordpress\/plugins\/seo\/ -->\n<title>Institucional - SEMAD<\/title>\n<meta name=\"robots\" content=\"noindex, follow\" \/>\n<meta property=\"og:locale\" content=\"pt_BR\" \/>\n<meta property=\"og:type\" content=\"article\" \/>\n<meta property=\"og:title\" content=\"Institucional - SEMAD\" \/>\n<meta property=\"og:url\" content=\"https:\/\/www.manaus.am.gov.br\/semad\/espi\/institucional\/\" \/>\n<meta property=\"og:site_name\" content=\"SEMAD\" \/>\n<meta property=\"article:modified_time\" content=\"2025-08-19T15:45:10+00:00\" \/>\n<meta property=\"og:image\" content=\"https:\/\/www.manaus.am.gov.br\/semad\/wp-content\/uploads\/sites\/21\/2025\/08\/Sede-Semad-720x407-1.jpeg\" \/>\n<meta name=\"twitter:card\" content=\"summary_large_image\" \/>\n<meta name=\"twitter:label1\" content=\"Est. reading time\" \/>\n\t<meta name=\"twitter:data1\" content=\"2 minutos\" \/>\n<script type=\"application\/ld+json\" class=\"yoast-schema-graph\">{\"@context\":\"https:\/\/schema.org\",\"@graph\":[{\"@type\":\"WebPage\",\"@id\":\"https:\/\/www.manaus.am.gov.br\/semad\/espi\/institucional\/\",\"url\":\"https:\/\/www.manaus.am.gov.br\/semad\/espi\/institucional\/\",\"name\":\"Institucional - SEMAD\",\"isPartOf\":{\"@id\":\"https:\/\/www.manaus.am.gov.br\/semad\/#website\"},\"primaryImageOfPage\":{\"@id\":\"https:\/\/www.manaus.am.gov.br\/semad\/espi\/institucional\/#primaryimage\"},\"image\":{\"@id\":\"https:\/\/www.manaus.am.gov.br\/semad\/espi\/institucional\/#primaryimage\"},\"thumbnailUrl\":\"https:\/\/www.manaus.am.gov.br\/semad\/wp-content\/uploads\/sites\/21\/2025\/08\/Sede-Semad-720x407-1.jpeg\",\"datePublished\":\"2023-05-15T21:04:50+00:00\",\"dateModified\":\"2025-08-19T15:45:10+00:00\",\"breadcrumb\":{\"@id\":\"https:\/\/www.manaus.am.gov.br\/semad\/espi\/institucional\/#breadcrumb\"},\"inLanguage\":\"pt-BR\",\"potentialAction\":[{\"@type\":\"ReadAction\",\"target\":[\"https:\/\/www.manaus.am.gov.br\/semad\/espi\/institucional\/\"]}]},{\"@type\":\"ImageObject\",\"inLanguage\":\"pt-BR\",\"@id\":\"https:\/\/www.manaus.am.gov.br\/semad\/espi\/institucional\/#primaryimage\",\"url\":\"https:\/\/www.manaus.am.gov.br\/semad\/wp-content\/uploads\/sites\/21\/2025\/08\/Sede-Semad-720x407-1.jpeg\",\"contentUrl\":\"https:\/\/www.manaus.am.gov.br\/semad\/wp-content\/uploads\/sites\/21\/2025\/08\/Sede-Semad-720x407-1.jpeg\",\"width\":720,\"height\":407},{\"@type\":\"BreadcrumbList\",\"@id\":\"https:\/\/www.manaus.am.gov.br\/semad\/espi\/institucional\/#breadcrumb\",\"itemListElement\":[{\"@type\":\"ListItem\",\"position\":1,\"name\":\"Home\",\"item\":\"https:\/\/www.manaus.am.gov.br\/semad\/\"},{\"@type\":\"ListItem\",\"position\":2,\"name\":\"ESPI\",\"item\":\"https:\/\/www.manaus.am.gov.br\/semad\/espi\/\"},{\"@type\":\"ListItem\",\"position\":3,\"name\":\"Institucional\"}]},{\"@type\":\"WebSite\",\"@id\":\"https:\/\/www.manaus.am.gov.br\/semad\/#website\",\"url\":\"https:\/\/www.manaus.am.gov.br\/semad\/\",\"name\":\"SEMAD\",\"description\":\"Prefeitura de Manaus\",\"publisher\":{\"@id\":\"https:\/\/www.manaus.am.gov.br\/semad\/#organization\"},\"alternateName\":\"Secretaria Municipal de Administra\u00e7\u00e3o, Planejamento e Gest\u00e3o\",\"potentialAction\":[{\"@type\":\"SearchAction\",\"target\":{\"@type\":\"EntryPoint\",\"urlTemplate\":\"https:\/\/www.manaus.am.gov.br\/semad\/?s={search_term_string}\"},\"query-input\":\"required name=search_term_string\"}],\"inLanguage\":\"pt-BR\"},{\"@type\":\"Organization\",\"@id\":\"https:\/\/www.manaus.am.gov.br\/semad\/#organization\",\"name\":\"Prefeitura Municipal de Manaus\",\"alternateName\":\"Prefeitura de Manaus\",\"url\":\"https:\/\/www.manaus.am.gov.br\/semad\/\",\"logo\":{\"@type\":\"ImageObject\",\"inLanguage\":\"pt-BR\",\"@id\":\"https:\/\/www.manaus.am.gov.br\/semad\/#\/schema\/logo\/image\/\",\"url\":\"https:\/\/www.manaus.am.gov.br\/semad\/wp-content\/uploads\/sites\/21\/2024\/07\/favicon.png\",\"contentUrl\":\"https:\/\/www.manaus.am.gov.br\/semad\/wp-content\/uploads\/sites\/21\/2024\/07\/favicon.png\",\"width\":300,\"height\":300,\"caption\":\"Prefeitura Municipal de Manaus\"},\"image\":{\"@id\":\"https:\/\/www.manaus.am.gov.br\/semad\/#\/schema\/logo\/image\/\"}}]}<\/script>\n<!-- \/ Yoast SEO plugin. -->","yoast_head_json":{"title":"Institucional - SEMAD","robots":{"index":"noindex","follow":"follow"},"og_locale":"pt_BR","og_type":"article","og_title":"Institucional - SEMAD","og_url":"https:\/\/www.manaus.am.gov.br\/semad\/espi\/institucional\/","og_site_name":"SEMAD","article_modified_time":"2025-08-19T15:45:10+00:00","og_image":[{"url":"https:\/\/www.manaus.am.gov.br\/semad\/wp-content\/uploads\/sites\/21\/2025\/08\/Sede-Semad-720x407-1.jpeg"}],"twitter_card":"summary_large_image","twitter_misc":{"Est. reading time":"2 minutos"},"schema":{"@context":"https:\/\/schema.org","@graph":[{"@type":"WebPage","@id":"https:\/\/www.manaus.am.gov.br\/semad\/espi\/institucional\/","url":"https:\/\/www.manaus.am.gov.br\/semad\/espi\/institucional\/","name":"Institucional - SEMAD","isPartOf":{"@id":"https:\/\/www.manaus.am.gov.br\/semad\/#website"},"primaryImageOfPage":{"@id":"https:\/\/www.manaus.am.gov.br\/semad\/espi\/institucional\/#primaryimage"},"image":{"@id":"https:\/\/www.manaus.am.gov.br\/semad\/espi\/institucional\/#primaryimage"},"thumbnailUrl":"https:\/\/www.manaus.am.gov.br\/semad\/wp-content\/uploads\/sites\/21\/2025\/08\/Sede-Semad-720x407-1.jpeg","datePublished":"2023-05-15T21:04:50+00:00","dateModified":"2025-08-19T15:45:10+00:00","breadcrumb":{"@id":"https:\/\/www.manaus.am.gov.br\/semad\/espi\/institucional\/#breadcrumb"},"inLanguage":"pt-BR","potentialAction":[{"@type":"ReadAction","target":["https:\/\/www.manaus.am.gov.br\/semad\/espi\/institucional\/"]}]},{"@type":"ImageObject","inLanguage":"pt-BR","@id":"https:\/\/www.manaus.am.gov.br\/semad\/espi\/institucional\/#primaryimage","url":"https:\/\/www.manaus.am.gov.br\/semad\/wp-content\/uploads\/sites\/21\/2025\/08\/Sede-Semad-720x407-1.jpeg","contentUrl":"https:\/\/www.manaus.am.gov.br\/semad\/wp-content\/uploads\/sites\/21\/2025\/08\/Sede-Semad-720x407-1.jpeg","width":720,"height":407},{"@type":"BreadcrumbList","@id":"https:\/\/www.manaus.am.gov.br\/semad\/espi\/institucional\/#breadcrumb","itemListElement":[{"@type":"ListItem","position":1,"name":"Home","item":"https:\/\/www.manaus.am.gov.br\/semad\/"},{"@type":"ListItem","position":2,"name":"ESPI","item":"https:\/\/www.manaus.am.gov.br\/semad\/espi\/"},{"@type":"ListItem","position":3,"name":"Institucional"}]},{"@type":"WebSite","@id":"https:\/\/www.manaus.am.gov.br\/semad\/#website","url":"https:\/\/www.manaus.am.gov.br\/semad\/","name":"SEMAD","description":"Prefeitura de Manaus","publisher":{"@id":"https:\/\/www.manaus.am.gov.br\/semad\/#organization"},"alternateName":"Secretaria Municipal de Administra\u00e7\u00e3o, Planejamento e Gest\u00e3o","potentialAction":[{"@type":"SearchAction","target":{"@type":"EntryPoint","urlTemplate":"https:\/\/www.manaus.am.gov.br\/semad\/?s={search_term_string}"},"query-input":"required name=search_term_string"}],"inLanguage":"pt-BR"},{"@type":"Organization","@id":"https:\/\/www.manaus.am.gov.br\/semad\/#organization","name":"Prefeitura Municipal de Manaus","alternateName":"Prefeitura de Manaus","url":"https:\/\/www.manaus.am.gov.br\/semad\/","logo":{"@type":"ImageObject","inLanguage":"pt-BR","@id":"https:\/\/www.manaus.am.gov.br\/semad\/#\/schema\/logo\/image\/","url":"https:\/\/www.manaus.am.gov.br\/semad\/wp-content\/uploads\/sites\/21\/2024\/07\/favicon.png","contentUrl":"https:\/\/www.manaus.am.gov.br\/semad\/wp-content\/uploads\/sites\/21\/2024\/07\/favicon.png","width":300,"height":300,"caption":"Prefeitura Municipal de Manaus"},"image":{"@id":"https:\/\/www.manaus.am.gov.br\/semad\/#\/schema\/logo\/image\/"}}]}},"_links":{"self":[{"href":"https:\/\/www.manaus.am.gov.br\/semad\/wp-json\/wp\/v2\/pages\/281"}],"collection":[{"href":"https:\/\/www.manaus.am.gov.br\/semad\/wp-json\/wp\/v2\/pages"}],"about":[{"href":"https:\/\/www.manaus.am.gov.br\/semad\/wp-json\/wp\/v2\/types\/page"}],"author":[{"embeddable":true,"href":"https:\/\/www.manaus.am.gov.br\/semad\/wp-json\/wp\/v2\/users\/27"}],"replies":[{"embeddable":true,"href":"https:\/\/www.manaus.am.gov.br\/semad\/wp-json\/wp\/v2\/comments?post=281"}],"version-history":[{"count":3,"href":"https:\/\/www.manaus.am.gov.br\/semad\/wp-json\/wp\/v2\/pages\/281\/revisions"}],"predecessor-version":[{"id":2031,"href":"https:\/\/www.manaus.am.gov.br\/semad\/wp-json\/wp\/v2\/pages\/281\/revisions\/2031"}],"up":[{"embeddable":true,"href":"https:\/\/www.manaus.am.gov.br\/semad\/wp-json\/wp\/v2\/pages\/186"}],"wp:attachment":[{"href":"https:\/\/www.manaus.am.gov.br\/semad\/wp-json\/wp\/v2\/media?parent=281"}],"curies":[{"name":"wp","href":"https:\/\/api.w.org\/{rel}","templated":true}]}}

<div class="wp-block-image">
<figure class="aligncenter size-full"><img loading="lazy" decoding="async" width="720" height="407" src="https://www.manaus.am.gov.br/semad/wp-content/uploads/sites/21/2025/08/Sede-Semad-720x407-1.jpeg" alt="" class="wp-image-2029" srcset="https://www.manaus.am.gov.br/semad/wp-content/uploads/sites/21/2025/08/Sede-Semad-720x407-1.jpeg 720w, https://www.manaus.am.gov.br/semad/wp-content/uploads/sites/21/2025/08/Sede-Semad-720x407-1-300x170.jpeg 300w" sizes="(max-width: 720px) 100vw, 720px" /></figure></div>


<p>Criada em 1990 e implementada em 1996, a Escola de Serviço Público Municipal e Inclusão Socioeducacional (Espi) assumiu os moldes atuais com a Lei Delegada nº 11 de 31 de julho de 2013, quando fundiram-se a Fundação Escola de Serviço Público Municipal (Fespm) e a Fundação Escola de Inclusão Socioeducacional (FMDS).</p>



<p>Assim, o novo o órgão, com status de subsecretaria, passou a ser vinculado à Secretaria Municipal de Administração, Planejamento e Gestão (Semad), com a missão de capacitar os servidores públicos, agentes públicos e políticos do Município, além de gerir os programas de inclusão socioeducacional da Prefeitura de Manaus: Programa Bolsa Universidade (PBU), Bolsa Idiomas (PBI) e Bolsa Pós-Graduação (PBPG).</p>



<p>Já em 2014, a Espi/Semad aderiu à modalidade de Ensino à Distância (EaD), ampliando as suas ofertas de qualificação para cursos destinados aos seus servidores e bolsistas. Os cursos são realizados pela internet, em sua plataforma digital, e permitem que os interessados possam qualificar-se sem precisar se deslocar até a sede. </p>



<p>Primando pelo planejamento estratégico, organização e transparência no serviço público, os cursos oferecidos pela Escola estão descritos no calendário anual de atividades, que é montado por meio do Levantamento de Necessidades de Capacitação (LNC), em que a Espi/Semad envias às demais secretarias municipais ofício solicitando a demanda de capacitação das pastas. A programação é criada a partir das respostas das secretarias.</p>

<!-- This site is optimized with the Yoast SEO plugin v23.0 - https://yoast.com/wordpress/plugins/seo/ -->
<title>Institucional - SEMAD</title>
<meta name="robots" content="noindex, follow" />
<meta property="og:locale" content="pt_BR" />
<meta property="og:type" content="article" />
<meta property="og:title" content="Institucional - SEMAD" />
<meta property="og:url" content="https://www.manaus.am.gov.br/semad/espi/institucional/" />
<meta property="og:site_name" content="SEMAD" />
<meta property="article:modified_time" content="2025-08-19T15:45:10+00:00" />
<meta property="og:image" content="https://www.manaus.am.gov.br/semad/wp-content/uploads/sites/21/2025/08/Sede-Semad-720x407-1.jpeg" />
<meta name="twitter:card" content="summary_large_image" />
<meta name="twitter:label1" content="Est. reading time" />
	<meta name="twitter:data1" content="2 minutos" />
<script type="application/ld+json" class="yoast-schema-graph">{"@context":"https://schema.org","@graph":[{"@type":"WebPage","@id":"https://www.manaus.am.gov.br/semad/espi/institucional/","url":"https://www.manaus.am.gov.br/semad/espi/institucional/","name":"Institucional - SEMAD","isPartOf":{"@id":"https://www.manaus.am.gov.br/semad/#website"},"primaryImageOfPage":{"@id":"https://www.manaus.am.gov.br/semad/espi/institucional/#primaryimage"},"image":{"@id":"https://www.manaus.am.gov.br/semad/espi/institucional/#primaryimage"},"thumbnailUrl":"https://www.manaus.am.gov.br/semad/wp-content/uploads/sites/21/2025/08/Sede-Semad-720x407-1.jpeg","datePublished":"2023-05-15T21:04:50+00:00","dateModified":"2025-08-19T15:45:10+00:00","breadcrumb":{"@id":"https://www.manaus.am.gov.br/semad/espi/institucional/#breadcrumb"},"inLanguage":"pt-BR","potentialAction":[{"@type":"ReadAction","target":["https://www.manaus.am.gov.br/semad/espi/institucional/"]}]},{"@type":"ImageObject","inLanguage":"pt-BR","@id":"https://www.manaus.am.gov.br/semad/espi/institucional/#primaryimage","url":"https://www.manaus.am.gov.br/semad/wp-content/uploads/sites/21/2025/08/Sede-Semad-720x407-1.jpeg","contentUrl":"https://www.manaus.am.gov.br/semad/wp-content/uploads/sites/21/2025/08/Sede-Semad-720x407-1.jpeg","width":720,"height":407},{"@type":"BreadcrumbList","@id":"https://www.manaus.am.gov.br/semad/espi/institucional/#breadcrumb","itemListElement":[{"@type":"ListItem","position":1,"name":"Home","item":"https://www.manaus.am.gov.br/semad/"},{"@type":"ListItem","position":2,"name":"ESPI","item":"https://www.manaus.am.gov.br/semad/espi/"},{"@type":"ListItem","position":3,"name":"Institucional"}]},{"@type":"WebSite","@id":"https://www.manaus.am.gov.br/semad/#website","url":"https://www.manaus.am.gov.br/semad/","name":"SEMAD","description":"Prefeitura de Manaus","publisher":{"@id":"https://www.manaus.am.gov.br/semad/#organization"},"alternateName":"Secretaria Municipal de Administração, Planejamento e Gestão","potentialAction":[{"@type":"SearchAction","target":{"@type":"EntryPoint","urlTemplate":"https://www.manaus.am.gov.br/semad/?s={search_term_string}"},"query-input":"required name=search_term_string"}],"inLanguage":"pt-BR"},{"@type":"Organization","@id":"https://www.manaus.am.gov.br/semad/#organization","name":"Prefeitura Municipal de Manaus","alternateName":"Prefeitura de Manaus","url":"https://www.manaus.am.gov.br/semad/","logo":{"@type":"ImageObject","inLanguage":"pt-BR","@id":"https://www.manaus.am.gov.br/semad/#/schema/logo/image/","url":"https://www.manaus.am.gov.br/semad/wp-content/uploads/sites/21/2024/07/favicon.png","contentUrl":"https://www.manaus.am.gov.br/semad/wp-content/uploads/sites/21/2024/07/favicon.png","width":300,"height":300,"caption":"Prefeitura Municipal de Manaus"},"image":{"@id":"https://www.manaus.am.gov.br/semad/#/schema/logo/image/"}}]}</script>
<!-- / Yoast SEO plugin. -->

Secretaria Municipal de Administração, Planejamento e Gestão
