{"id":2274,"date":"2025-11-24T14:47:48","date_gmt":"2025-11-24T18:47:48","guid":{"rendered":"https:\/\/www.manaus.am.gov.br\/semad\/?page_id=2274"},"modified":"2025-11-25T14:51:36","modified_gmt":"2025-11-25T18:51:36","slug":"editais","status":"publish","type":"page","link":"https:\/\/www.manaus.am.gov.br\/semad\/espi\/processos-seletivos\/editais\/","title":{"rendered":"Editais"},"content":{"rendered":"\n<h2 class=\"wp-block-heading\"><strong>BOLSA IDIOMAS<\/strong><\/h2>\n\n\n\n<p><a href=\"https:\/\/www.manaus.am.gov.br\/semad\/wp-content\/uploads\/sites\/21\/2025\/11\/DOM-5790-21.03.2024-ED-EXTRA.pdf\">2024\/1<\/a><\/p>\n\n\n\n<p><a href=\"https:\/\/www.manaus.am.gov.br\/semad\/wp-content\/uploads\/sites\/21\/2025\/11\/Edital-PBI-2023-1.pdf\">2023\/1<\/a><\/p>\n\n\n\n<p><a href=\"https:\/\/www.manaus.am.gov.br\/semad\/wp-content\/uploads\/sites\/21\/2025\/11\/Edital-PBI-2022_2.pdf\">2022\/2<\/a><\/p>\n\n\n\n<p><a href=\"https:\/\/www.manaus.am.gov.br\/semad\/wp-content\/uploads\/sites\/21\/2025\/11\/Edital-PBI-2022_1.pdf\">2022\/1<\/a><\/p>\n\n\n\n<p><a href=\"https:\/\/www.manaus.am.gov.br\/semad\/wp-content\/uploads\/sites\/21\/2025\/11\/Edital-PBI-2021_1.pdf\">2021\/1<\/a><\/p>\n\n\n\n<p><a href=\"https:\/\/www.manaus.am.gov.br\/semad\/wp-content\/uploads\/sites\/21\/2025\/11\/Edital-PBI-2019_1.pdf\">2019<\/a><\/p>\n\n\n\n<p><a href=\"https:\/\/www.manaus.am.gov.br\/semad\/wp-content\/uploads\/sites\/21\/2025\/11\/Edital-PBI-2018_2.pdf\">2018\/2<\/a><\/p>\n\n\n\n<p><a href=\"https:\/\/www.manaus.am.gov.br\/semad\/wp-content\/uploads\/sites\/21\/2025\/11\/Edital-PBI-2018_1.pdf\">2018\/1<\/a><\/p>\n\n\n\n<p><a href=\"https:\/\/www.manaus.am.gov.br\/semad\/wp-content\/uploads\/sites\/21\/2025\/11\/Edital_PBI-2017_2.pdf\">2017\/2<\/a><\/p>\n\n\n\n<p><a href=\"https:\/\/www.manaus.am.gov.br\/semad\/wp-content\/uploads\/sites\/21\/2025\/11\/Edital-PBI-2017_1.pdf\">2017\/1<\/a><\/p>\n\n\n\n<p><a href=\"https:\/\/www.manaus.am.gov.br\/semad\/wp-content\/uploads\/sites\/21\/2025\/11\/Edital-PBI-2016_1.pdf\">2016\/1<\/a><\/p>\n\n\n\n<p><a href=\"https:\/\/www.manaus.am.gov.br\/semad\/wp-content\/uploads\/sites\/21\/2025\/11\/Edital-PBI-2015_1.pdf\">2015\/1<\/a><\/p>\n\n\n\n<p><a href=\"https:\/\/www.manaus.am.gov.br\/semad\/wp-content\/uploads\/sites\/21\/2025\/11\/Edital-PBI-2014_2.pdf\">2014\/2<\/a><\/p>\n\n\n\n<p><a href=\"https:\/\/www.manaus.am.gov.br\/semad\/wp-content\/uploads\/sites\/21\/2025\/11\/Edital-PBI-2014_1.pdf\">2014\/1<\/a><\/p>\n\n\n\n<p><a href=\"https:\/\/www.manaus.am.gov.br\/semad\/wp-content\/uploads\/sites\/21\/2025\/11\/Edital-PBI-2013_2.pdf\">2013\/2<\/a><\/p>\n\n\n\n<p><a href=\"https:\/\/www.manaus.am.gov.br\/semad\/wp-content\/uploads\/sites\/21\/2025\/11\/Edital_PBI_2013_1.pdf\">2013\/1<\/a><\/p>\n\n\n\n<h2 class=\"wp-block-heading\"><strong>BOLSA P\u00d3S GRADUA\u00c7\u00c3O<\/strong><\/h2>\n\n\n\n<p><a href=\"https:\/\/www.manaus.am.gov.br\/semad\/wp-content\/uploads\/sites\/21\/2025\/11\/Edital-PBPG-2024-1.pdf\">2024<\/a><\/p>\n\n\n\n<p><a href=\"https:\/\/portalespi.manaus.am.gov.br\/editais\/\">2022<\/a><\/p>\n\n\n\n<p><a href=\"https:\/\/portalespi.manaus.am.gov.br\/editais\/\">2021<\/a><\/p>\n\n\n\n<p><a href=\"https:\/\/portalespi.manaus.am.gov.br\/editais\/\">2020<\/a><\/p>\n\n\n\n<p><a href=\"https:\/\/portalespi.manaus.am.gov.br\/editais\/\">2019\/2<\/a><\/p>\n\n\n\n<p><a href=\"https:\/\/portalespi.manaus.am.gov.br\/editais\/\">2019\/1<\/a><\/p>\n\n\n\n<p><a href=\"https:\/\/portalespi.manaus.am.gov.br\/editais\/\">2018\/1<\/a><\/p>\n\n\n\n<p><a href=\"https:\/\/www.manaus.am.gov.br\/semad\/wp-content\/uploads\/sites\/21\/2025\/11\/Edital_PBI-2017_2.pdf\">2017\/2<\/a><\/p>\n\n\n\n<p><a href=\"https:\/\/portalespi.manaus.am.gov.br\/editais\/\">2017\/1<\/a><\/p>\n\n\n\n<p><a href=\"https:\/\/portalespi.manaus.am.gov.br\/editais\/\">2016\/1<\/a><\/p>\n\n\n\n<p><a href=\"https:\/\/portalespi.manaus.am.gov.br\/editais\/\">2015\/1<\/a><\/p>\n\n\n\n<h2 class=\"wp-block-heading\"><strong>BOLSA UNIVERSIDADE<\/strong><\/h2>\n\n\n\n<p><a href=\"https:\/\/portalespi.manaus.am.gov.br\/editais\/\">2024<\/a><\/p>\n\n\n\n<p><a href=\"https:\/\/portalespi.manaus.am.gov.br\/editais\/\">2023<\/a><\/p>\n\n\n\n<p><a href=\"https:\/\/portalespi.manaus.am.gov.br\/editais\/\">2022<\/a><\/p>\n\n\n\n<p><a href=\"https:\/\/portalespi.manaus.am.gov.br\/editais\/\">2021\/2<\/a><\/p>\n\n\n\n<p><a href=\"https:\/\/portalespi.manaus.am.gov.br\/editais\/\">2021\/1<\/a><\/p>\n\n\n\n<p><a href=\"https:\/\/portalespi.manaus.am.gov.br\/editais\/\">2020<\/a><\/p>\n\n\n\n<p><a href=\"https:\/\/portalespi.manaus.am.gov.br\/editais\/\">2019<\/a><\/p>\n\n\n\n<p><a href=\"https:\/\/portalespi.manaus.am.gov.br\/editais\/\">2018<\/a><\/p>\n\n\n\n<p><a href=\"https:\/\/portalespi.manaus.am.gov.br\/editais\/\">2017<\/a><\/p>\n\n\n\n<p><a href=\"https:\/\/portalespi.manaus.am.gov.br\/editais\/\">2016<\/a><\/p>\n\n\n\n<p><a href=\"https:\/\/portalespi.manaus.am.gov.br\/editais\/\">2015<\/a><\/p>\n\n\n\n<p><a href=\"https:\/\/portalespi.manaus.am.gov.br\/editais\/\">2014\/1<\/a><\/p>\n\n\n\n<p><a href=\"https:\/\/portalespi.manaus.am.gov.br\/editais\/\">2013\/1<\/a><\/p>\n\n\n\n<p><a href=\"https:\/\/portalespi.manaus.am.gov.br\/editais\/\">2012\/1<\/a><\/p>\n\n\n\n<p><a href=\"https:\/\/portalespi.manaus.am.gov.br\/editais\/\">2011<\/a><\/p>\n\n\n\n<p><a href=\"https:\/\/portalespi.manaus.am.gov.br\/editais\/\">2010<\/a><\/p>\n\n\n\n<p><a href=\"https:\/\/portalespi.manaus.am.gov.br\/editais\/\">2009\/2<\/a><\/p>\n","protected":false},"excerpt":{"rendered":"","protected":false},"author":8,"featured_media":0,"parent":2262,"menu_order":0,"comment_status":"closed","ping_status":"closed","template":"","meta":{"footnotes":""},"acf":[],"yoast_head":"<!-- This site is optimized with the Yoast SEO plugin v23.0 - https:\/\/yoast.com\/wordpress\/plugins\/seo\/ -->\n<title>Editais - SEMAD<\/title>\n<meta name=\"robots\" content=\"noindex, follow\" \/>\n<meta property=\"og:locale\" content=\"pt_BR\" \/>\n<meta property=\"og:type\" content=\"article\" \/>\n<meta property=\"og:title\" content=\"Editais - SEMAD\" \/>\n<meta property=\"og:url\" content=\"https:\/\/www.manaus.am.gov.br\/semad\/espi\/processos-seletivos\/editais\/\" \/>\n<meta property=\"og:site_name\" content=\"SEMAD\" \/>\n<meta property=\"article:modified_time\" content=\"2025-11-25T18:51:36+00:00\" \/>\n<meta property=\"og:image\" content=\"https:\/\/www.manaus.am.gov.br\/semad\/wp-content\/uploads\/sites\/21\/2024\/07\/thumb-default-2.png\" \/>\n\t<meta property=\"og:image:width\" content=\"966\" \/>\n\t<meta property=\"og:image:height\" content=\"520\" \/>\n\t<meta property=\"og:image:type\" content=\"image\/png\" \/>\n<meta name=\"twitter:card\" content=\"summary_large_image\" \/>\n<meta name=\"twitter:label1\" content=\"Est. reading time\" \/>\n\t<meta name=\"twitter:data1\" content=\"1 minuto\" \/>\n<script type=\"application\/ld+json\" class=\"yoast-schema-graph\">{\"@context\":\"https:\/\/schema.org\",\"@graph\":[{\"@type\":\"WebPage\",\"@id\":\"https:\/\/www.manaus.am.gov.br\/semad\/espi\/processos-seletivos\/editais\/\",\"url\":\"https:\/\/www.manaus.am.gov.br\/semad\/espi\/processos-seletivos\/editais\/\",\"name\":\"Editais - SEMAD\",\"isPartOf\":{\"@id\":\"https:\/\/www.manaus.am.gov.br\/semad\/#website\"},\"datePublished\":\"2025-11-24T18:47:48+00:00\",\"dateModified\":\"2025-11-25T18:51:36+00:00\",\"breadcrumb\":{\"@id\":\"https:\/\/www.manaus.am.gov.br\/semad\/espi\/processos-seletivos\/editais\/#breadcrumb\"},\"inLanguage\":\"pt-BR\",\"potentialAction\":[{\"@type\":\"ReadAction\",\"target\":[\"https:\/\/www.manaus.am.gov.br\/semad\/espi\/processos-seletivos\/editais\/\"]}]},{\"@type\":\"BreadcrumbList\",\"@id\":\"https:\/\/www.manaus.am.gov.br\/semad\/espi\/processos-seletivos\/editais\/#breadcrumb\",\"itemListElement\":[{\"@type\":\"ListItem\",\"position\":1,\"name\":\"Home\",\"item\":\"https:\/\/www.manaus.am.gov.br\/semad\/\"},{\"@type\":\"ListItem\",\"position\":2,\"name\":\"ESPI\",\"item\":\"https:\/\/www.manaus.am.gov.br\/semad\/espi\/\"},{\"@type\":\"ListItem\",\"position\":3,\"name\":\"Processos Seletivos\",\"item\":\"https:\/\/www.manaus.am.gov.br\/semad\/espi\/processos-seletivos\/\"},{\"@type\":\"ListItem\",\"position\":4,\"name\":\"Editais\"}]},{\"@type\":\"WebSite\",\"@id\":\"https:\/\/www.manaus.am.gov.br\/semad\/#website\",\"url\":\"https:\/\/www.manaus.am.gov.br\/semad\/\",\"name\":\"SEMAD\",\"description\":\"Prefeitura de Manaus\",\"publisher\":{\"@id\":\"https:\/\/www.manaus.am.gov.br\/semad\/#organization\"},\"alternateName\":\"Secretaria Municipal de Administra\u00e7\u00e3o, Planejamento e Gest\u00e3o\",\"potentialAction\":[{\"@type\":\"SearchAction\",\"target\":{\"@type\":\"EntryPoint\",\"urlTemplate\":\"https:\/\/www.manaus.am.gov.br\/semad\/?s={search_term_string}\"},\"query-input\":\"required name=search_term_string\"}],\"inLanguage\":\"pt-BR\"},{\"@type\":\"Organization\",\"@id\":\"https:\/\/www.manaus.am.gov.br\/semad\/#organization\",\"name\":\"Prefeitura Municipal de Manaus\",\"alternateName\":\"Prefeitura de Manaus\",\"url\":\"https:\/\/www.manaus.am.gov.br\/semad\/\",\"logo\":{\"@type\":\"ImageObject\",\"inLanguage\":\"pt-BR\",\"@id\":\"https:\/\/www.manaus.am.gov.br\/semad\/#\/schema\/logo\/image\/\",\"url\":\"https:\/\/www.manaus.am.gov.br\/semad\/wp-content\/uploads\/sites\/21\/2024\/07\/favicon.png\",\"contentUrl\":\"https:\/\/www.manaus.am.gov.br\/semad\/wp-content\/uploads\/sites\/21\/2024\/07\/favicon.png\",\"width\":300,\"height\":300,\"caption\":\"Prefeitura Municipal de Manaus\"},\"image\":{\"@id\":\"https:\/\/www.manaus.am.gov.br\/semad\/#\/schema\/logo\/image\/\"}}]}<\/script>\n<!-- \/ Yoast SEO plugin. -->","yoast_head_json":{"title":"Editais - SEMAD","robots":{"index":"noindex","follow":"follow"},"og_locale":"pt_BR","og_type":"article","og_title":"Editais - SEMAD","og_url":"https:\/\/www.manaus.am.gov.br\/semad\/espi\/processos-seletivos\/editais\/","og_site_name":"SEMAD","article_modified_time":"2025-11-25T18:51:36+00:00","og_image":[{"width":966,"height":520,"url":"https:\/\/www.manaus.am.gov.br\/semad\/wp-content\/uploads\/sites\/21\/2024\/07\/thumb-default-2.png","type":"image\/png"}],"twitter_card":"summary_large_image","twitter_misc":{"Est. reading time":"1 minuto"},"schema":{"@context":"https:\/\/schema.org","@graph":[{"@type":"WebPage","@id":"https:\/\/www.manaus.am.gov.br\/semad\/espi\/processos-seletivos\/editais\/","url":"https:\/\/www.manaus.am.gov.br\/semad\/espi\/processos-seletivos\/editais\/","name":"Editais - SEMAD","isPartOf":{"@id":"https:\/\/www.manaus.am.gov.br\/semad\/#website"},"datePublished":"2025-11-24T18:47:48+00:00","dateModified":"2025-11-25T18:51:36+00:00","breadcrumb":{"@id":"https:\/\/www.manaus.am.gov.br\/semad\/espi\/processos-seletivos\/editais\/#breadcrumb"},"inLanguage":"pt-BR","potentialAction":[{"@type":"ReadAction","target":["https:\/\/www.manaus.am.gov.br\/semad\/espi\/processos-seletivos\/editais\/"]}]},{"@type":"BreadcrumbList","@id":"https:\/\/www.manaus.am.gov.br\/semad\/espi\/processos-seletivos\/editais\/#breadcrumb","itemListElement":[{"@type":"ListItem","position":1,"name":"Home","item":"https:\/\/www.manaus.am.gov.br\/semad\/"},{"@type":"ListItem","position":2,"name":"ESPI","item":"https:\/\/www.manaus.am.gov.br\/semad\/espi\/"},{"@type":"ListItem","position":3,"name":"Processos Seletivos","item":"https:\/\/www.manaus.am.gov.br\/semad\/espi\/processos-seletivos\/"},{"@type":"ListItem","position":4,"name":"Editais"}]},{"@type":"WebSite","@id":"https:\/\/www.manaus.am.gov.br\/semad\/#website","url":"https:\/\/www.manaus.am.gov.br\/semad\/","name":"SEMAD","description":"Prefeitura de Manaus","publisher":{"@id":"https:\/\/www.manaus.am.gov.br\/semad\/#organization"},"alternateName":"Secretaria Municipal de Administra\u00e7\u00e3o, Planejamento e Gest\u00e3o","potentialAction":[{"@type":"SearchAction","target":{"@type":"EntryPoint","urlTemplate":"https:\/\/www.manaus.am.gov.br\/semad\/?s={search_term_string}"},"query-input":"required name=search_term_string"}],"inLanguage":"pt-BR"},{"@type":"Organization","@id":"https:\/\/www.manaus.am.gov.br\/semad\/#organization","name":"Prefeitura Municipal de Manaus","alternateName":"Prefeitura de Manaus","url":"https:\/\/www.manaus.am.gov.br\/semad\/","logo":{"@type":"ImageObject","inLanguage":"pt-BR","@id":"https:\/\/www.manaus.am.gov.br\/semad\/#\/schema\/logo\/image\/","url":"https:\/\/www.manaus.am.gov.br\/semad\/wp-content\/uploads\/sites\/21\/2024\/07\/favicon.png","contentUrl":"https:\/\/www.manaus.am.gov.br\/semad\/wp-content\/uploads\/sites\/21\/2024\/07\/favicon.png","width":300,"height":300,"caption":"Prefeitura Municipal de Manaus"},"image":{"@id":"https:\/\/www.manaus.am.gov.br\/semad\/#\/schema\/logo\/image\/"}}]}},"_links":{"self":[{"href":"https:\/\/www.manaus.am.gov.br\/semad\/wp-json\/wp\/v2\/pages\/2274"}],"collection":[{"href":"https:\/\/www.manaus.am.gov.br\/semad\/wp-json\/wp\/v2\/pages"}],"about":[{"href":"https:\/\/www.manaus.am.gov.br\/semad\/wp-json\/wp\/v2\/types\/page"}],"author":[{"embeddable":true,"href":"https:\/\/www.manaus.am.gov.br\/semad\/wp-json\/wp\/v2\/users\/8"}],"replies":[{"embeddable":true,"href":"https:\/\/www.manaus.am.gov.br\/semad\/wp-json\/wp\/v2\/comments?post=2274"}],"version-history":[{"count":3,"href":"https:\/\/www.manaus.am.gov.br\/semad\/wp-json\/wp\/v2\/pages\/2274\/revisions"}],"predecessor-version":[{"id":2529,"href":"https:\/\/www.manaus.am.gov.br\/semad\/wp-json\/wp\/v2\/pages\/2274\/revisions\/2529"}],"up":[{"embeddable":true,"href":"https:\/\/www.manaus.am.gov.br\/semad\/wp-json\/wp\/v2\/pages\/2262"}],"wp:attachment":[{"href":"https:\/\/www.manaus.am.gov.br\/semad\/wp-json\/wp\/v2\/media?parent=2274"}],"curies":[{"name":"wp","href":"https:\/\/api.w.org\/{rel}","templated":true}]}}