{"id":2034,"date":"2025-08-19T11:48:23","date_gmt":"2025-08-19T15:48:23","guid":{"rendered":"https:\/\/www.manaus.am.gov.br\/semad\/?page_id=2034"},"modified":"2025-08-19T12:08:51","modified_gmt":"2025-08-19T16:08:51","slug":"politica-de-capacitacao","status":"publish","type":"page","link":"https:\/\/www.manaus.am.gov.br\/semad\/espi\/politica-de-capacitacao\/","title":{"rendered":"Pol\u00edtica de Capacita\u00e7\u00e3o"},"content":{"rendered":"<div class=\"wp-block-image\">\n<figure class=\"aligncenter size-full\"><img loading=\"lazy\" decoding=\"async\" width=\"1024\" height=\"206\" src=\"https:\/\/www.manaus.am.gov.br\/semad\/wp-content\/uploads\/sites\/21\/2025\/08\/POLITICA-DE-CAPACITACAO-DA-ESCOLA-DE-SERVICO-PUBLICO-MUNICIPAL-E-INCLUSAO-SOCIOEDUCACIONAL-_-ESPI-SEMAD-1024x206-1.png\" alt=\"\" class=\"wp-image-2035\" srcset=\"https:\/\/www.manaus.am.gov.br\/semad\/wp-content\/uploads\/sites\/21\/2025\/08\/POLITICA-DE-CAPACITACAO-DA-ESCOLA-DE-SERVICO-PUBLICO-MUNICIPAL-E-INCLUSAO-SOCIOEDUCACIONAL-_-ESPI-SEMAD-1024x206-1.png 1024w, https:\/\/www.manaus.am.gov.br\/semad\/wp-content\/uploads\/sites\/21\/2025\/08\/POLITICA-DE-CAPACITACAO-DA-ESCOLA-DE-SERVICO-PUBLICO-MUNICIPAL-E-INCLUSAO-SOCIOEDUCACIONAL-_-ESPI-SEMAD-1024x206-1-300x60.png 300w, https:\/\/www.manaus.am.gov.br\/semad\/wp-content\/uploads\/sites\/21\/2025\/08\/POLITICA-DE-CAPACITACAO-DA-ESCOLA-DE-SERVICO-PUBLICO-MUNICIPAL-E-INCLUSAO-SOCIOEDUCACIONAL-_-ESPI-SEMAD-1024x206-1-768x155.png 768w\" sizes=\"(max-width: 1024px) 100vw, 1024px\" \/><\/figure><\/div>\n\n\n<p>A Prefeitura de Manaus, atrav\u00e9s da Escola de Servi\u00e7o P\u00fablico Municipal e Inclus\u00e3o Socioeducacional (ESPI), vinculada \u00e0 Secretaria Municipal de Administra\u00e7\u00e3o, Planejamento e Gest\u00e3o (SEMAD), vem\u00a0 cumprindo a miss\u00e3o prec\u00edpua de capacitar os servidores municipais e, n\u00e3o apenas isso, agrega tamb\u00e9m atividades que envolvem a qualifica\u00e7\u00e3o de agentes p\u00fablicos e pol\u00edticos do munic\u00edpio. Assumindo assim, um importante papel na gest\u00e3o p\u00fablica municipal, no que se refere \u00e0 promo\u00e7\u00e3o da valoriza\u00e7\u00e3o, forma\u00e7\u00e3o e qualifica\u00e7\u00e3o dos recursos humanos da Prefeitura de Manaus.<\/p>\n\n\n\n<p>Para atender \u00e0s necessidades de qualifica\u00e7\u00e3o dos servi\u00e7os prestados pelo Munic\u00edpio, a ESPI busca ouvir cada \u00f3rg\u00e3o da Prefeitura, em reuni\u00f5es e no Levantamento de Necessidades de Capacita\u00e7\u00e3o (LNC), pesquisa realizada anualmente junto aos \u00f3rg\u00e3os para verifica\u00e7\u00e3o de demandas educacionais.<\/p>\n\n\n\n<p>Ap\u00f3s um processo de consolida\u00e7\u00e3o das solicita\u00e7\u00f5es via LNC, analisando a disponibilidade or\u00e7ament\u00e1ria para o ano vigente, s\u00e3o selecionadas as a\u00e7\u00f5es que ser\u00e3o implementadas, com base nos crit\u00e9rios de amplitude de demanda, espa\u00e7o f\u00edsico e atividades essenciais para a gest\u00e3o municipal. Assim, \u00e9 apresentada a programa\u00e7\u00e3o para cada ano, que n\u00e3o \u00e9 fechada: novas demandas e parcerias poder\u00e3o surgir ao longo do ano, visando ao atendimento das necessidades de qualifica\u00e7\u00e3o do Munic\u00edpio para atender \u00e0 popula\u00e7\u00e3o.<\/p>\n\n\n\n<p>Para a contrata\u00e7\u00e3o dos instrutores, a ESPI\/SEMAD realiza a busca dos profissionais em seu <a href=\"https:\/\/capacitacaoespi.manaus.am.gov.br\/local\/pages\/?id=13%20%22%20target%3D%22_blank\">banco de colaboradores<\/a>, institu\u00eddo pelo Decreto n\u00ba. 4.195, de 30 de outubro de 2018 (DOM n\u00ba 4.472), de acordo com a experi\u00eancia e capacita\u00e7\u00e3o t\u00e9cnica. O valor da contrata\u00e7\u00e3o \u00e9 norteado pelo Decreto n\u00ba 5.288, de 07 de abril de 2022, que disp\u00f5e da atualiza\u00e7\u00e3o dos valores de remunera\u00e7\u00e3o hora\/aula para instrutores contratados em a\u00e7\u00f5es de capacita\u00e7\u00e3o desenvolvidas pela ESPI, suas modalidades de Educa\u00e7\u00e3o, e d\u00e1 outras provid\u00eancias.<\/p>\n\n\n\n<p>Desta forma a ESPI realiza a implementa\u00e7\u00e3o de novas a\u00e7\u00f5es estrat\u00e9gicas, trazendo diferentes perspectivas al\u00e9m da disponibiliza\u00e7\u00e3o simplificada de cursos ao propor a oferta de solu\u00e7\u00f5es educacionais inovadoras, pensadas e desenvolvidas a partir das realidades e especificidades dos \u00f3rg\u00e3os que integram a estrutura da Prefeitura de Manaus, revestindo de import\u00e2ncia os processos de capacita\u00e7\u00e3o para o desenvolvimento das compet\u00eancias necess\u00e1rias \u00e0 implanta\u00e7\u00e3o, continuidade e conclus\u00e3o dos projetos, programas e demais iniciativas estabelecidas, de forma que seja poss\u00edvel obter melhores resultados e o cumprimento de metas e objetivos institucionais.<\/p>\n\n\n\n<p>A apresenta\u00e7\u00e3o da Programa\u00e7\u00e3o Anual de Cursos (Cat\u00e1logo de Cursos) marca o in\u00edcio do ano letivo da ESPI, atendendo tanto os servidores que integram a Prefeitura de Manaus quanto de outros segmentos e parcerias, como permission\u00e1rios de feiras e mercados,entre outros agentes p\u00fablicos e pol\u00edticos do Munic\u00edpio.<\/p>\n\n\n<div class=\"wp-block-image\">\n<figure class=\"aligncenter\"><img decoding=\"async\" src=\"https:\/\/portalespi.manaus.am.gov.br\/wp-content\/uploads\/2023\/08\/MISSAO-1.png\" alt=\"\" class=\"wp-image-15203\"\/><\/figure><\/div>\n\n\n<p>A\u00a0Miss\u00e3o da ESPI\u00a0\u00e9 aperfei\u00e7oar e capacitar os servidores p\u00fablicos, agentes pol\u00edticos e agentes p\u00fablicos que integram a Prefeitura Municipal de Manaus, bem como fomentar, implantar e gerir Programas de Inclus\u00e3o Socioeducacional no \u00e2mbito da poder Executivo Municipal.<\/p>\n\n\n<div class=\"wp-block-image\">\n<figure class=\"aligncenter\"><img decoding=\"async\" src=\"https:\/\/portalespi.manaus.am.gov.br\/wp-content\/uploads\/2023\/08\/VISAO.png\" alt=\"\" class=\"wp-image-15207\"\/><\/figure><\/div>\n\n\n<p>A ESPI tem como\u00a0Vis\u00e3o\u00a0de futuro ser reconhecida como um \u00f3rg\u00e3o na condu\u00e7\u00e3o que sirva de refer\u00eancia tanto na condu\u00e7\u00e3o dos programas de qualifica\u00e7\u00e3o de recursos humanos em n\u00edvel de Administra\u00e7\u00e3o P\u00fablica Municipal quanto na gest\u00e3o de programas voltados para Inclus\u00e3o Socioeducacional.<\/p>\n\n\n<div class=\"wp-block-image\">\n<figure class=\"aligncenter\"><img decoding=\"async\" src=\"https:\/\/portalespi.manaus.am.gov.br\/wp-content\/uploads\/2023\/08\/VALORES.png\" alt=\"\" class=\"wp-image-15209\"\/><\/figure><\/div>\n\n\n<p><strong>I. Transpar\u00eancia;<\/strong><\/p>\n\n\n\n<p><strong>II. Qualidade;<\/strong><\/p>\n\n\n\n<p><strong>III. Probidade Administrativa.<\/strong><\/p>\n","protected":false},"excerpt":{"rendered":"","protected":false},"author":8,"featured_media":0,"parent":186,"menu_order":0,"comment_status":"closed","ping_status":"closed","template":"templates\/turismo.php","meta":{"footnotes":""},"acf":[],"yoast_head":"<!-- This site is optimized with the Yoast SEO plugin v23.0 - https:\/\/yoast.com\/wordpress\/plugins\/seo\/ -->\n<title>Pol\u00edtica de Capacita\u00e7\u00e3o - SEMAD<\/title>\n<meta name=\"robots\" content=\"noindex, follow\" \/>\n<meta property=\"og:locale\" content=\"pt_BR\" \/>\n<meta property=\"og:type\" content=\"article\" \/>\n<meta property=\"og:title\" content=\"Pol\u00edtica de Capacita\u00e7\u00e3o - SEMAD\" \/>\n<meta property=\"og:url\" content=\"https:\/\/www.manaus.am.gov.br\/semad\/espi\/politica-de-capacitacao\/\" \/>\n<meta property=\"og:site_name\" content=\"SEMAD\" \/>\n<meta property=\"article:modified_time\" content=\"2025-08-19T16:08:51+00:00\" \/>\n<meta property=\"og:image\" content=\"https:\/\/www.manaus.am.gov.br\/semad\/wp-content\/uploads\/sites\/21\/2025\/08\/POLITICA-DE-CAPACITACAO-DA-ESCOLA-DE-SERVICO-PUBLICO-MUNICIPAL-E-INCLUSAO-SOCIOEDUCACIONAL-_-ESPI-SEMAD-1024x206-1.png\" \/>\n<meta name=\"twitter:card\" content=\"summary_large_image\" \/>\n<meta name=\"twitter:label1\" content=\"Est. reading time\" \/>\n\t<meta name=\"twitter:data1\" content=\"4 minutos\" \/>\n<script type=\"application\/ld+json\" class=\"yoast-schema-graph\">{\"@context\":\"https:\/\/schema.org\",\"@graph\":[{\"@type\":\"WebPage\",\"@id\":\"https:\/\/www.manaus.am.gov.br\/semad\/espi\/politica-de-capacitacao\/\",\"url\":\"https:\/\/www.manaus.am.gov.br\/semad\/espi\/politica-de-capacitacao\/\",\"name\":\"Pol\u00edtica de Capacita\u00e7\u00e3o - SEMAD\",\"isPartOf\":{\"@id\":\"https:\/\/www.manaus.am.gov.br\/semad\/#website\"},\"primaryImageOfPage\":{\"@id\":\"https:\/\/www.manaus.am.gov.br\/semad\/espi\/politica-de-capacitacao\/#primaryimage\"},\"image\":{\"@id\":\"https:\/\/www.manaus.am.gov.br\/semad\/espi\/politica-de-capacitacao\/#primaryimage\"},\"thumbnailUrl\":\"https:\/\/www.manaus.am.gov.br\/semad\/wp-content\/uploads\/sites\/21\/2025\/08\/POLITICA-DE-CAPACITACAO-DA-ESCOLA-DE-SERVICO-PUBLICO-MUNICIPAL-E-INCLUSAO-SOCIOEDUCACIONAL-_-ESPI-SEMAD-1024x206-1.png\",\"datePublished\":\"2025-08-19T15:48:23+00:00\",\"dateModified\":\"2025-08-19T16:08:51+00:00\",\"breadcrumb\":{\"@id\":\"https:\/\/www.manaus.am.gov.br\/semad\/espi\/politica-de-capacitacao\/#breadcrumb\"},\"inLanguage\":\"pt-BR\",\"potentialAction\":[{\"@type\":\"ReadAction\",\"target\":[\"https:\/\/www.manaus.am.gov.br\/semad\/espi\/politica-de-capacitacao\/\"]}]},{\"@type\":\"ImageObject\",\"inLanguage\":\"pt-BR\",\"@id\":\"https:\/\/www.manaus.am.gov.br\/semad\/espi\/politica-de-capacitacao\/#primaryimage\",\"url\":\"https:\/\/www.manaus.am.gov.br\/semad\/wp-content\/uploads\/sites\/21\/2025\/08\/POLITICA-DE-CAPACITACAO-DA-ESCOLA-DE-SERVICO-PUBLICO-MUNICIPAL-E-INCLUSAO-SOCIOEDUCACIONAL-_-ESPI-SEMAD-1024x206-1.png\",\"contentUrl\":\"https:\/\/www.manaus.am.gov.br\/semad\/wp-content\/uploads\/sites\/21\/2025\/08\/POLITICA-DE-CAPACITACAO-DA-ESCOLA-DE-SERVICO-PUBLICO-MUNICIPAL-E-INCLUSAO-SOCIOEDUCACIONAL-_-ESPI-SEMAD-1024x206-1.png\",\"width\":1024,\"height\":206},{\"@type\":\"BreadcrumbList\",\"@id\":\"https:\/\/www.manaus.am.gov.br\/semad\/espi\/politica-de-capacitacao\/#breadcrumb\",\"itemListElement\":[{\"@type\":\"ListItem\",\"position\":1,\"name\":\"Home\",\"item\":\"https:\/\/www.manaus.am.gov.br\/semad\/\"},{\"@type\":\"ListItem\",\"position\":2,\"name\":\"ESPI\",\"item\":\"https:\/\/www.manaus.am.gov.br\/semad\/espi\/\"},{\"@type\":\"ListItem\",\"position\":3,\"name\":\"Pol\u00edtica de Capacita\u00e7\u00e3o\"}]},{\"@type\":\"WebSite\",\"@id\":\"https:\/\/www.manaus.am.gov.br\/semad\/#website\",\"url\":\"https:\/\/www.manaus.am.gov.br\/semad\/\",\"name\":\"SEMAD\",\"description\":\"Prefeitura de Manaus\",\"publisher\":{\"@id\":\"https:\/\/www.manaus.am.gov.br\/semad\/#organization\"},\"alternateName\":\"Secretaria Municipal de Administra\u00e7\u00e3o, Planejamento e Gest\u00e3o\",\"potentialAction\":[{\"@type\":\"SearchAction\",\"target\":{\"@type\":\"EntryPoint\",\"urlTemplate\":\"https:\/\/www.manaus.am.gov.br\/semad\/?s={search_term_string}\"},\"query-input\":\"required name=search_term_string\"}],\"inLanguage\":\"pt-BR\"},{\"@type\":\"Organization\",\"@id\":\"https:\/\/www.manaus.am.gov.br\/semad\/#organization\",\"name\":\"Prefeitura Municipal de Manaus\",\"alternateName\":\"Prefeitura de Manaus\",\"url\":\"https:\/\/www.manaus.am.gov.br\/semad\/\",\"logo\":{\"@type\":\"ImageObject\",\"inLanguage\":\"pt-BR\",\"@id\":\"https:\/\/www.manaus.am.gov.br\/semad\/#\/schema\/logo\/image\/\",\"url\":\"https:\/\/www.manaus.am.gov.br\/semad\/wp-content\/uploads\/sites\/21\/2024\/07\/favicon.png\",\"contentUrl\":\"https:\/\/www.manaus.am.gov.br\/semad\/wp-content\/uploads\/sites\/21\/2024\/07\/favicon.png\",\"width\":300,\"height\":300,\"caption\":\"Prefeitura Municipal de Manaus\"},\"image\":{\"@id\":\"https:\/\/www.manaus.am.gov.br\/semad\/#\/schema\/logo\/image\/\"}}]}<\/script>\n<!-- \/ Yoast SEO plugin. -->","yoast_head_json":{"title":"Pol\u00edtica de Capacita\u00e7\u00e3o - SEMAD","robots":{"index":"noindex","follow":"follow"},"og_locale":"pt_BR","og_type":"article","og_title":"Pol\u00edtica de Capacita\u00e7\u00e3o - SEMAD","og_url":"https:\/\/www.manaus.am.gov.br\/semad\/espi\/politica-de-capacitacao\/","og_site_name":"SEMAD","article_modified_time":"2025-08-19T16:08:51+00:00","og_image":[{"url":"https:\/\/www.manaus.am.gov.br\/semad\/wp-content\/uploads\/sites\/21\/2025\/08\/POLITICA-DE-CAPACITACAO-DA-ESCOLA-DE-SERVICO-PUBLICO-MUNICIPAL-E-INCLUSAO-SOCIOEDUCACIONAL-_-ESPI-SEMAD-1024x206-1.png"}],"twitter_card":"summary_large_image","twitter_misc":{"Est. reading time":"4 minutos"},"schema":{"@context":"https:\/\/schema.org","@graph":[{"@type":"WebPage","@id":"https:\/\/www.manaus.am.gov.br\/semad\/espi\/politica-de-capacitacao\/","url":"https:\/\/www.manaus.am.gov.br\/semad\/espi\/politica-de-capacitacao\/","name":"Pol\u00edtica de Capacita\u00e7\u00e3o - SEMAD","isPartOf":{"@id":"https:\/\/www.manaus.am.gov.br\/semad\/#website"},"primaryImageOfPage":{"@id":"https:\/\/www.manaus.am.gov.br\/semad\/espi\/politica-de-capacitacao\/#primaryimage"},"image":{"@id":"https:\/\/www.manaus.am.gov.br\/semad\/espi\/politica-de-capacitacao\/#primaryimage"},"thumbnailUrl":"https:\/\/www.manaus.am.gov.br\/semad\/wp-content\/uploads\/sites\/21\/2025\/08\/POLITICA-DE-CAPACITACAO-DA-ESCOLA-DE-SERVICO-PUBLICO-MUNICIPAL-E-INCLUSAO-SOCIOEDUCACIONAL-_-ESPI-SEMAD-1024x206-1.png","datePublished":"2025-08-19T15:48:23+00:00","dateModified":"2025-08-19T16:08:51+00:00","breadcrumb":{"@id":"https:\/\/www.manaus.am.gov.br\/semad\/espi\/politica-de-capacitacao\/#breadcrumb"},"inLanguage":"pt-BR","potentialAction":[{"@type":"ReadAction","target":["https:\/\/www.manaus.am.gov.br\/semad\/espi\/politica-de-capacitacao\/"]}]},{"@type":"ImageObject","inLanguage":"pt-BR","@id":"https:\/\/www.manaus.am.gov.br\/semad\/espi\/politica-de-capacitacao\/#primaryimage","url":"https:\/\/www.manaus.am.gov.br\/semad\/wp-content\/uploads\/sites\/21\/2025\/08\/POLITICA-DE-CAPACITACAO-DA-ESCOLA-DE-SERVICO-PUBLICO-MUNICIPAL-E-INCLUSAO-SOCIOEDUCACIONAL-_-ESPI-SEMAD-1024x206-1.png","contentUrl":"https:\/\/www.manaus.am.gov.br\/semad\/wp-content\/uploads\/sites\/21\/2025\/08\/POLITICA-DE-CAPACITACAO-DA-ESCOLA-DE-SERVICO-PUBLICO-MUNICIPAL-E-INCLUSAO-SOCIOEDUCACIONAL-_-ESPI-SEMAD-1024x206-1.png","width":1024,"height":206},{"@type":"BreadcrumbList","@id":"https:\/\/www.manaus.am.gov.br\/semad\/espi\/politica-de-capacitacao\/#breadcrumb","itemListElement":[{"@type":"ListItem","position":1,"name":"Home","item":"https:\/\/www.manaus.am.gov.br\/semad\/"},{"@type":"ListItem","position":2,"name":"ESPI","item":"https:\/\/www.manaus.am.gov.br\/semad\/espi\/"},{"@type":"ListItem","position":3,"name":"Pol\u00edtica de Capacita\u00e7\u00e3o"}]},{"@type":"WebSite","@id":"https:\/\/www.manaus.am.gov.br\/semad\/#website","url":"https:\/\/www.manaus.am.gov.br\/semad\/","name":"SEMAD","description":"Prefeitura de Manaus","publisher":{"@id":"https:\/\/www.manaus.am.gov.br\/semad\/#organization"},"alternateName":"Secretaria Municipal de Administra\u00e7\u00e3o, Planejamento e Gest\u00e3o","potentialAction":[{"@type":"SearchAction","target":{"@type":"EntryPoint","urlTemplate":"https:\/\/www.manaus.am.gov.br\/semad\/?s={search_term_string}"},"query-input":"required name=search_term_string"}],"inLanguage":"pt-BR"},{"@type":"Organization","@id":"https:\/\/www.manaus.am.gov.br\/semad\/#organization","name":"Prefeitura Municipal de Manaus","alternateName":"Prefeitura de Manaus","url":"https:\/\/www.manaus.am.gov.br\/semad\/","logo":{"@type":"ImageObject","inLanguage":"pt-BR","@id":"https:\/\/www.manaus.am.gov.br\/semad\/#\/schema\/logo\/image\/","url":"https:\/\/www.manaus.am.gov.br\/semad\/wp-content\/uploads\/sites\/21\/2024\/07\/favicon.png","contentUrl":"https:\/\/www.manaus.am.gov.br\/semad\/wp-content\/uploads\/sites\/21\/2024\/07\/favicon.png","width":300,"height":300,"caption":"Prefeitura Municipal de Manaus"},"image":{"@id":"https:\/\/www.manaus.am.gov.br\/semad\/#\/schema\/logo\/image\/"}}]}},"_links":{"self":[{"href":"https:\/\/www.manaus.am.gov.br\/semad\/wp-json\/wp\/v2\/pages\/2034"}],"collection":[{"href":"https:\/\/www.manaus.am.gov.br\/semad\/wp-json\/wp\/v2\/pages"}],"about":[{"href":"https:\/\/www.manaus.am.gov.br\/semad\/wp-json\/wp\/v2\/types\/page"}],"author":[{"embeddable":true,"href":"https:\/\/www.manaus.am.gov.br\/semad\/wp-json\/wp\/v2\/users\/8"}],"replies":[{"embeddable":true,"href":"https:\/\/www.manaus.am.gov.br\/semad\/wp-json\/wp\/v2\/comments?post=2034"}],"version-history":[{"count":2,"href":"https:\/\/www.manaus.am.gov.br\/semad\/wp-json\/wp\/v2\/pages\/2034\/revisions"}],"predecessor-version":[{"id":2043,"href":"https:\/\/www.manaus.am.gov.br\/semad\/wp-json\/wp\/v2\/pages\/2034\/revisions\/2043"}],"up":[{"embeddable":true,"href":"https:\/\/www.manaus.am.gov.br\/semad\/wp-json\/wp\/v2\/pages\/186"}],"wp:attachment":[{"href":"https:\/\/www.manaus.am.gov.br\/semad\/wp-json\/wp\/v2\/media?parent=2034"}],"curies":[{"name":"wp","href":"https:\/\/api.w.org\/{rel}","templated":true}]}}