{"id":293,"date":"2023-05-30T21:35:58","date_gmt":"2023-05-31T01:35:58","guid":{"rendered":"https:\/\/www.manaus.am.gov.br\/semacc\/?page_id=293"},"modified":"2023-05-30T21:35:59","modified_gmt":"2023-05-31T01:35:59","slug":"setor-primario","status":"publish","type":"page","link":"https:\/\/www.manaus.am.gov.br\/semacc\/setor-primario\/","title":{"rendered":"Setor Prim\u00e1rio"},"content":{"rendered":"\n<p>O Servi\u00e7o de Inspe\u00e7\u00e3o Municipal (SIM) \u00e9 respons\u00e1vel pela inspe\u00e7\u00e3o e fiscaliza\u00e7\u00e3o de estabelecimentos que produzem e manipulam alimentos de origem animal e derivados como, por exemplo, ind\u00fastria de embutidos, defumados e queijos. Tamb\u00e9m atua em abatedouros que possuam registro na inspe\u00e7\u00e3o municipal.<\/p>\n\n\n\n<p>O SIM fiscaliza a origem da mat\u00e9ria prima (carne, leite), o asseio dos funcion\u00e1rios (uso uniformes, gorros e botas) e acompanha a manipula\u00e7\u00e3o dos alimentos desde a chegada da mat\u00e9ria prima at\u00e9 o produto final. Tamb\u00e9m s\u00e3o verificadas as condi\u00e7\u00f5es dos equipamentos, estrutura do pr\u00e9dio e instala\u00e7\u00f5es.<\/p>\n\n\n\n<h2 class=\"wp-block-heading\">Atua\u00e7\u00e3o nos seguintes estabelecimentos:<\/h2>\n\n\n\n<p>\u2013 Matadouro-Frigor\u00edfico;<br>\u2013\u00a0F\u00e1brica de Conservas;<br>\u2013 Entreposto de Carnes e Derivados e Embutidos;<br>\u2013 F\u00e1brica de Conservas de Pescado;<br>\u2013 Entreposto de Pescado;<br>\u2013 Granja Leiteira;<br>\u2013 Est\u00e1bulo Leiteiro;<br>\u2013 Usina de Beneficiamento;<br>\u2013 F\u00e1brica de Latic\u00ednios;<br>\u2013 Entreposto de Latic\u00ednios;<br>\u2013 Granja Av\u00edcola;<br>\u2013 F\u00e1brica de Conservas de Ovos;<br>\u2013 Entreposto de Ovos;<br>\u2013 Api\u00e1rio;<br>\u2013 Entreposto de Mel e Cera de Abelhas;<br>\u2013 F\u00e1brica de Produtos n\u00e3o Comest\u00edveis.<\/p>\n\n\n\n<h2 class=\"wp-block-heading\">Estabelecimentos sujeitos a relacionamento:<\/h2>\n\n\n\n<p>\u2013 Casa atacadista;<br>\u2013 Entreposto \u2013 Frigor\u00edfico;<br>\u2013 Posto de Refrigera\u00e7\u00e3o.<\/p>\n\n\n\n<p>Toda empresa que manipula produtos de origem animal tem a necessidade de obter o Servi\u00e7o de Inspe\u00e7\u00e3o, dentro desse servi\u00e7o as empresas t\u00eam que se adequar \u00e0s boas pr\u00e1ticas de fabrica\u00e7\u00e3o, que s\u00e3o um conjunto de medidas preventivas para dar maior seguran\u00e7a ao produto que ser\u00e1 manipulado, diminuindo assim o risco de contamina\u00e7\u00e3o atrav\u00e9s de utens\u00edlios, m\u00e1quinas e manipuladores.<\/p>\n\n\n\n<p>O tipo de trabalho realizado pelo SIM consiste em fiscaliza\u00e7\u00e3o sanit\u00e1ria, industrial e artesanal em ind\u00fastrias que manipulam produtos de origem animal, garantindo assim a qualidade higi\u00eanico-sanit\u00e1ria dos produtos ali produzidos que ser\u00e3o oferecidos \u00e0 popula\u00e7\u00e3o.<\/p>\n\n\n\n<p>Para obter o registro no SIM o empres\u00e1rio ou seu representante legal deve entregar \u00e0 Semacc um requerimento solicitando a vistoria inicial do local. Se o local for aprovado pelos fiscais, poder\u00e1 obter o certificado de registro junto ao SIM, ap\u00f3s entregar a documenta\u00e7\u00e3o necess\u00e1ria.<\/p>\n\n\n\n<h2 class=\"wp-block-heading\">A documenta\u00e7\u00e3o necess\u00e1ria consiste em:<\/h2>\n\n\n\n<ol type=\"1\">\n<li>Requerimento solicitando a vistoria inicial do local (terreno ou instala\u00e7\u00f5es), encaminhado \u00e0 Ger\u00eancia de Produ\u00e7\u00e3o, Defesa e Inspe\u00e7\u00e3o Agropecu\u00e1ria \u2013 GPDIA\/SEMACC, juntamente com o termo de concord\u00e2ncia e o DAM pago da taxa de vistoria inicial;<\/li>\n\n\n\n<li>Alvar\u00e1 da Prefeitura Municipal;<\/li>\n\n\n\n<li>Contrato social da sociedade ou prova de inscri\u00e7\u00e3o como empres\u00e1rio individual na Junta Comercial;<\/li>\n\n\n\n<li>Inscri\u00e7\u00e3o Estadual, RG, CPF;<\/li>\n\n\n\n<li>CNPJ;<\/li>\n\n\n\n<li>Requerimento solicitando aprova\u00e7\u00e3o pr\u00e9via do projeto de constru\u00e7\u00e3o;<\/li>\n\n\n\n<li>Planta baixa dos diversos pavimentos com a localiza\u00e7\u00e3o dos equipamentos, na escala 1:100;<\/li>\n\n\n\n<li>Planta de situa\u00e7\u00e3o na escala 1:500;<\/li>\n\n\n\n<li>Planta da Fachada e Cortes Longitudinal e Transversal na escala m\u00ednima de 1:50. Todas as plantas devem estar assinadas por Arquiteto ou Engenheiro e pelo propriet\u00e1rio;<\/li>\n\n\n\n<li>Memorial Descritivo do Projeto, assinado pelo Arquiteto ou Engenheiro e pelo propriet\u00e1rio;<\/li>\n\n\n\n<li>Memorial Descritivo Econ\u00f4mico-Sanit\u00e1rio, assinado pelo respons\u00e1vel t\u00e9cnico (M\u00e9dico Veterin\u00e1rio) e pelo propriet\u00e1rio;<\/li>\n\n\n\n<li>Laudo oficial dos exames f\u00edsico-qu\u00edmico e microbiol\u00f3gico da \u00e1gua de abastecimento (coletada da torneira do interior da ind\u00fastria);<\/li>\n\n\n\n<li>Aprova\u00e7\u00e3o do \u00f3rg\u00e3o controlador do meio ambiente (SEMMAS);<\/li>\n\n\n\n<li>Indica\u00e7\u00e3o do respons\u00e1vel t\u00e9cnico;<\/li>\n\n\n\n<li>Solicita\u00e7\u00e3o da vistoria final.<\/li>\n<\/ol>\n\n\n\n<p>Os estabelecimentos registrados no Servi\u00e7o de Inspe\u00e7\u00e3o Municipal n\u00e3o podem comercializar fora do munic\u00edpio de origem, bem como os registrados nos servi\u00e7os estaduais n\u00e3o podem comercializar fora do Estado de origem. S\u00e3o competentes para realizar essas inspe\u00e7\u00f5es nos estabelecimentos produtores e no transporte o Minist\u00e9rio da Agricultura, Pecu\u00e1ria e Abastecimento e as secretarias estaduais e municipais de Agricultura. J\u00e1 a fiscaliza\u00e7\u00e3o no varejo compete \u00e0 Secretaria da Sa\u00fade, por interm\u00e9dio da Vigil\u00e2ncia Sanit\u00e1ria, servi\u00e7o que pode ser estadual ou municipal.<\/p>\n","protected":false},"excerpt":{"rendered":"","protected":false},"author":27,"featured_media":0,"parent":0,"menu_order":0,"comment_status":"closed","ping_status":"closed","template":"templates\/prefeitura.php","meta":{"footnotes":""},"acf":[],"yoast_head":"<!-- This site is optimized with the Yoast SEO plugin v23.0 - https:\/\/yoast.com\/wordpress\/plugins\/seo\/ -->\n<title>Setor Prim\u00e1rio - SEMACC<\/title>\n<meta name=\"robots\" content=\"noindex, follow\" \/>\n<meta property=\"og:locale\" content=\"pt_BR\" \/>\n<meta property=\"og:type\" content=\"article\" \/>\n<meta property=\"og:title\" content=\"Setor Prim\u00e1rio - SEMACC\" \/>\n<meta property=\"og:url\" content=\"https:\/\/www.manaus.am.gov.br\/semacc\/setor-primario\/\" \/>\n<meta property=\"og:site_name\" content=\"SEMACC\" \/>\n<meta property=\"article:modified_time\" content=\"2023-05-31T01:35:59+00:00\" \/>\n<meta property=\"og:image\" content=\"https:\/\/www.manaus.am.gov.br\/semacc\/wp-content\/uploads\/sites\/22\/2024\/07\/thumb-default-2.png\" \/>\n\t<meta property=\"og:image:width\" content=\"966\" \/>\n\t<meta property=\"og:image:height\" content=\"520\" \/>\n\t<meta property=\"og:image:type\" content=\"image\/png\" \/>\n<meta name=\"twitter:card\" content=\"summary_large_image\" \/>\n<meta name=\"twitter:label1\" content=\"Est. reading time\" \/>\n\t<meta name=\"twitter:data1\" content=\"4 minutos\" \/>\n<script type=\"application\/ld+json\" class=\"yoast-schema-graph\">{\"@context\":\"https:\/\/schema.org\",\"@graph\":[{\"@type\":\"WebPage\",\"@id\":\"https:\/\/www.manaus.am.gov.br\/semacc\/setor-primario\/\",\"url\":\"https:\/\/www.manaus.am.gov.br\/semacc\/setor-primario\/\",\"name\":\"Setor Prim\u00e1rio - SEMACC\",\"isPartOf\":{\"@id\":\"https:\/\/www.manaus.am.gov.br\/semacc\/#website\"},\"datePublished\":\"2023-05-31T01:35:58+00:00\",\"dateModified\":\"2023-05-31T01:35:59+00:00\",\"breadcrumb\":{\"@id\":\"https:\/\/www.manaus.am.gov.br\/semacc\/setor-primario\/#breadcrumb\"},\"inLanguage\":\"pt-BR\",\"potentialAction\":[{\"@type\":\"ReadAction\",\"target\":[\"https:\/\/www.manaus.am.gov.br\/semacc\/setor-primario\/\"]}]},{\"@type\":\"BreadcrumbList\",\"@id\":\"https:\/\/www.manaus.am.gov.br\/semacc\/setor-primario\/#breadcrumb\",\"itemListElement\":[{\"@type\":\"ListItem\",\"position\":1,\"name\":\"Home\",\"item\":\"https:\/\/www.manaus.am.gov.br\/semacc\/\"},{\"@type\":\"ListItem\",\"position\":2,\"name\":\"Setor Prim\u00e1rio\"}]},{\"@type\":\"WebSite\",\"@id\":\"https:\/\/www.manaus.am.gov.br\/semacc\/#website\",\"url\":\"https:\/\/www.manaus.am.gov.br\/semacc\/\",\"name\":\"SEMACC\",\"description\":\"Prefeitura de Manaus\",\"potentialAction\":[{\"@type\":\"SearchAction\",\"target\":{\"@type\":\"EntryPoint\",\"urlTemplate\":\"https:\/\/www.manaus.am.gov.br\/semacc\/?s={search_term_string}\"},\"query-input\":\"required name=search_term_string\"}],\"inLanguage\":\"pt-BR\"}]}<\/script>\n<!-- \/ Yoast SEO plugin. -->","yoast_head_json":{"title":"Setor Prim\u00e1rio - SEMACC","robots":{"index":"noindex","follow":"follow"},"og_locale":"pt_BR","og_type":"article","og_title":"Setor Prim\u00e1rio - SEMACC","og_url":"https:\/\/www.manaus.am.gov.br\/semacc\/setor-primario\/","og_site_name":"SEMACC","article_modified_time":"2023-05-31T01:35:59+00:00","og_image":[{"width":966,"height":520,"url":"https:\/\/www.manaus.am.gov.br\/semacc\/wp-content\/uploads\/sites\/22\/2024\/07\/thumb-default-2.png","type":"image\/png"}],"twitter_card":"summary_large_image","twitter_misc":{"Est. reading time":"4 minutos"},"schema":{"@context":"https:\/\/schema.org","@graph":[{"@type":"WebPage","@id":"https:\/\/www.manaus.am.gov.br\/semacc\/setor-primario\/","url":"https:\/\/www.manaus.am.gov.br\/semacc\/setor-primario\/","name":"Setor Prim\u00e1rio - SEMACC","isPartOf":{"@id":"https:\/\/www.manaus.am.gov.br\/semacc\/#website"},"datePublished":"2023-05-31T01:35:58+00:00","dateModified":"2023-05-31T01:35:59+00:00","breadcrumb":{"@id":"https:\/\/www.manaus.am.gov.br\/semacc\/setor-primario\/#breadcrumb"},"inLanguage":"pt-BR","potentialAction":[{"@type":"ReadAction","target":["https:\/\/www.manaus.am.gov.br\/semacc\/setor-primario\/"]}]},{"@type":"BreadcrumbList","@id":"https:\/\/www.manaus.am.gov.br\/semacc\/setor-primario\/#breadcrumb","itemListElement":[{"@type":"ListItem","position":1,"name":"Home","item":"https:\/\/www.manaus.am.gov.br\/semacc\/"},{"@type":"ListItem","position":2,"name":"Setor Prim\u00e1rio"}]},{"@type":"WebSite","@id":"https:\/\/www.manaus.am.gov.br\/semacc\/#website","url":"https:\/\/www.manaus.am.gov.br\/semacc\/","name":"SEMACC","description":"Prefeitura de Manaus","potentialAction":[{"@type":"SearchAction","target":{"@type":"EntryPoint","urlTemplate":"https:\/\/www.manaus.am.gov.br\/semacc\/?s={search_term_string}"},"query-input":"required name=search_term_string"}],"inLanguage":"pt-BR"}]}},"_links":{"self":[{"href":"https:\/\/www.manaus.am.gov.br\/semacc\/wp-json\/wp\/v2\/pages\/293"}],"collection":[{"href":"https:\/\/www.manaus.am.gov.br\/semacc\/wp-json\/wp\/v2\/pages"}],"about":[{"href":"https:\/\/www.manaus.am.gov.br\/semacc\/wp-json\/wp\/v2\/types\/page"}],"author":[{"embeddable":true,"href":"https:\/\/www.manaus.am.gov.br\/semacc\/wp-json\/wp\/v2\/users\/27"}],"replies":[{"embeddable":true,"href":"https:\/\/www.manaus.am.gov.br\/semacc\/wp-json\/wp\/v2\/comments?post=293"}],"version-history":[{"count":1,"href":"https:\/\/www.manaus.am.gov.br\/semacc\/wp-json\/wp\/v2\/pages\/293\/revisions"}],"predecessor-version":[{"id":294,"href":"https:\/\/www.manaus.am.gov.br\/semacc\/wp-json\/wp\/v2\/pages\/293\/revisions\/294"}],"wp:attachment":[{"href":"https:\/\/www.manaus.am.gov.br\/semacc\/wp-json\/wp\/v2\/media?parent=293"}],"curies":[{"name":"wp","href":"https:\/\/api.w.org\/{rel}","templated":true}]}}