{"id":250,"date":"2023-05-30T20:58:37","date_gmt":"2023-05-31T00:58:37","guid":{"rendered":"https:\/\/www.manaus.am.gov.br\/semacc\/?page_id=250"},"modified":"2025-06-26T15:25:54","modified_gmt":"2025-06-26T19:25:54","slug":"nossa-historia","status":"publish","type":"page","link":"https:\/\/www.manaus.am.gov.br\/semacc\/semacc\/nossa-historia\/","title":{"rendered":"Nossa Hist\u00f3ria"},"content":{"rendered":"\n<p>A Secretaria Municipal de Agricultura, Abastecimento, Centro e Com\u00e9rcio Informal (SEMACC) foi criada em setembro de 2018, por meio da Lei Municipal n\u00ba 2.337\/18.<\/p>\n\n\n\n<p>Entretanto, as a\u00e7\u00f5es da administra\u00e7\u00e3o municipal nas feiras e mercados de Manaus tiveram in\u00edcio em 1979, com a cria\u00e7\u00e3o da antiga Secretaria Municipal de Mercados e Feiras (SEMAF), que na \u00e9poca cuidava da administra\u00e7\u00e3o, fiscaliza\u00e7\u00e3o e coordena\u00e7\u00e3o de oito mercados municipais e algumas feiras de bairro.<\/p>\n\n\n\n<p>Em 2005, a SEMAF passou a se chamar Secretaria Municipal de Agricultura e Abastecimento (SEMAGA) e, em 2009, teve o nome alterado para Secretaria Municipal de Produ\u00e7\u00e3o e Abastecimento (SEMPAB). J\u00e1 em 2016, a Sempab foi rebaixada \u00e0 condi\u00e7\u00e3o de subsecretaria, vinculada \u00e0 Casa Civil do munic\u00edpio. Somente em setembro de 2018, com a cria\u00e7\u00e3o da SEMACC, a pasta voltou ao status de secretaria municipal, ampliando suas atribui\u00e7\u00f5es, incluindo o ordenamento e a requalifica\u00e7\u00e3o do centro hist\u00f3rico de Manaus.<\/p>\n\n\n\n<p><\/p>\n\n\n\n<h2 class=\"wp-block-heading\">Objetivos da SEMACC<\/h2>\n\n\n\n<ul>\n<li>Organizar e manter as Feiras e Mercados de Manaus, conforme a Lei n\u00ba 123\/2004, com melhorias cont\u00ednuas na infraestrutura, garantindo um ambiente digno e seguro para permission\u00e1rios e clientes.<\/li>\n\n\n\n<li>Capacitar os permission\u00e1rios e auxiliares com treinamentos, cursos e oficinas, promovendo seu desenvolvimento profissional.<\/li>\n\n\n\n<li>Criar pol\u00edticas p\u00fablicas e mecanismos de apoio aos agricultores dos nove Polos de Agricultura Familiar, visando o crescimento, gera\u00e7\u00e3o de renda, novos investimentos, capacita\u00e7\u00e3o e suporte t\u00e9cnico aos pequenos produtores.<\/li>\n\n\n\n<li>Apoiar o escoamento da produ\u00e7\u00e3o rural, por meio de a\u00e7\u00f5es como a realiza\u00e7\u00e3o de Feiras de Agricultura Familiar, incentivando o emprego e a renda.<\/li>\n\n\n\n<li>Atuar em conjunto com o Conselho Municipal de Desenvolvimento Rural Sustent\u00e1vel (CMDRS), apoiando e incentivando pol\u00edticas p\u00fablicas para o setor prim\u00e1rio.<\/li>\n\n\n\n<li>Fiscalizar continuamente espa\u00e7os p\u00fablicos, como parques, pra\u00e7as, feiras, terminais de transporte coletivo, ruas e avenidas do centro hist\u00f3rico e o Complexo Tur\u00edstico da Ponta Negra.<\/li>\n\n\n\n<li>Organizar os ambulantes nas grandes avenidas da cidade, incluindo \u00e1reas de grande densidade populacional na periferia.<\/li>\n\n\n\n<li>Manter a fiscaliza\u00e7\u00e3o dos ambulantes cadastrados durante eventos promovidos pelo munic\u00edpio, Estado ou iniciativa privada.<\/li>\n<\/ul>\n\n\n\n<p><\/p>\n\n\n\n<h2 class=\"wp-block-heading\">Miss\u00e3o<\/h2>\n\n\n\n<p>Planejar, Fiscalizar, Coordenar e Promover a Agricultura Familiar do Munic\u00edpio de Manaus e o abastecimento da Cidade, bem como a\u00e7\u00f5es de melhoria nos Mercados e Feiras, al\u00e9m do ordenamento do Com\u00e9rcio Informal que atua nos logradouros p\u00fablicos, atrav\u00e9s de a\u00e7\u00f5es sustent\u00e1veis com Pol\u00edticas P\u00fablicas que visem o desenvolvimento e o bem estar da Popula\u00e7\u00e3o Manauara.<\/p>\n\n\n\n<p><\/p>\n\n\n\n<h2 class=\"wp-block-heading\">Vis\u00e3o<\/h2>\n\n\n\n<p>At\u00e9 2030, tornar o Munic\u00edpio de Manaus refer\u00eancia na Regi\u00e3o Norte, na pr\u00e1tica da Agricultura Familiar, possibilitando o aumento e o abastecimento da Cidade Sustent\u00e1vel, al\u00e9m de ser modelo para cidad\u00e3o que atuam e frequentam os Mercados e Feiras, atrav\u00e9s de ambientes limpos, saud\u00e1veis e que respeitam as normas t\u00e9cnicas sanit\u00e1rias, e ainda, ser destaque no ordenamento do logradouros p\u00fablicos da Cidade, em benef\u00edcio da Sociedade Manauara.<\/p>\n\n\n\n<p><\/p>\n\n\n\n<h2 class=\"wp-block-heading\">Valores<\/h2>\n\n\n\n<p>Comprometimento \u00c9tico e Cooperativo, Transpar\u00eancia e Responsabilidade nas a\u00e7\u00f5es, Respeito ao Trabalho e ao Meio Ambiente, Integra\u00e7\u00e3o para o alcance de resultados, Qualidade, Higiene e Organiza\u00e7\u00e3o, Trabalho em Equipe.<\/p>\n","protected":false},"excerpt":{"rendered":"","protected":false},"author":27,"featured_media":0,"parent":248,"menu_order":0,"comment_status":"closed","ping_status":"closed","template":"templates\/turismo.php","meta":{"footnotes":""},"acf":[],"yoast_head":"<!-- This site is optimized with the Yoast SEO plugin v23.0 - https:\/\/yoast.com\/wordpress\/plugins\/seo\/ -->\n<title>Nossa Hist\u00f3ria - SEMACC<\/title>\n<meta name=\"robots\" content=\"noindex, follow\" \/>\n<meta property=\"og:locale\" content=\"pt_BR\" \/>\n<meta property=\"og:type\" content=\"article\" \/>\n<meta property=\"og:title\" content=\"Nossa Hist\u00f3ria - SEMACC\" \/>\n<meta property=\"og:url\" content=\"https:\/\/www.manaus.am.gov.br\/semacc\/semacc\/nossa-historia\/\" \/>\n<meta property=\"og:site_name\" content=\"SEMACC\" \/>\n<meta property=\"article:modified_time\" content=\"2025-06-26T19:25:54+00:00\" \/>\n<meta property=\"og:image\" content=\"https:\/\/www.manaus.am.gov.br\/semacc\/wp-content\/uploads\/sites\/22\/2024\/07\/thumb-default-2.png\" \/>\n\t<meta property=\"og:image:width\" content=\"966\" \/>\n\t<meta property=\"og:image:height\" content=\"520\" \/>\n\t<meta property=\"og:image:type\" content=\"image\/png\" \/>\n<meta name=\"twitter:card\" content=\"summary_large_image\" \/>\n<meta name=\"twitter:label1\" content=\"Est. reading time\" \/>\n\t<meta name=\"twitter:data1\" content=\"3 minutos\" \/>\n<script type=\"application\/ld+json\" class=\"yoast-schema-graph\">{\"@context\":\"https:\/\/schema.org\",\"@graph\":[{\"@type\":\"WebPage\",\"@id\":\"https:\/\/www.manaus.am.gov.br\/semacc\/semacc\/nossa-historia\/\",\"url\":\"https:\/\/www.manaus.am.gov.br\/semacc\/semacc\/nossa-historia\/\",\"name\":\"Nossa Hist\u00f3ria - SEMACC\",\"isPartOf\":{\"@id\":\"https:\/\/www.manaus.am.gov.br\/semacc\/#website\"},\"datePublished\":\"2023-05-31T00:58:37+00:00\",\"dateModified\":\"2025-06-26T19:25:54+00:00\",\"breadcrumb\":{\"@id\":\"https:\/\/www.manaus.am.gov.br\/semacc\/semacc\/nossa-historia\/#breadcrumb\"},\"inLanguage\":\"pt-BR\",\"potentialAction\":[{\"@type\":\"ReadAction\",\"target\":[\"https:\/\/www.manaus.am.gov.br\/semacc\/semacc\/nossa-historia\/\"]}]},{\"@type\":\"BreadcrumbList\",\"@id\":\"https:\/\/www.manaus.am.gov.br\/semacc\/semacc\/nossa-historia\/#breadcrumb\",\"itemListElement\":[{\"@type\":\"ListItem\",\"position\":1,\"name\":\"Home\",\"item\":\"https:\/\/www.manaus.am.gov.br\/semacc\/\"},{\"@type\":\"ListItem\",\"position\":2,\"name\":\"Semacc\",\"item\":\"https:\/\/www.manaus.am.gov.br\/semacc\/semacc\/\"},{\"@type\":\"ListItem\",\"position\":3,\"name\":\"Nossa Hist\u00f3ria\"}]},{\"@type\":\"WebSite\",\"@id\":\"https:\/\/www.manaus.am.gov.br\/semacc\/#website\",\"url\":\"https:\/\/www.manaus.am.gov.br\/semacc\/\",\"name\":\"SEMACC\",\"description\":\"Prefeitura de Manaus\",\"potentialAction\":[{\"@type\":\"SearchAction\",\"target\":{\"@type\":\"EntryPoint\",\"urlTemplate\":\"https:\/\/www.manaus.am.gov.br\/semacc\/?s={search_term_string}\"},\"query-input\":\"required name=search_term_string\"}],\"inLanguage\":\"pt-BR\"}]}<\/script>\n<!-- \/ Yoast SEO plugin. -->","yoast_head_json":{"title":"Nossa Hist\u00f3ria - SEMACC","robots":{"index":"noindex","follow":"follow"},"og_locale":"pt_BR","og_type":"article","og_title":"Nossa Hist\u00f3ria - SEMACC","og_url":"https:\/\/www.manaus.am.gov.br\/semacc\/semacc\/nossa-historia\/","og_site_name":"SEMACC","article_modified_time":"2025-06-26T19:25:54+00:00","og_image":[{"width":966,"height":520,"url":"https:\/\/www.manaus.am.gov.br\/semacc\/wp-content\/uploads\/sites\/22\/2024\/07\/thumb-default-2.png","type":"image\/png"}],"twitter_card":"summary_large_image","twitter_misc":{"Est. reading time":"3 minutos"},"schema":{"@context":"https:\/\/schema.org","@graph":[{"@type":"WebPage","@id":"https:\/\/www.manaus.am.gov.br\/semacc\/semacc\/nossa-historia\/","url":"https:\/\/www.manaus.am.gov.br\/semacc\/semacc\/nossa-historia\/","name":"Nossa Hist\u00f3ria - SEMACC","isPartOf":{"@id":"https:\/\/www.manaus.am.gov.br\/semacc\/#website"},"datePublished":"2023-05-31T00:58:37+00:00","dateModified":"2025-06-26T19:25:54+00:00","breadcrumb":{"@id":"https:\/\/www.manaus.am.gov.br\/semacc\/semacc\/nossa-historia\/#breadcrumb"},"inLanguage":"pt-BR","potentialAction":[{"@type":"ReadAction","target":["https:\/\/www.manaus.am.gov.br\/semacc\/semacc\/nossa-historia\/"]}]},{"@type":"BreadcrumbList","@id":"https:\/\/www.manaus.am.gov.br\/semacc\/semacc\/nossa-historia\/#breadcrumb","itemListElement":[{"@type":"ListItem","position":1,"name":"Home","item":"https:\/\/www.manaus.am.gov.br\/semacc\/"},{"@type":"ListItem","position":2,"name":"Semacc","item":"https:\/\/www.manaus.am.gov.br\/semacc\/semacc\/"},{"@type":"ListItem","position":3,"name":"Nossa Hist\u00f3ria"}]},{"@type":"WebSite","@id":"https:\/\/www.manaus.am.gov.br\/semacc\/#website","url":"https:\/\/www.manaus.am.gov.br\/semacc\/","name":"SEMACC","description":"Prefeitura de Manaus","potentialAction":[{"@type":"SearchAction","target":{"@type":"EntryPoint","urlTemplate":"https:\/\/www.manaus.am.gov.br\/semacc\/?s={search_term_string}"},"query-input":"required name=search_term_string"}],"inLanguage":"pt-BR"}]}},"_links":{"self":[{"href":"https:\/\/www.manaus.am.gov.br\/semacc\/wp-json\/wp\/v2\/pages\/250"}],"collection":[{"href":"https:\/\/www.manaus.am.gov.br\/semacc\/wp-json\/wp\/v2\/pages"}],"about":[{"href":"https:\/\/www.manaus.am.gov.br\/semacc\/wp-json\/wp\/v2\/types\/page"}],"author":[{"embeddable":true,"href":"https:\/\/www.manaus.am.gov.br\/semacc\/wp-json\/wp\/v2\/users\/27"}],"replies":[{"embeddable":true,"href":"https:\/\/www.manaus.am.gov.br\/semacc\/wp-json\/wp\/v2\/comments?post=250"}],"version-history":[{"count":5,"href":"https:\/\/www.manaus.am.gov.br\/semacc\/wp-json\/wp\/v2\/pages\/250\/revisions"}],"predecessor-version":[{"id":1491,"href":"https:\/\/www.manaus.am.gov.br\/semacc\/wp-json\/wp\/v2\/pages\/250\/revisions\/1491"}],"up":[{"embeddable":true,"href":"https:\/\/www.manaus.am.gov.br\/semacc\/wp-json\/wp\/v2\/pages\/248"}],"wp:attachment":[{"href":"https:\/\/www.manaus.am.gov.br\/semacc\/wp-json\/wp\/v2\/media?parent=250"}],"curies":[{"name":"wp","href":"https:\/\/api.w.org\/{rel}","templated":true}]}}

Nossa História

<p>A Secretaria Municipal de Agricultura, Abastecimento, Centro e Comércio Informal (SEMACC) foi criada em setembro de 2018, por meio da Lei Municipal nº 2.337/18.</p>



<p>Entretanto, as ações da administração municipal nas feiras e mercados de Manaus tiveram início em 1979, com a criação da antiga Secretaria Municipal de Mercados e Feiras (SEMAF), que na época cuidava da administração, fiscalização e coordenação de oito mercados municipais e algumas feiras de bairro.</p>



<p>Em 2005, a SEMAF passou a se chamar Secretaria Municipal de Agricultura e Abastecimento (SEMAGA) e, em 2009, teve o nome alterado para Secretaria Municipal de Produção e Abastecimento (SEMPAB). Já em 2016, a Sempab foi rebaixada à condição de subsecretaria, vinculada à Casa Civil do município. Somente em setembro de 2018, com a criação da SEMACC, a pasta voltou ao status de secretaria municipal, ampliando suas atribuições, incluindo o ordenamento e a requalificação do centro histórico de Manaus.</p>



<p></p>



<h2 class="wp-block-heading">Objetivos da SEMACC</h2>



<ul>
<li>Organizar e manter as Feiras e Mercados de Manaus, conforme a Lei nº 123/2004, com melhorias contínuas na infraestrutura, garantindo um ambiente digno e seguro para permissionários e clientes.</li>



<li>Capacitar os permissionários e auxiliares com treinamentos, cursos e oficinas, promovendo seu desenvolvimento profissional.</li>



<li>Criar políticas públicas e mecanismos de apoio aos agricultores dos nove Polos de Agricultura Familiar, visando o crescimento, geração de renda, novos investimentos, capacitação e suporte técnico aos pequenos produtores.</li>



<li>Apoiar o escoamento da produção rural, por meio de ações como a realização de Feiras de Agricultura Familiar, incentivando o emprego e a renda.</li>



<li>Atuar em conjunto com o Conselho Municipal de Desenvolvimento Rural Sustentável (CMDRS), apoiando e incentivando políticas públicas para o setor primário.</li>



<li>Fiscalizar continuamente espaços públicos, como parques, praças, feiras, terminais de transporte coletivo, ruas e avenidas do centro histórico e o Complexo Turístico da Ponta Negra.</li>



<li>Organizar os ambulantes nas grandes avenidas da cidade, incluindo áreas de grande densidade populacional na periferia.</li>



<li>Manter a fiscalização dos ambulantes cadastrados durante eventos promovidos pelo município, Estado ou iniciativa privada.</li>
</ul>



<p></p>



<h2 class="wp-block-heading">Missão</h2>



<p>Planejar, Fiscalizar, Coordenar e Promover a Agricultura Familiar do Município de Manaus e o abastecimento da Cidade, bem como ações de melhoria nos Mercados e Feiras, além do ordenamento do Comércio Informal que atua nos logradouros públicos, através de ações sustentáveis com Políticas Públicas que visem o desenvolvimento e o bem estar da População Manauara.</p>



<p></p>



<h2 class="wp-block-heading">Visão</h2>



<p>Até 2030, tornar o Município de Manaus referência na Região Norte, na prática da Agricultura Familiar, possibilitando o aumento e o abastecimento da Cidade Sustentável, além de ser modelo para cidadão que atuam e frequentam os Mercados e Feiras, através de ambientes limpos, saudáveis e que respeitam as normas técnicas sanitárias, e ainda, ser destaque no ordenamento do logradouros públicos da Cidade, em benefício da Sociedade Manauara.</p>



<p></p>



<h2 class="wp-block-heading">Valores</h2>



<p>Comprometimento Ético e Cooperativo, Transparência e Responsabilidade nas ações, Respeito ao Trabalho e ao Meio Ambiente, Integração para o alcance de resultados, Qualidade, Higiene e Organização, Trabalho em Equipe.</p>

<!-- This site is optimized with the Yoast SEO plugin v23.0 - https://yoast.com/wordpress/plugins/seo/ -->
<title>Nossa História - SEMACC</title>
<meta name="robots" content="noindex, follow" />
<meta property="og:locale" content="pt_BR" />
<meta property="og:type" content="article" />
<meta property="og:title" content="Nossa História - SEMACC" />
<meta property="og:url" content="https://www.manaus.am.gov.br/semacc/semacc/nossa-historia/" />
<meta property="og:site_name" content="SEMACC" />
<meta property="article:modified_time" content="2025-06-26T19:25:54+00:00" />
<meta property="og:image" content="https://www.manaus.am.gov.br/semacc/wp-content/uploads/sites/22/2024/07/thumb-default-2.png" />
	<meta property="og:image:width" content="966" />
	<meta property="og:image:height" content="520" />
	<meta property="og:image:type" content="image/png" />
<meta name="twitter:card" content="summary_large_image" />
<meta name="twitter:label1" content="Est. reading time" />
	<meta name="twitter:data1" content="3 minutos" />
<script type="application/ld+json" class="yoast-schema-graph">{"@context":"https://schema.org","@graph":[{"@type":"WebPage","@id":"https://www.manaus.am.gov.br/semacc/semacc/nossa-historia/","url":"https://www.manaus.am.gov.br/semacc/semacc/nossa-historia/","name":"Nossa História - SEMACC","isPartOf":{"@id":"https://www.manaus.am.gov.br/semacc/#website"},"datePublished":"2023-05-31T00:58:37+00:00","dateModified":"2025-06-26T19:25:54+00:00","breadcrumb":{"@id":"https://www.manaus.am.gov.br/semacc/semacc/nossa-historia/#breadcrumb"},"inLanguage":"pt-BR","potentialAction":[{"@type":"ReadAction","target":["https://www.manaus.am.gov.br/semacc/semacc/nossa-historia/"]}]},{"@type":"BreadcrumbList","@id":"https://www.manaus.am.gov.br/semacc/semacc/nossa-historia/#breadcrumb","itemListElement":[{"@type":"ListItem","position":1,"name":"Home","item":"https://www.manaus.am.gov.br/semacc/"},{"@type":"ListItem","position":2,"name":"Semacc","item":"https://www.manaus.am.gov.br/semacc/semacc/"},{"@type":"ListItem","position":3,"name":"Nossa História"}]},{"@type":"WebSite","@id":"https://www.manaus.am.gov.br/semacc/#website","url":"https://www.manaus.am.gov.br/semacc/","name":"SEMACC","description":"Prefeitura de Manaus","potentialAction":[{"@type":"SearchAction","target":{"@type":"EntryPoint","urlTemplate":"https://www.manaus.am.gov.br/semacc/?s={search_term_string}"},"query-input":"required name=search_term_string"}],"inLanguage":"pt-BR"}]}</script>
<!-- / Yoast SEO plugin. -->

Nossa História - SEMACC
