{"id":1206,"date":"2025-12-02T11:12:13","date_gmt":"2025-12-02T15:12:13","guid":{"rendered":"https:\/\/www.manaus.am.gov.br\/procon\/?page_id=1206"},"modified":"2025-12-02T11:22:33","modified_gmt":"2025-12-02T15:22:33","slug":"conteudo-de-ferias","status":"publish","type":"page","link":"https:\/\/www.manaus.am.gov.br\/procon\/conteudo-de-ferias\/","title":{"rendered":"Conte\u00fado de F\u00e9rias"},"content":{"rendered":"\n<p>\u201cNesse per\u00edodo de f\u00e9rias, o Procon Manaus disponibiliza conte\u00fados educativos voltados \u00e0 conscientiza\u00e7\u00e3o sobre os direitos do consumidor, consumo respons\u00e1vel e educa\u00e7\u00e3o financeira. Acesse, explore e aproveite os materiais desenvolvidos especialmente para voc\u00ea.\u201d<\/p>\n\n\n\n<p><\/p>\n\n\n\n<h2 class=\"wp-block-heading\"><a href=\"https:\/\/www.manaus.am.gov.br\/procon\/wp-content\/uploads\/sites\/29\/2025\/12\/CARTILHA-PROCON-NA-ESCOLA.pdf\">Cartilha PROCON na escola<\/a><\/h2>\n\n\n\n<h2 class=\"wp-block-heading\"><a href=\"https:\/\/www.manaus.am.gov.br\/procon\/wp-content\/uploads\/sites\/29\/2025\/12\/JOGOS-DIA-D.pdf\">Jogos Dia D<\/a><\/h2>\n\n\n\n<h2 class=\"wp-block-heading\"><a href=\"https:\/\/www.manaus.am.gov.br\/procon\/wp-content\/uploads\/sites\/29\/2025\/12\/FACA_COFRINHO.pdf\">Fa\u00e7a seu cofrinho<\/a><\/h2>\n\n\n\n<h2 class=\"wp-block-heading\"><a href=\"https:\/\/www.manaus.am.gov.br\/procon\/wp-content\/uploads\/sites\/29\/2025\/12\/SCA_0016_24_LONA_5X5M.pdf\">Tabuleiro Fiscal Mirim do PROCON<\/a><\/h2>\n\n\n\n<h2 class=\"wp-block-heading\"><a href=\"https:\/\/www.manaus.am.gov.br\/procon\/wp-content\/uploads\/sites\/29\/2025\/12\/SCA_0016_24_LONA_5X5M.pdf\">Tabuleiro Fiscal Mirim do PROCON com personagens<\/a><\/h2>\n\n\n\n<p><\/p>\n\n\n\n<p><\/p>\n\n\n\n<p>Para d\u00favidas ou orienta\u00e7\u00f5es, entre em contato pelo e-mail <a href=\"mailto:proconmanaus@manaus.am.gov.br\" target=\"_blank\" rel=\"noreferrer noopener\">proconmanaus@manaus.am.gov.br<\/a> ou pelo WhatsApp <a href=\"callto:(92) 98802-3893\">(92) 98802-3893<\/a>.<\/p>\n","protected":false},"excerpt":{"rendered":"","protected":false},"author":8,"featured_media":0,"parent":0,"menu_order":0,"comment_status":"closed","ping_status":"closed","template":"","meta":{"footnotes":""},"acf":[],"yoast_head":"<!-- This site is optimized with the Yoast SEO plugin v23.0 - https:\/\/yoast.com\/wordpress\/plugins\/seo\/ -->\n<title>Conte\u00fado de F\u00e9rias - PROCON<\/title>\n<meta name=\"robots\" content=\"index, follow, max-snippet:-1, max-image-preview:large, max-video-preview:-1\" \/>\n<link rel=\"canonical\" href=\"https:\/\/www.manaus.am.gov.br\/procon\/conteudo-de-ferias\/\" \/>\n<meta property=\"og:locale\" content=\"pt_BR\" \/>\n<meta property=\"og:type\" content=\"article\" \/>\n<meta property=\"og:title\" content=\"Conte\u00fado de F\u00e9rias - PROCON\" \/>\n<meta property=\"og:url\" content=\"https:\/\/www.manaus.am.gov.br\/procon\/conteudo-de-ferias\/\" \/>\n<meta property=\"og:site_name\" content=\"PROCON\" \/>\n<meta property=\"article:publisher\" content=\"https:\/\/www.facebook.com\/people\/Procon-Manaus\/\" \/>\n<meta property=\"article:modified_time\" content=\"2025-12-02T15:22:33+00:00\" \/>\n<meta property=\"og:image\" content=\"https:\/\/www.manaus.am.gov.br\/procon\/wp-content\/uploads\/sites\/29\/2024\/07\/thumb-default-2.png\" \/>\n\t<meta property=\"og:image:width\" content=\"966\" \/>\n\t<meta property=\"og:image:height\" content=\"520\" \/>\n\t<meta property=\"og:image:type\" content=\"image\/png\" \/>\n<meta name=\"twitter:card\" content=\"summary_large_image\" \/>\n<meta name=\"twitter:label1\" content=\"Est. reading time\" \/>\n\t<meta name=\"twitter:data1\" content=\"1 minuto\" \/>\n<script type=\"application\/ld+json\" class=\"yoast-schema-graph\">{\"@context\":\"https:\/\/schema.org\",\"@graph\":[{\"@type\":\"WebPage\",\"@id\":\"https:\/\/www.manaus.am.gov.br\/procon\/conteudo-de-ferias\/\",\"url\":\"https:\/\/www.manaus.am.gov.br\/procon\/conteudo-de-ferias\/\",\"name\":\"Conte\u00fado de F\u00e9rias - PROCON\",\"isPartOf\":{\"@id\":\"https:\/\/www.manaus.am.gov.br\/procon\/#website\"},\"datePublished\":\"2025-12-02T15:12:13+00:00\",\"dateModified\":\"2025-12-02T15:22:33+00:00\",\"breadcrumb\":{\"@id\":\"https:\/\/www.manaus.am.gov.br\/procon\/conteudo-de-ferias\/#breadcrumb\"},\"inLanguage\":\"pt-BR\",\"potentialAction\":[{\"@type\":\"ReadAction\",\"target\":[\"https:\/\/www.manaus.am.gov.br\/procon\/conteudo-de-ferias\/\"]}]},{\"@type\":\"BreadcrumbList\",\"@id\":\"https:\/\/www.manaus.am.gov.br\/procon\/conteudo-de-ferias\/#breadcrumb\",\"itemListElement\":[{\"@type\":\"ListItem\",\"position\":1,\"name\":\"Home\",\"item\":\"https:\/\/www.manaus.am.gov.br\/procon\/\"},{\"@type\":\"ListItem\",\"position\":2,\"name\":\"Conte\u00fado de F\u00e9rias\"}]},{\"@type\":\"WebSite\",\"@id\":\"https:\/\/www.manaus.am.gov.br\/procon\/#website\",\"url\":\"https:\/\/www.manaus.am.gov.br\/procon\/\",\"name\":\"PROCON MANAUS\",\"description\":\"Procon Manaus\",\"publisher\":{\"@id\":\"https:\/\/www.manaus.am.gov.br\/procon\/#organization\"},\"alternateName\":\"PROCON da Prefeitura de Manaus\",\"potentialAction\":[{\"@type\":\"SearchAction\",\"target\":{\"@type\":\"EntryPoint\",\"urlTemplate\":\"https:\/\/www.manaus.am.gov.br\/procon\/?s={search_term_string}\"},\"query-input\":\"required name=search_term_string\"}],\"inLanguage\":\"pt-BR\"},{\"@type\":\"Organization\",\"@id\":\"https:\/\/www.manaus.am.gov.br\/procon\/#organization\",\"name\":\"PROCON MANAUS\",\"alternateName\":\"Prefeitura de Manaus\",\"url\":\"https:\/\/www.manaus.am.gov.br\/procon\/\",\"logo\":{\"@type\":\"ImageObject\",\"inLanguage\":\"pt-BR\",\"@id\":\"https:\/\/www.manaus.am.gov.br\/procon\/#\/schema\/logo\/image\/\",\"url\":\"https:\/\/www.manaus.am.gov.br\/procon\/wp-content\/uploads\/sites\/29\/2024\/05\/favicon.png\",\"contentUrl\":\"https:\/\/www.manaus.am.gov.br\/procon\/wp-content\/uploads\/sites\/29\/2024\/05\/favicon.png\",\"width\":300,\"height\":300,\"caption\":\"PROCON MANAUS\"},\"image\":{\"@id\":\"https:\/\/www.manaus.am.gov.br\/procon\/#\/schema\/logo\/image\/\"},\"sameAs\":[\"https:\/\/www.facebook.com\/people\/Procon-Manaus\/\",\"https:\/\/www.instagram.com\/proconmanaus\/\"]}]}<\/script>\n<!-- \/ Yoast SEO plugin. -->","yoast_head_json":{"title":"Conte\u00fado de F\u00e9rias - PROCON","robots":{"index":"index","follow":"follow","max-snippet":"max-snippet:-1","max-image-preview":"max-image-preview:large","max-video-preview":"max-video-preview:-1"},"canonical":"https:\/\/www.manaus.am.gov.br\/procon\/conteudo-de-ferias\/","og_locale":"pt_BR","og_type":"article","og_title":"Conte\u00fado de F\u00e9rias - PROCON","og_url":"https:\/\/www.manaus.am.gov.br\/procon\/conteudo-de-ferias\/","og_site_name":"PROCON","article_publisher":"https:\/\/www.facebook.com\/people\/Procon-Manaus\/","article_modified_time":"2025-12-02T15:22:33+00:00","og_image":[{"width":966,"height":520,"url":"https:\/\/www.manaus.am.gov.br\/procon\/wp-content\/uploads\/sites\/29\/2024\/07\/thumb-default-2.png","type":"image\/png"}],"twitter_card":"summary_large_image","twitter_misc":{"Est. reading time":"1 minuto"},"schema":{"@context":"https:\/\/schema.org","@graph":[{"@type":"WebPage","@id":"https:\/\/www.manaus.am.gov.br\/procon\/conteudo-de-ferias\/","url":"https:\/\/www.manaus.am.gov.br\/procon\/conteudo-de-ferias\/","name":"Conte\u00fado de F\u00e9rias - PROCON","isPartOf":{"@id":"https:\/\/www.manaus.am.gov.br\/procon\/#website"},"datePublished":"2025-12-02T15:12:13+00:00","dateModified":"2025-12-02T15:22:33+00:00","breadcrumb":{"@id":"https:\/\/www.manaus.am.gov.br\/procon\/conteudo-de-ferias\/#breadcrumb"},"inLanguage":"pt-BR","potentialAction":[{"@type":"ReadAction","target":["https:\/\/www.manaus.am.gov.br\/procon\/conteudo-de-ferias\/"]}]},{"@type":"BreadcrumbList","@id":"https:\/\/www.manaus.am.gov.br\/procon\/conteudo-de-ferias\/#breadcrumb","itemListElement":[{"@type":"ListItem","position":1,"name":"Home","item":"https:\/\/www.manaus.am.gov.br\/procon\/"},{"@type":"ListItem","position":2,"name":"Conte\u00fado de F\u00e9rias"}]},{"@type":"WebSite","@id":"https:\/\/www.manaus.am.gov.br\/procon\/#website","url":"https:\/\/www.manaus.am.gov.br\/procon\/","name":"PROCON MANAUS","description":"Procon Manaus","publisher":{"@id":"https:\/\/www.manaus.am.gov.br\/procon\/#organization"},"alternateName":"PROCON da Prefeitura de Manaus","potentialAction":[{"@type":"SearchAction","target":{"@type":"EntryPoint","urlTemplate":"https:\/\/www.manaus.am.gov.br\/procon\/?s={search_term_string}"},"query-input":"required name=search_term_string"}],"inLanguage":"pt-BR"},{"@type":"Organization","@id":"https:\/\/www.manaus.am.gov.br\/procon\/#organization","name":"PROCON MANAUS","alternateName":"Prefeitura de Manaus","url":"https:\/\/www.manaus.am.gov.br\/procon\/","logo":{"@type":"ImageObject","inLanguage":"pt-BR","@id":"https:\/\/www.manaus.am.gov.br\/procon\/#\/schema\/logo\/image\/","url":"https:\/\/www.manaus.am.gov.br\/procon\/wp-content\/uploads\/sites\/29\/2024\/05\/favicon.png","contentUrl":"https:\/\/www.manaus.am.gov.br\/procon\/wp-content\/uploads\/sites\/29\/2024\/05\/favicon.png","width":300,"height":300,"caption":"PROCON MANAUS"},"image":{"@id":"https:\/\/www.manaus.am.gov.br\/procon\/#\/schema\/logo\/image\/"},"sameAs":["https:\/\/www.facebook.com\/people\/Procon-Manaus\/","https:\/\/www.instagram.com\/proconmanaus\/"]}]}},"_links":{"self":[{"href":"https:\/\/www.manaus.am.gov.br\/procon\/wp-json\/wp\/v2\/pages\/1206"}],"collection":[{"href":"https:\/\/www.manaus.am.gov.br\/procon\/wp-json\/wp\/v2\/pages"}],"about":[{"href":"https:\/\/www.manaus.am.gov.br\/procon\/wp-json\/wp\/v2\/types\/page"}],"author":[{"embeddable":true,"href":"https:\/\/www.manaus.am.gov.br\/procon\/wp-json\/wp\/v2\/users\/8"}],"replies":[{"embeddable":true,"href":"https:\/\/www.manaus.am.gov.br\/procon\/wp-json\/wp\/v2\/comments?post=1206"}],"version-history":[{"count":3,"href":"https:\/\/www.manaus.am.gov.br\/procon\/wp-json\/wp\/v2\/pages\/1206\/revisions"}],"predecessor-version":[{"id":1219,"href":"https:\/\/www.manaus.am.gov.br\/procon\/wp-json\/wp\/v2\/pages\/1206\/revisions\/1219"}],"wp:attachment":[{"href":"https:\/\/www.manaus.am.gov.br\/procon\/wp-json\/wp\/v2\/media?parent=1206"}],"curies":[{"name":"wp","href":"https:\/\/api.w.org\/{rel}","templated":true}]}}