{"id":1155,"date":"2025-10-14T08:43:59","date_gmt":"2025-10-14T12:43:59","guid":{"rendered":"https:\/\/www.manaus.am.gov.br\/procon\/?page_id=1155"},"modified":"2025-10-14T08:43:59","modified_gmt":"2025-10-14T12:43:59","slug":"recomendacao-administrativa","status":"publish","type":"page","link":"https:\/\/www.manaus.am.gov.br\/procon\/recomendacao-administrativa\/","title":{"rendered":"Recomenda\u00e7\u00e3o Administrativa"},"content":{"rendered":"\n<p>Devido aos recentes casos de adultera\u00e7\u00e3o de bebidas alco\u00f3licas com metanol registrados no pa\u00eds, o Procon Manaus publicou a Recomenda\u00e7\u00e3o Administrativa n\u00ba 01\/2025, com o objetivo de orientar e prevenir riscos \u00e0 sa\u00fade e \u00e0 seguran\u00e7a dos consumidores.<\/p>\n\n\n\n<p>O documento est\u00e1 dispon\u00edvel para consulta p\u00fablica neste espa\u00e7o, garantindo transpar\u00eancia e acesso \u00e0s a\u00e7\u00f5es do \u00f3rg\u00e3o. Em caso de d\u00favidas, entre em contato pelo e-mail: <a href=\"mailto:proconmanaus@manaus.am.gov.br\" target=\"_blank\" rel=\"noreferrer noopener\">proconmanaus@manaus.am.gov.br<\/a>.<\/p>\n\n\n\n<div data-wp-interactive=\"\" class=\"wp-block-file\"><object data-wp-bind--hidden=\"!selectors.core.file.hasPdfPreview\" hidden class=\"wp-block-file__embed\" data=\"https:\/\/www.manaus.am.gov.br\/procon\/wp-content\/uploads\/sites\/29\/2025\/10\/DOM-6173-10.10.2025-CAD-1.pdf\" type=\"application\/pdf\" style=\"width:100%;height:600px\" aria-label=\"Incorporar PDF\"><\/object><\/div>\n\n\n\n<p><a href=\"http:\/\/dom.manaus.am.gov.br\/pdf\/2025\/outubro\/DOM%206173%2010.10.2025%20CAD%201.pdf\">Publicado no Di\u00e1rio Oficial do Munic\u00edpio em 10 de outubro de 2025.<\/a><\/p>\n","protected":false},"excerpt":{"rendered":"","protected":false},"author":8,"featured_media":0,"parent":0,"menu_order":0,"comment_status":"closed","ping_status":"closed","template":"","meta":{"footnotes":""},"acf":[],"yoast_head":"<!-- This site is optimized with the Yoast SEO plugin v23.0 - https:\/\/yoast.com\/wordpress\/plugins\/seo\/ -->\n<title>Recomenda\u00e7\u00e3o Administrativa - PROCON<\/title>\n<meta name=\"robots\" content=\"index, follow, max-snippet:-1, max-image-preview:large, max-video-preview:-1\" \/>\n<link rel=\"canonical\" href=\"https:\/\/www.manaus.am.gov.br\/procon\/recomendacao-administrativa\/\" \/>\n<meta property=\"og:locale\" content=\"pt_BR\" \/>\n<meta property=\"og:type\" content=\"article\" \/>\n<meta property=\"og:title\" content=\"Recomenda\u00e7\u00e3o Administrativa - PROCON\" \/>\n<meta property=\"og:url\" content=\"https:\/\/www.manaus.am.gov.br\/procon\/recomendacao-administrativa\/\" \/>\n<meta property=\"og:site_name\" content=\"PROCON\" \/>\n<meta property=\"article:publisher\" content=\"https:\/\/www.facebook.com\/people\/Procon-Manaus\/\" \/>\n<meta property=\"og:image\" content=\"https:\/\/www.manaus.am.gov.br\/procon\/wp-content\/uploads\/sites\/29\/2024\/07\/thumb-default-2.png\" \/>\n\t<meta property=\"og:image:width\" content=\"966\" \/>\n\t<meta property=\"og:image:height\" content=\"520\" \/>\n\t<meta property=\"og:image:type\" content=\"image\/png\" \/>\n<meta name=\"twitter:card\" content=\"summary_large_image\" \/>\n<script type=\"application\/ld+json\" class=\"yoast-schema-graph\">{\"@context\":\"https:\/\/schema.org\",\"@graph\":[{\"@type\":\"WebPage\",\"@id\":\"https:\/\/www.manaus.am.gov.br\/procon\/recomendacao-administrativa\/\",\"url\":\"https:\/\/www.manaus.am.gov.br\/procon\/recomendacao-administrativa\/\",\"name\":\"Recomenda\u00e7\u00e3o Administrativa - PROCON\",\"isPartOf\":{\"@id\":\"https:\/\/www.manaus.am.gov.br\/procon\/#website\"},\"datePublished\":\"2025-10-14T12:43:59+00:00\",\"dateModified\":\"2025-10-14T12:43:59+00:00\",\"breadcrumb\":{\"@id\":\"https:\/\/www.manaus.am.gov.br\/procon\/recomendacao-administrativa\/#breadcrumb\"},\"inLanguage\":\"pt-BR\",\"potentialAction\":[{\"@type\":\"ReadAction\",\"target\":[\"https:\/\/www.manaus.am.gov.br\/procon\/recomendacao-administrativa\/\"]}]},{\"@type\":\"BreadcrumbList\",\"@id\":\"https:\/\/www.manaus.am.gov.br\/procon\/recomendacao-administrativa\/#breadcrumb\",\"itemListElement\":[{\"@type\":\"ListItem\",\"position\":1,\"name\":\"Home\",\"item\":\"https:\/\/www.manaus.am.gov.br\/procon\/\"},{\"@type\":\"ListItem\",\"position\":2,\"name\":\"Recomenda\u00e7\u00e3o Administrativa\"}]},{\"@type\":\"WebSite\",\"@id\":\"https:\/\/www.manaus.am.gov.br\/procon\/#website\",\"url\":\"https:\/\/www.manaus.am.gov.br\/procon\/\",\"name\":\"PROCON MANAUS\",\"description\":\"Procon Manaus\",\"publisher\":{\"@id\":\"https:\/\/www.manaus.am.gov.br\/procon\/#organization\"},\"alternateName\":\"PROCON da Prefeitura de Manaus\",\"potentialAction\":[{\"@type\":\"SearchAction\",\"target\":{\"@type\":\"EntryPoint\",\"urlTemplate\":\"https:\/\/www.manaus.am.gov.br\/procon\/?s={search_term_string}\"},\"query-input\":\"required name=search_term_string\"}],\"inLanguage\":\"pt-BR\"},{\"@type\":\"Organization\",\"@id\":\"https:\/\/www.manaus.am.gov.br\/procon\/#organization\",\"name\":\"PROCON MANAUS\",\"alternateName\":\"Prefeitura de Manaus\",\"url\":\"https:\/\/www.manaus.am.gov.br\/procon\/\",\"logo\":{\"@type\":\"ImageObject\",\"inLanguage\":\"pt-BR\",\"@id\":\"https:\/\/www.manaus.am.gov.br\/procon\/#\/schema\/logo\/image\/\",\"url\":\"https:\/\/www.manaus.am.gov.br\/procon\/wp-content\/uploads\/sites\/29\/2024\/05\/favicon.png\",\"contentUrl\":\"https:\/\/www.manaus.am.gov.br\/procon\/wp-content\/uploads\/sites\/29\/2024\/05\/favicon.png\",\"width\":300,\"height\":300,\"caption\":\"PROCON MANAUS\"},\"image\":{\"@id\":\"https:\/\/www.manaus.am.gov.br\/procon\/#\/schema\/logo\/image\/\"},\"sameAs\":[\"https:\/\/www.facebook.com\/people\/Procon-Manaus\/\",\"https:\/\/www.instagram.com\/proconmanaus\/\"]}]}<\/script>\n<!-- \/ Yoast SEO plugin. -->","yoast_head_json":{"title":"Recomenda\u00e7\u00e3o Administrativa - PROCON","robots":{"index":"index","follow":"follow","max-snippet":"max-snippet:-1","max-image-preview":"max-image-preview:large","max-video-preview":"max-video-preview:-1"},"canonical":"https:\/\/www.manaus.am.gov.br\/procon\/recomendacao-administrativa\/","og_locale":"pt_BR","og_type":"article","og_title":"Recomenda\u00e7\u00e3o Administrativa - PROCON","og_url":"https:\/\/www.manaus.am.gov.br\/procon\/recomendacao-administrativa\/","og_site_name":"PROCON","article_publisher":"https:\/\/www.facebook.com\/people\/Procon-Manaus\/","og_image":[{"width":966,"height":520,"url":"https:\/\/www.manaus.am.gov.br\/procon\/wp-content\/uploads\/sites\/29\/2024\/07\/thumb-default-2.png","type":"image\/png"}],"twitter_card":"summary_large_image","schema":{"@context":"https:\/\/schema.org","@graph":[{"@type":"WebPage","@id":"https:\/\/www.manaus.am.gov.br\/procon\/recomendacao-administrativa\/","url":"https:\/\/www.manaus.am.gov.br\/procon\/recomendacao-administrativa\/","name":"Recomenda\u00e7\u00e3o Administrativa - PROCON","isPartOf":{"@id":"https:\/\/www.manaus.am.gov.br\/procon\/#website"},"datePublished":"2025-10-14T12:43:59+00:00","dateModified":"2025-10-14T12:43:59+00:00","breadcrumb":{"@id":"https:\/\/www.manaus.am.gov.br\/procon\/recomendacao-administrativa\/#breadcrumb"},"inLanguage":"pt-BR","potentialAction":[{"@type":"ReadAction","target":["https:\/\/www.manaus.am.gov.br\/procon\/recomendacao-administrativa\/"]}]},{"@type":"BreadcrumbList","@id":"https:\/\/www.manaus.am.gov.br\/procon\/recomendacao-administrativa\/#breadcrumb","itemListElement":[{"@type":"ListItem","position":1,"name":"Home","item":"https:\/\/www.manaus.am.gov.br\/procon\/"},{"@type":"ListItem","position":2,"name":"Recomenda\u00e7\u00e3o Administrativa"}]},{"@type":"WebSite","@id":"https:\/\/www.manaus.am.gov.br\/procon\/#website","url":"https:\/\/www.manaus.am.gov.br\/procon\/","name":"PROCON MANAUS","description":"Procon Manaus","publisher":{"@id":"https:\/\/www.manaus.am.gov.br\/procon\/#organization"},"alternateName":"PROCON da Prefeitura de Manaus","potentialAction":[{"@type":"SearchAction","target":{"@type":"EntryPoint","urlTemplate":"https:\/\/www.manaus.am.gov.br\/procon\/?s={search_term_string}"},"query-input":"required name=search_term_string"}],"inLanguage":"pt-BR"},{"@type":"Organization","@id":"https:\/\/www.manaus.am.gov.br\/procon\/#organization","name":"PROCON MANAUS","alternateName":"Prefeitura de Manaus","url":"https:\/\/www.manaus.am.gov.br\/procon\/","logo":{"@type":"ImageObject","inLanguage":"pt-BR","@id":"https:\/\/www.manaus.am.gov.br\/procon\/#\/schema\/logo\/image\/","url":"https:\/\/www.manaus.am.gov.br\/procon\/wp-content\/uploads\/sites\/29\/2024\/05\/favicon.png","contentUrl":"https:\/\/www.manaus.am.gov.br\/procon\/wp-content\/uploads\/sites\/29\/2024\/05\/favicon.png","width":300,"height":300,"caption":"PROCON MANAUS"},"image":{"@id":"https:\/\/www.manaus.am.gov.br\/procon\/#\/schema\/logo\/image\/"},"sameAs":["https:\/\/www.facebook.com\/people\/Procon-Manaus\/","https:\/\/www.instagram.com\/proconmanaus\/"]}]}},"_links":{"self":[{"href":"https:\/\/www.manaus.am.gov.br\/procon\/wp-json\/wp\/v2\/pages\/1155"}],"collection":[{"href":"https:\/\/www.manaus.am.gov.br\/procon\/wp-json\/wp\/v2\/pages"}],"about":[{"href":"https:\/\/www.manaus.am.gov.br\/procon\/wp-json\/wp\/v2\/types\/page"}],"author":[{"embeddable":true,"href":"https:\/\/www.manaus.am.gov.br\/procon\/wp-json\/wp\/v2\/users\/8"}],"replies":[{"embeddable":true,"href":"https:\/\/www.manaus.am.gov.br\/procon\/wp-json\/wp\/v2\/comments?post=1155"}],"version-history":[{"count":2,"href":"https:\/\/www.manaus.am.gov.br\/procon\/wp-json\/wp\/v2\/pages\/1155\/revisions"}],"predecessor-version":[{"id":1158,"href":"https:\/\/www.manaus.am.gov.br\/procon\/wp-json\/wp\/v2\/pages\/1155\/revisions\/1158"}],"wp:attachment":[{"href":"https:\/\/www.manaus.am.gov.br\/procon\/wp-json\/wp\/v2\/media?parent=1155"}],"curies":[{"name":"wp","href":"https:\/\/api.w.org\/{rel}","templated":true}]}}

Recomendação Administrativa

<p>Devido aos recentes casos de adulteração de bebidas alcoólicas com metanol registrados no país, o Procon Manaus publicou a Recomendação Administrativa nº 01/2025, com o objetivo de orientar e prevenir riscos à saúde e à segurança dos consumidores.</p>



<p>O documento está disponível para consulta pública neste espaço, garantindo transparência e acesso às ações do órgão. Em caso de dúvidas, entre em contato pelo e-mail: <a href="mailto:proconmanaus@manaus.am.gov.br" target="_blank" rel="noreferrer noopener">proconmanaus@manaus.am.gov.br</a>.</p>



<div data-wp-interactive="" class="wp-block-file"><object data-wp-bind--hidden="!selectors.core.file.hasPdfPreview" hidden class="wp-block-file__embed" data="https://www.manaus.am.gov.br/procon/wp-content/uploads/sites/29/2025/10/DOM-6173-10.10.2025-CAD-1.pdf" type="application/pdf" style="width:100%;height:600px" aria-label="Incorporar PDF"></object></div>



<p><a href="http://dom.manaus.am.gov.br/pdf/2025/outubro/DOM%206173%2010.10.2025%20CAD%201.pdf">Publicado no Diário Oficial do Município em 10 de outubro de 2025.</a></p>

<!-- This site is optimized with the Yoast SEO plugin v23.0 - https://yoast.com/wordpress/plugins/seo/ -->
<title>Recomendação Administrativa - PROCON</title>
<meta name="robots" content="index, follow, max-snippet:-1, max-image-preview:large, max-video-preview:-1" />
<link rel="canonical" href="https://www.manaus.am.gov.br/procon/recomendacao-administrativa/" />
<meta property="og:locale" content="pt_BR" />
<meta property="og:type" content="article" />
<meta property="og:title" content="Recomendação Administrativa - PROCON" />
<meta property="og:url" content="https://www.manaus.am.gov.br/procon/recomendacao-administrativa/" />
<meta property="og:site_name" content="PROCON" />
<meta property="article:publisher" content="https://www.facebook.com/people/Procon-Manaus/" />
<meta property="og:image" content="https://www.manaus.am.gov.br/procon/wp-content/uploads/sites/29/2024/07/thumb-default-2.png" />
	<meta property="og:image:width" content="966" />
	<meta property="og:image:height" content="520" />
	<meta property="og:image:type" content="image/png" />
<meta name="twitter:card" content="summary_large_image" />
<script type="application/ld+json" class="yoast-schema-graph">{"@context":"https://schema.org","@graph":[{"@type":"WebPage","@id":"https://www.manaus.am.gov.br/procon/recomendacao-administrativa/","url":"https://www.manaus.am.gov.br/procon/recomendacao-administrativa/","name":"Recomendação Administrativa - PROCON","isPartOf":{"@id":"https://www.manaus.am.gov.br/procon/#website"},"datePublished":"2025-10-14T12:43:59+00:00","dateModified":"2025-10-14T12:43:59+00:00","breadcrumb":{"@id":"https://www.manaus.am.gov.br/procon/recomendacao-administrativa/#breadcrumb"},"inLanguage":"pt-BR","potentialAction":[{"@type":"ReadAction","target":["https://www.manaus.am.gov.br/procon/recomendacao-administrativa/"]}]},{"@type":"BreadcrumbList","@id":"https://www.manaus.am.gov.br/procon/recomendacao-administrativa/#breadcrumb","itemListElement":[{"@type":"ListItem","position":1,"name":"Home","item":"https://www.manaus.am.gov.br/procon/"},{"@type":"ListItem","position":2,"name":"Recomendação Administrativa"}]},{"@type":"WebSite","@id":"https://www.manaus.am.gov.br/procon/#website","url":"https://www.manaus.am.gov.br/procon/","name":"PROCON MANAUS","description":"Procon Manaus","publisher":{"@id":"https://www.manaus.am.gov.br/procon/#organization"},"alternateName":"PROCON da Prefeitura de Manaus","potentialAction":[{"@type":"SearchAction","target":{"@type":"EntryPoint","urlTemplate":"https://www.manaus.am.gov.br/procon/?s={search_term_string}"},"query-input":"required name=search_term_string"}],"inLanguage":"pt-BR"},{"@type":"Organization","@id":"https://www.manaus.am.gov.br/procon/#organization","name":"PROCON MANAUS","alternateName":"Prefeitura de Manaus","url":"https://www.manaus.am.gov.br/procon/","logo":{"@type":"ImageObject","inLanguage":"pt-BR","@id":"https://www.manaus.am.gov.br/procon/#/schema/logo/image/","url":"https://www.manaus.am.gov.br/procon/wp-content/uploads/sites/29/2024/05/favicon.png","contentUrl":"https://www.manaus.am.gov.br/procon/wp-content/uploads/sites/29/2024/05/favicon.png","width":300,"height":300,"caption":"PROCON MANAUS"},"image":{"@id":"https://www.manaus.am.gov.br/procon/#/schema/logo/image/"},"sameAs":["https://www.facebook.com/people/Procon-Manaus/","https://www.instagram.com/proconmanaus/"]}]}</script>
<!-- / Yoast SEO plugin. -->

Recomendação Administrativa - PROCON
