{"id":183,"date":"2023-02-07T12:02:33","date_gmt":"2023-02-07T15:02:33","guid":{"rendered":"https:\/\/www.manaus.am.gov.br\/pgm\/?page_id=183"},"modified":"2024-07-15T08:29:41","modified_gmt":"2024-07-15T12:29:41","slug":"sobre","status":"publish","type":"page","link":"https:\/\/www.manaus.am.gov.br\/pgm\/procuradoria\/sobre\/","title":{"rendered":"Sobre"},"content":{"rendered":"\n<p>A Procuradoria Geral do Munic\u00edpio (PGM) iniciou como Secretaria Municipal de Assuntos Jur\u00eddicos, criada nos termos da Lei N.\u00ba. 1.795, de 17 de dezembro de 1985. Somente em 1989 foi criado o cargo de Procurador Municipal, substituindo os cargos de T\u00e9cnicos em Ci\u00eancias Humanas, com equival\u00eancia na fun\u00e7\u00e3o de Advogado. Desde a sua cria\u00e7\u00e3o at\u00e9 hoje, a Procuradoria foi comandada por 09 gestores.<\/p>\n\n\n\n<p>A primeira sede da PGM funcionava em um im\u00f3vel na Rua Itamarac\u00e1, s\/n, no Centro. Em 1998, a Procuradoria foi transferida para a sede da Prefeitura no bairro da Compensa, no pr\u00e9dio da SEMEF, onde hoje funciona a Ouvidoria da Prefeitura Municipal de Manaus. Em agosto de 2007, fixou-se na Av. Brasil, N.\u00ba 2971, no Bairro da Compensa I, ao lado da Prefeitura Municipal de Manaus, onde est\u00e1 localizada at\u00e9 hoje.<\/p>\n\n\n\n<p>Com a mudan\u00e7a da PGM, da Av. Itamarac\u00e1 para a Prefeitura, as Procuradorias Especializadas ficaram nesta sede e as Procuradorias do Contencioso Tribut\u00e1rio e da D\u00edvida Ativa fisicamente, foram deslocadas para o Pr\u00e9dio da SEMEF, na Av. Joaquim Nabuco, e posteriormente para a Av. Japur\u00e1 ,no Pr\u00e9dio do Programa Manaus F\u00e1cil, em julho de 2009 e finalmente em 1\u00ba de Outubro de 2010,se fixaram no F\u00f3rum Ministro Henoch Reis, onde funciona o N\u00facleo Avan\u00e7ado de Cobran\u00e7a da D\u00edvida Ativa e permanecem at\u00e9 o presente momento.<\/p>\n\n\n\n<p>No decorrer do tempo a Procuradoria Geral do Munic\u00edpio j\u00e1 passou por v\u00e1rias modifica\u00e7\u00f5es em sua estrutura organizacional, mas hoje conta com 7 Procuradorias Especializadas, dentre elas: Procuradoria Administrativa, do Patrim\u00f4nio Municipal, de Pessoal,Trabalhista ,de Meio Ambiente e Urbanismo, do Contencioso Tribut\u00e1rio , da D\u00edvida Ativa e Cobran\u00e7a Extrajudicial e 2 Coordenadorias, al\u00e9m do Centro de Estudos, Divulga\u00e7\u00e3o e Biblioteca e a Superintend\u00eancia de Registro Imobili\u00e1rio.<\/p>\n\n\n\n<p>Dentro desta estrutura, a Procuradoria Geral do Munic\u00edpio tem por objetivos atuar na representa\u00e7\u00e3o judicial e extrajudicial do Munic\u00edpio de Cobran\u00e7a Administrativa ou judicial da D\u00edvida Ativa ou de qualquer natureza, defender os interesses do Munic\u00edpio, al\u00e9m de prestar consultoria e assessoria jur\u00eddica.<\/p>\n","protected":false},"excerpt":{"rendered":"","protected":false},"author":27,"featured_media":0,"parent":181,"menu_order":0,"comment_status":"closed","ping_status":"closed","template":"templates\/turismo.php","meta":{"footnotes":""},"acf":[],"yoast_head":"<!-- This site is optimized with the Yoast SEO plugin v23.0 - https:\/\/yoast.com\/wordpress\/plugins\/seo\/ -->\n<title>Sobre - PGM<\/title>\n<meta name=\"robots\" content=\"noindex, follow\" \/>\n<meta property=\"og:locale\" content=\"pt_BR\" \/>\n<meta property=\"og:type\" content=\"article\" \/>\n<meta property=\"og:title\" content=\"Sobre - PGM\" \/>\n<meta property=\"og:url\" content=\"https:\/\/www.manaus.am.gov.br\/pgm\/procuradoria\/sobre\/\" \/>\n<meta property=\"og:site_name\" content=\"PGM\" \/>\n<meta property=\"article:modified_time\" content=\"2024-07-15T12:29:41+00:00\" \/>\n<meta name=\"twitter:card\" content=\"summary_large_image\" \/>\n<meta name=\"twitter:label1\" content=\"Est. reading time\" \/>\n\t<meta name=\"twitter:data1\" content=\"2 minutos\" \/>\n<script type=\"application\/ld+json\" class=\"yoast-schema-graph\">{\"@context\":\"https:\/\/schema.org\",\"@graph\":[{\"@type\":\"WebPage\",\"@id\":\"https:\/\/www.manaus.am.gov.br\/pgm\/procuradoria\/sobre\/\",\"url\":\"https:\/\/www.manaus.am.gov.br\/pgm\/procuradoria\/sobre\/\",\"name\":\"Sobre - PGM\",\"isPartOf\":{\"@id\":\"https:\/\/www.manaus.am.gov.br\/pgm\/#website\"},\"datePublished\":\"2023-02-07T15:02:33+00:00\",\"dateModified\":\"2024-07-15T12:29:41+00:00\",\"breadcrumb\":{\"@id\":\"https:\/\/www.manaus.am.gov.br\/pgm\/procuradoria\/sobre\/#breadcrumb\"},\"inLanguage\":\"pt-BR\",\"potentialAction\":[{\"@type\":\"ReadAction\",\"target\":[\"https:\/\/www.manaus.am.gov.br\/pgm\/procuradoria\/sobre\/\"]}]},{\"@type\":\"BreadcrumbList\",\"@id\":\"https:\/\/www.manaus.am.gov.br\/pgm\/procuradoria\/sobre\/#breadcrumb\",\"itemListElement\":[{\"@type\":\"ListItem\",\"position\":1,\"name\":\"Home\",\"item\":\"https:\/\/www.manaus.am.gov.br\/pgm\/\"},{\"@type\":\"ListItem\",\"position\":2,\"name\":\"Procuradoria\",\"item\":\"https:\/\/www.manaus.am.gov.br\/pgm\/procuradoria\/\"},{\"@type\":\"ListItem\",\"position\":3,\"name\":\"Sobre\"}]},{\"@type\":\"WebSite\",\"@id\":\"https:\/\/www.manaus.am.gov.br\/pgm\/#website\",\"url\":\"https:\/\/www.manaus.am.gov.br\/pgm\/\",\"name\":\"PGM\",\"description\":\"Procuradoria Geral do Mun\u00edcipio\",\"potentialAction\":[{\"@type\":\"SearchAction\",\"target\":{\"@type\":\"EntryPoint\",\"urlTemplate\":\"https:\/\/www.manaus.am.gov.br\/pgm\/?s={search_term_string}\"},\"query-input\":\"required name=search_term_string\"}],\"inLanguage\":\"pt-BR\"}]}<\/script>\n<!-- \/ Yoast SEO plugin. -->","yoast_head_json":{"title":"Sobre - PGM","robots":{"index":"noindex","follow":"follow"},"og_locale":"pt_BR","og_type":"article","og_title":"Sobre - PGM","og_url":"https:\/\/www.manaus.am.gov.br\/pgm\/procuradoria\/sobre\/","og_site_name":"PGM","article_modified_time":"2024-07-15T12:29:41+00:00","twitter_card":"summary_large_image","twitter_misc":{"Est. reading time":"2 minutos"},"schema":{"@context":"https:\/\/schema.org","@graph":[{"@type":"WebPage","@id":"https:\/\/www.manaus.am.gov.br\/pgm\/procuradoria\/sobre\/","url":"https:\/\/www.manaus.am.gov.br\/pgm\/procuradoria\/sobre\/","name":"Sobre - PGM","isPartOf":{"@id":"https:\/\/www.manaus.am.gov.br\/pgm\/#website"},"datePublished":"2023-02-07T15:02:33+00:00","dateModified":"2024-07-15T12:29:41+00:00","breadcrumb":{"@id":"https:\/\/www.manaus.am.gov.br\/pgm\/procuradoria\/sobre\/#breadcrumb"},"inLanguage":"pt-BR","potentialAction":[{"@type":"ReadAction","target":["https:\/\/www.manaus.am.gov.br\/pgm\/procuradoria\/sobre\/"]}]},{"@type":"BreadcrumbList","@id":"https:\/\/www.manaus.am.gov.br\/pgm\/procuradoria\/sobre\/#breadcrumb","itemListElement":[{"@type":"ListItem","position":1,"name":"Home","item":"https:\/\/www.manaus.am.gov.br\/pgm\/"},{"@type":"ListItem","position":2,"name":"Procuradoria","item":"https:\/\/www.manaus.am.gov.br\/pgm\/procuradoria\/"},{"@type":"ListItem","position":3,"name":"Sobre"}]},{"@type":"WebSite","@id":"https:\/\/www.manaus.am.gov.br\/pgm\/#website","url":"https:\/\/www.manaus.am.gov.br\/pgm\/","name":"PGM","description":"Procuradoria Geral do Mun\u00edcipio","potentialAction":[{"@type":"SearchAction","target":{"@type":"EntryPoint","urlTemplate":"https:\/\/www.manaus.am.gov.br\/pgm\/?s={search_term_string}"},"query-input":"required name=search_term_string"}],"inLanguage":"pt-BR"}]}},"_links":{"self":[{"href":"https:\/\/www.manaus.am.gov.br\/pgm\/wp-json\/wp\/v2\/pages\/183"}],"collection":[{"href":"https:\/\/www.manaus.am.gov.br\/pgm\/wp-json\/wp\/v2\/pages"}],"about":[{"href":"https:\/\/www.manaus.am.gov.br\/pgm\/wp-json\/wp\/v2\/types\/page"}],"author":[{"embeddable":true,"href":"https:\/\/www.manaus.am.gov.br\/pgm\/wp-json\/wp\/v2\/users\/27"}],"replies":[{"embeddable":true,"href":"https:\/\/www.manaus.am.gov.br\/pgm\/wp-json\/wp\/v2\/comments?post=183"}],"version-history":[{"count":3,"href":"https:\/\/www.manaus.am.gov.br\/pgm\/wp-json\/wp\/v2\/pages\/183\/revisions"}],"predecessor-version":[{"id":1009,"href":"https:\/\/www.manaus.am.gov.br\/pgm\/wp-json\/wp\/v2\/pages\/183\/revisions\/1009"}],"up":[{"embeddable":true,"href":"https:\/\/www.manaus.am.gov.br\/pgm\/wp-json\/wp\/v2\/pages\/181"}],"wp:attachment":[{"href":"https:\/\/www.manaus.am.gov.br\/pgm\/wp-json\/wp\/v2\/media?parent=183"}],"curies":[{"name":"wp","href":"https:\/\/api.w.org\/{rel}","templated":true}]}}

<p>A Procuradoria Geral do Município (PGM) iniciou como Secretaria Municipal de Assuntos Jurídicos, criada nos termos da Lei N.º. 1.795, de 17 de dezembro de 1985. Somente em 1989 foi criado o cargo de Procurador Municipal, substituindo os cargos de Técnicos em Ciências Humanas, com equivalência na função de Advogado. Desde a sua criação até hoje, a Procuradoria foi comandada por 09 gestores.</p>



<p>A primeira sede da PGM funcionava em um imóvel na Rua Itamaracá, s/n, no Centro. Em 1998, a Procuradoria foi transferida para a sede da Prefeitura no bairro da Compensa, no prédio da SEMEF, onde hoje funciona a Ouvidoria da Prefeitura Municipal de Manaus. Em agosto de 2007, fixou-se na Av. Brasil, N.º 2971, no Bairro da Compensa I, ao lado da Prefeitura Municipal de Manaus, onde está localizada até hoje.</p>



<p>Com a mudança da PGM, da Av. Itamaracá para a Prefeitura, as Procuradorias Especializadas ficaram nesta sede e as Procuradorias do Contencioso Tributário e da Dívida Ativa fisicamente, foram deslocadas para o Prédio da SEMEF, na Av. Joaquim Nabuco, e posteriormente para a Av. Japurá ,no Prédio do Programa Manaus Fácil, em julho de 2009 e finalmente em 1º de Outubro de 2010,se fixaram no Fórum Ministro Henoch Reis, onde funciona o Núcleo Avançado de Cobrança da Dívida Ativa e permanecem até o presente momento.</p>



<p>No decorrer do tempo a Procuradoria Geral do Município já passou por várias modificações em sua estrutura organizacional, mas hoje conta com 7 Procuradorias Especializadas, dentre elas: Procuradoria Administrativa, do Patrimônio Municipal, de Pessoal,Trabalhista ,de Meio Ambiente e Urbanismo, do Contencioso Tributário , da Dívida Ativa e Cobrança Extrajudicial e 2 Coordenadorias, além do Centro de Estudos, Divulgação e Biblioteca e a Superintendência de Registro Imobiliário.</p>



<p>Dentro desta estrutura, a Procuradoria Geral do Município tem por objetivos atuar na representação judicial e extrajudicial do Município de Cobrança Administrativa ou judicial da Dívida Ativa ou de qualquer natureza, defender os interesses do Município, além de prestar consultoria e assessoria jurídica.</p>

<!-- This site is optimized with the Yoast SEO plugin v23.0 - https://yoast.com/wordpress/plugins/seo/ -->
<title>Sobre - PGM</title>
<meta name="robots" content="noindex, follow" />
<meta property="og:locale" content="pt_BR" />
<meta property="og:type" content="article" />
<meta property="og:title" content="Sobre - PGM" />
<meta property="og:url" content="https://www.manaus.am.gov.br/pgm/procuradoria/sobre/" />
<meta property="og:site_name" content="PGM" />
<meta property="article:modified_time" content="2024-07-15T12:29:41+00:00" />
<meta name="twitter:card" content="summary_large_image" />
<meta name="twitter:label1" content="Est. reading time" />
	<meta name="twitter:data1" content="2 minutos" />
<script type="application/ld+json" class="yoast-schema-graph">{"@context":"https://schema.org","@graph":[{"@type":"WebPage","@id":"https://www.manaus.am.gov.br/pgm/procuradoria/sobre/","url":"https://www.manaus.am.gov.br/pgm/procuradoria/sobre/","name":"Sobre - PGM","isPartOf":{"@id":"https://www.manaus.am.gov.br/pgm/#website"},"datePublished":"2023-02-07T15:02:33+00:00","dateModified":"2024-07-15T12:29:41+00:00","breadcrumb":{"@id":"https://www.manaus.am.gov.br/pgm/procuradoria/sobre/#breadcrumb"},"inLanguage":"pt-BR","potentialAction":[{"@type":"ReadAction","target":["https://www.manaus.am.gov.br/pgm/procuradoria/sobre/"]}]},{"@type":"BreadcrumbList","@id":"https://www.manaus.am.gov.br/pgm/procuradoria/sobre/#breadcrumb","itemListElement":[{"@type":"ListItem","position":1,"name":"Home","item":"https://www.manaus.am.gov.br/pgm/"},{"@type":"ListItem","position":2,"name":"Procuradoria","item":"https://www.manaus.am.gov.br/pgm/procuradoria/"},{"@type":"ListItem","position":3,"name":"Sobre"}]},{"@type":"WebSite","@id":"https://www.manaus.am.gov.br/pgm/#website","url":"https://www.manaus.am.gov.br/pgm/","name":"PGM","description":"Procuradoria Geral do Munícipio","potentialAction":[{"@type":"SearchAction","target":{"@type":"EntryPoint","urlTemplate":"https://www.manaus.am.gov.br/pgm/?s={search_term_string}"},"query-input":"required name=search_term_string"}],"inLanguage":"pt-BR"}]}</script>
<!-- / Yoast SEO plugin. -->

Procuradoria Geral do Munícipio
