{"id":569,"date":"2023-06-06T16:27:36","date_gmt":"2023-06-06T20:27:36","guid":{"rendered":"https:\/\/www.manaus.am.gov.br\/manauscult\/?page_id=569"},"modified":"2023-06-30T10:50:00","modified_gmt":"2023-06-30T14:50:00","slug":"conheca-manaus","status":"publish","type":"page","link":"https:\/\/www.manaus.am.gov.br\/manauscult\/turismo\/conheca-manaus\/","title":{"rendered":"Conhe\u00e7a Manaus"},"content":{"rendered":"\n<figure class=\"wp-block-image size-full is-resized\"><img decoding=\"async\" src=\"https:\/\/www.manaus.am.gov.br\/manauscult\/wp-content\/uploads\/sites\/11\/2023\/06\/Conheca-manaus.jpg\" alt=\"\" class=\"wp-image-929\" width=\"550\" srcset=\"https:\/\/www.manaus.am.gov.br\/manauscult\/wp-content\/uploads\/sites\/11\/2023\/06\/Conheca-manaus.jpg 831w, https:\/\/www.manaus.am.gov.br\/manauscult\/wp-content\/uploads\/sites\/11\/2023\/06\/Conheca-manaus-300x182.jpg 300w, https:\/\/www.manaus.am.gov.br\/manauscult\/wp-content\/uploads\/sites\/11\/2023\/06\/Conheca-manaus-768x467.jpg 768w\" sizes=\"(max-width: 831px) 100vw, 831px\" \/><\/figure>\n\n\n\n<p><\/p>\n\n\n\n<p><strong>Unidade federativa:<\/strong> Amazonas<br><strong>\u00c1rea:<\/strong> 11.401,092 km1<br><strong>Munic\u00edpios lim\u00edtrofes:<\/strong> Careiro da V\u00e1rzea, Iranduba, Itacoatiara, Novo Air\u00e3o, Presidente Figueiredo e Rio Preto da Eva<br><strong>Popula\u00e7\u00e3o:<\/strong> 2.255.903 habitantes<br><strong>Gent\u00edlico:<\/strong> manauara ou manauense<br><strong>Densidade demogr\u00e1fica: <\/strong>158,06 hab\/km1<br><strong>Clima:<\/strong> Equatorial \u00famido<br><strong>Altitude:<\/strong> 92 metros<br><strong>Fuso hor\u00e1rio:<\/strong> UTC-4<br><strong>Funda\u00e7\u00e3o:<\/strong> 24 de outubro de 1669<\/p>\n\n\n\n<div style=\"height:40px\" aria-hidden=\"true\" class=\"wp-block-spacer\"><\/div>\n\n\n\n<figure class=\"wp-block-image size-full is-resized\"><img decoding=\"async\" src=\"https:\/\/www.manaus.am.gov.br\/manauscult\/wp-content\/uploads\/sites\/11\/2023\/06\/Manaus-e-uma-experiencia.jpg\" alt=\"\" class=\"wp-image-931\" width=\"550\" srcset=\"https:\/\/www.manaus.am.gov.br\/manauscult\/wp-content\/uploads\/sites\/11\/2023\/06\/Manaus-e-uma-experiencia.jpg 833w, https:\/\/www.manaus.am.gov.br\/manauscult\/wp-content\/uploads\/sites\/11\/2023\/06\/Manaus-e-uma-experiencia-300x183.jpg 300w, https:\/\/www.manaus.am.gov.br\/manauscult\/wp-content\/uploads\/sites\/11\/2023\/06\/Manaus-e-uma-experiencia-768x469.jpg 768w\" sizes=\"(max-width: 833px) 100vw, 833px\" \/><\/figure>\n\n\n\n<p><strong>Port\u00e3o de entrada da Amaz\u00f4nia, Manaus \u00e9 um convite.<\/strong> A cidade reserva a quem a visita experi\u00eancias e mem\u00f3rias \u00fanicas. Do verde visto por quem sobrevoa a cidade, as trilhas de suas matas, \u00e0 culin\u00e1ria e cada local visitado, estar em Manaus significa viver uma fus\u00e3o de sentidos.<\/p>\n\n\n\n<p>Manaus \u00e9 gigante, por seu bioma, sua hist\u00f3ria e gente-t\u00e3o fundamentais para o planeta. Na economia, fomenta atividades tur\u00edsticas e culturais em sua regi\u00e3o metropolitana.<\/p>\n\n\n\n<p>A capital do Amazonas \u00e9 a capital da floresta, que recebe e acolhe pessoas de todas as partes do mundo.<\/p>\n\n\n\n<p><strong>Conhe\u00e7a e Viva essa Experi\u00eancia!<\/strong><\/p>\n\n\n\n<div style=\"height:40px\" aria-hidden=\"true\" class=\"wp-block-spacer\"><\/div>\n","protected":false},"excerpt":{"rendered":"","protected":false},"author":27,"featured_media":0,"parent":327,"menu_order":0,"comment_status":"closed","ping_status":"closed","template":"templates\/turismo.php","meta":{"footnotes":""},"acf":[],"yoast_head":"<!-- This site is optimized with the Yoast SEO plugin v23.0 - https:\/\/yoast.com\/wordpress\/plugins\/seo\/ -->\n<title>Conhe\u00e7a Manaus - MANAUSCULT<\/title>\n<meta name=\"robots\" content=\"noindex, follow\" \/>\n<meta property=\"og:locale\" content=\"pt_BR\" \/>\n<meta property=\"og:type\" content=\"article\" \/>\n<meta property=\"og:title\" content=\"Conhe\u00e7a Manaus - MANAUSCULT\" \/>\n<meta property=\"og:url\" content=\"https:\/\/www.manaus.am.gov.br\/manauscult\/turismo\/conheca-manaus\/\" \/>\n<meta property=\"og:site_name\" content=\"MANAUSCULT\" \/>\n<meta property=\"article:modified_time\" content=\"2023-06-30T14:50:00+00:00\" \/>\n<meta property=\"og:image\" content=\"https:\/\/www.manaus.am.gov.br\/manauscult\/wp-content\/uploads\/sites\/11\/2023\/06\/Conheca-manaus.jpg\" \/>\n<meta name=\"twitter:card\" content=\"summary_large_image\" \/>\n<meta name=\"twitter:label1\" content=\"Est. reading time\" \/>\n\t<meta name=\"twitter:data1\" content=\"2 minutos\" \/>\n<script type=\"application\/ld+json\" class=\"yoast-schema-graph\">{\"@context\":\"https:\/\/schema.org\",\"@graph\":[{\"@type\":\"WebPage\",\"@id\":\"https:\/\/www.manaus.am.gov.br\/manauscult\/turismo\/conheca-manaus\/\",\"url\":\"https:\/\/www.manaus.am.gov.br\/manauscult\/turismo\/conheca-manaus\/\",\"name\":\"Conhe\u00e7a Manaus - MANAUSCULT\",\"isPartOf\":{\"@id\":\"https:\/\/www.manaus.am.gov.br\/manauscult\/#website\"},\"primaryImageOfPage\":{\"@id\":\"https:\/\/www.manaus.am.gov.br\/manauscult\/turismo\/conheca-manaus\/#primaryimage\"},\"image\":{\"@id\":\"https:\/\/www.manaus.am.gov.br\/manauscult\/turismo\/conheca-manaus\/#primaryimage\"},\"thumbnailUrl\":\"https:\/\/www.manaus.am.gov.br\/manauscult\/wp-content\/uploads\/sites\/11\/2023\/06\/Conheca-manaus.jpg\",\"datePublished\":\"2023-06-06T20:27:36+00:00\",\"dateModified\":\"2023-06-30T14:50:00+00:00\",\"breadcrumb\":{\"@id\":\"https:\/\/www.manaus.am.gov.br\/manauscult\/turismo\/conheca-manaus\/#breadcrumb\"},\"inLanguage\":\"pt-BR\",\"potentialAction\":[{\"@type\":\"ReadAction\",\"target\":[\"https:\/\/www.manaus.am.gov.br\/manauscult\/turismo\/conheca-manaus\/\"]}]},{\"@type\":\"ImageObject\",\"inLanguage\":\"pt-BR\",\"@id\":\"https:\/\/www.manaus.am.gov.br\/manauscult\/turismo\/conheca-manaus\/#primaryimage\",\"url\":\"https:\/\/www.manaus.am.gov.br\/manauscult\/wp-content\/uploads\/sites\/11\/2023\/06\/Conheca-manaus.jpg\",\"contentUrl\":\"https:\/\/www.manaus.am.gov.br\/manauscult\/wp-content\/uploads\/sites\/11\/2023\/06\/Conheca-manaus.jpg\",\"width\":831,\"height\":505},{\"@type\":\"BreadcrumbList\",\"@id\":\"https:\/\/www.manaus.am.gov.br\/manauscult\/turismo\/conheca-manaus\/#breadcrumb\",\"itemListElement\":[{\"@type\":\"ListItem\",\"position\":1,\"name\":\"Home\",\"item\":\"https:\/\/www.manaus.am.gov.br\/manauscult\/\"},{\"@type\":\"ListItem\",\"position\":2,\"name\":\"Turismo\",\"item\":\"https:\/\/www.manaus.am.gov.br\/manauscult\/turismo\/\"},{\"@type\":\"ListItem\",\"position\":3,\"name\":\"Conhe\u00e7a Manaus\"}]},{\"@type\":\"WebSite\",\"@id\":\"https:\/\/www.manaus.am.gov.br\/manauscult\/#website\",\"url\":\"https:\/\/www.manaus.am.gov.br\/manauscult\/\",\"name\":\"MANAUSCULT\",\"description\":\"Prefeitura de Manaus\",\"potentialAction\":[{\"@type\":\"SearchAction\",\"target\":{\"@type\":\"EntryPoint\",\"urlTemplate\":\"https:\/\/www.manaus.am.gov.br\/manauscult\/?s={search_term_string}\"},\"query-input\":\"required name=search_term_string\"}],\"inLanguage\":\"pt-BR\"}]}<\/script>\n<!-- \/ Yoast SEO plugin. -->","yoast_head_json":{"title":"Conhe\u00e7a Manaus - MANAUSCULT","robots":{"index":"noindex","follow":"follow"},"og_locale":"pt_BR","og_type":"article","og_title":"Conhe\u00e7a Manaus - MANAUSCULT","og_url":"https:\/\/www.manaus.am.gov.br\/manauscult\/turismo\/conheca-manaus\/","og_site_name":"MANAUSCULT","article_modified_time":"2023-06-30T14:50:00+00:00","og_image":[{"url":"https:\/\/www.manaus.am.gov.br\/manauscult\/wp-content\/uploads\/sites\/11\/2023\/06\/Conheca-manaus.jpg"}],"twitter_card":"summary_large_image","twitter_misc":{"Est. reading time":"2 minutos"},"schema":{"@context":"https:\/\/schema.org","@graph":[{"@type":"WebPage","@id":"https:\/\/www.manaus.am.gov.br\/manauscult\/turismo\/conheca-manaus\/","url":"https:\/\/www.manaus.am.gov.br\/manauscult\/turismo\/conheca-manaus\/","name":"Conhe\u00e7a Manaus - MANAUSCULT","isPartOf":{"@id":"https:\/\/www.manaus.am.gov.br\/manauscult\/#website"},"primaryImageOfPage":{"@id":"https:\/\/www.manaus.am.gov.br\/manauscult\/turismo\/conheca-manaus\/#primaryimage"},"image":{"@id":"https:\/\/www.manaus.am.gov.br\/manauscult\/turismo\/conheca-manaus\/#primaryimage"},"thumbnailUrl":"https:\/\/www.manaus.am.gov.br\/manauscult\/wp-content\/uploads\/sites\/11\/2023\/06\/Conheca-manaus.jpg","datePublished":"2023-06-06T20:27:36+00:00","dateModified":"2023-06-30T14:50:00+00:00","breadcrumb":{"@id":"https:\/\/www.manaus.am.gov.br\/manauscult\/turismo\/conheca-manaus\/#breadcrumb"},"inLanguage":"pt-BR","potentialAction":[{"@type":"ReadAction","target":["https:\/\/www.manaus.am.gov.br\/manauscult\/turismo\/conheca-manaus\/"]}]},{"@type":"ImageObject","inLanguage":"pt-BR","@id":"https:\/\/www.manaus.am.gov.br\/manauscult\/turismo\/conheca-manaus\/#primaryimage","url":"https:\/\/www.manaus.am.gov.br\/manauscult\/wp-content\/uploads\/sites\/11\/2023\/06\/Conheca-manaus.jpg","contentUrl":"https:\/\/www.manaus.am.gov.br\/manauscult\/wp-content\/uploads\/sites\/11\/2023\/06\/Conheca-manaus.jpg","width":831,"height":505},{"@type":"BreadcrumbList","@id":"https:\/\/www.manaus.am.gov.br\/manauscult\/turismo\/conheca-manaus\/#breadcrumb","itemListElement":[{"@type":"ListItem","position":1,"name":"Home","item":"https:\/\/www.manaus.am.gov.br\/manauscult\/"},{"@type":"ListItem","position":2,"name":"Turismo","item":"https:\/\/www.manaus.am.gov.br\/manauscult\/turismo\/"},{"@type":"ListItem","position":3,"name":"Conhe\u00e7a Manaus"}]},{"@type":"WebSite","@id":"https:\/\/www.manaus.am.gov.br\/manauscult\/#website","url":"https:\/\/www.manaus.am.gov.br\/manauscult\/","name":"MANAUSCULT","description":"Prefeitura de Manaus","potentialAction":[{"@type":"SearchAction","target":{"@type":"EntryPoint","urlTemplate":"https:\/\/www.manaus.am.gov.br\/manauscult\/?s={search_term_string}"},"query-input":"required name=search_term_string"}],"inLanguage":"pt-BR"}]}},"_links":{"self":[{"href":"https:\/\/www.manaus.am.gov.br\/manauscult\/wp-json\/wp\/v2\/pages\/569"}],"collection":[{"href":"https:\/\/www.manaus.am.gov.br\/manauscult\/wp-json\/wp\/v2\/pages"}],"about":[{"href":"https:\/\/www.manaus.am.gov.br\/manauscult\/wp-json\/wp\/v2\/types\/page"}],"author":[{"embeddable":true,"href":"https:\/\/www.manaus.am.gov.br\/manauscult\/wp-json\/wp\/v2\/users\/27"}],"replies":[{"embeddable":true,"href":"https:\/\/www.manaus.am.gov.br\/manauscult\/wp-json\/wp\/v2\/comments?post=569"}],"version-history":[{"count":6,"href":"https:\/\/www.manaus.am.gov.br\/manauscult\/wp-json\/wp\/v2\/pages\/569\/revisions"}],"predecessor-version":[{"id":936,"href":"https:\/\/www.manaus.am.gov.br\/manauscult\/wp-json\/wp\/v2\/pages\/569\/revisions\/936"}],"up":[{"embeddable":true,"href":"https:\/\/www.manaus.am.gov.br\/manauscult\/wp-json\/wp\/v2\/pages\/327"}],"wp:attachment":[{"href":"https:\/\/www.manaus.am.gov.br\/manauscult\/wp-json\/wp\/v2\/media?parent=569"}],"curies":[{"name":"wp","href":"https:\/\/api.w.org\/{rel}","templated":true}]}}

Conheça Manaus

<figure class="wp-block-image size-full is-resized"><img decoding="async" src="https://www.manaus.am.gov.br/manauscult/wp-content/uploads/sites/11/2023/06/Conheca-manaus.jpg" alt="" class="wp-image-929" width="550" srcset="https://www.manaus.am.gov.br/manauscult/wp-content/uploads/sites/11/2023/06/Conheca-manaus.jpg 831w, https://www.manaus.am.gov.br/manauscult/wp-content/uploads/sites/11/2023/06/Conheca-manaus-300x182.jpg 300w, https://www.manaus.am.gov.br/manauscult/wp-content/uploads/sites/11/2023/06/Conheca-manaus-768x467.jpg 768w" sizes="(max-width: 831px) 100vw, 831px" /></figure>



<p></p>



<p><strong>Unidade federativa:</strong> Amazonas<br><strong>Área:</strong> 11.401,092 km1<br><strong>Municípios limítrofes:</strong> Careiro da Várzea, Iranduba, Itacoatiara, Novo Airão, Presidente Figueiredo e Rio Preto da Eva<br><strong>População:</strong> 2.255.903 habitantes<br><strong>Gentílico:</strong> manauara ou manauense<br><strong>Densidade demográfica: </strong>158,06 hab/km1<br><strong>Clima:</strong> Equatorial úmido<br><strong>Altitude:</strong> 92 metros<br><strong>Fuso horário:</strong> UTC-4<br><strong>Fundação:</strong> 24 de outubro de 1669</p>



<div style="height:40px" aria-hidden="true" class="wp-block-spacer"></div>



<figure class="wp-block-image size-full is-resized"><img decoding="async" src="https://www.manaus.am.gov.br/manauscult/wp-content/uploads/sites/11/2023/06/Manaus-e-uma-experiencia.jpg" alt="" class="wp-image-931" width="550" srcset="https://www.manaus.am.gov.br/manauscult/wp-content/uploads/sites/11/2023/06/Manaus-e-uma-experiencia.jpg 833w, https://www.manaus.am.gov.br/manauscult/wp-content/uploads/sites/11/2023/06/Manaus-e-uma-experiencia-300x183.jpg 300w, https://www.manaus.am.gov.br/manauscult/wp-content/uploads/sites/11/2023/06/Manaus-e-uma-experiencia-768x469.jpg 768w" sizes="(max-width: 833px) 100vw, 833px" /></figure>



<p><strong>Portão de entrada da Amazônia, Manaus é um convite.</strong> A cidade reserva a quem a visita experiências e memórias únicas. Do verde visto por quem sobrevoa a cidade, as trilhas de suas matas, à culinária e cada local visitado, estar em Manaus significa viver uma fusão de sentidos.</p>



<p>Manaus é gigante, por seu bioma, sua história e gente-tão fundamentais para o planeta. Na economia, fomenta atividades turísticas e culturais em sua região metropolitana.</p>



<p>A capital do Amazonas é a capital da floresta, que recebe e acolhe pessoas de todas as partes do mundo.</p>



<p><strong>Conheça e Viva essa Experiência!</strong></p>



<div style="height:40px" aria-hidden="true" class="wp-block-spacer"></div>

<!-- This site is optimized with the Yoast SEO plugin v23.0 - https://yoast.com/wordpress/plugins/seo/ -->
<title>Conheça Manaus - MANAUSCULT</title>
<meta name="robots" content="noindex, follow" />
<meta property="og:locale" content="pt_BR" />
<meta property="og:type" content="article" />
<meta property="og:title" content="Conheça Manaus - MANAUSCULT" />
<meta property="og:url" content="https://www.manaus.am.gov.br/manauscult/turismo/conheca-manaus/" />
<meta property="og:site_name" content="MANAUSCULT" />
<meta property="article:modified_time" content="2023-06-30T14:50:00+00:00" />
<meta property="og:image" content="https://www.manaus.am.gov.br/manauscult/wp-content/uploads/sites/11/2023/06/Conheca-manaus.jpg" />
<meta name="twitter:card" content="summary_large_image" />
<meta name="twitter:label1" content="Est. reading time" />
	<meta name="twitter:data1" content="2 minutos" />
<script type="application/ld+json" class="yoast-schema-graph">{"@context":"https://schema.org","@graph":[{"@type":"WebPage","@id":"https://www.manaus.am.gov.br/manauscult/turismo/conheca-manaus/","url":"https://www.manaus.am.gov.br/manauscult/turismo/conheca-manaus/","name":"Conheça Manaus - MANAUSCULT","isPartOf":{"@id":"https://www.manaus.am.gov.br/manauscult/#website"},"primaryImageOfPage":{"@id":"https://www.manaus.am.gov.br/manauscult/turismo/conheca-manaus/#primaryimage"},"image":{"@id":"https://www.manaus.am.gov.br/manauscult/turismo/conheca-manaus/#primaryimage"},"thumbnailUrl":"https://www.manaus.am.gov.br/manauscult/wp-content/uploads/sites/11/2023/06/Conheca-manaus.jpg","datePublished":"2023-06-06T20:27:36+00:00","dateModified":"2023-06-30T14:50:00+00:00","breadcrumb":{"@id":"https://www.manaus.am.gov.br/manauscult/turismo/conheca-manaus/#breadcrumb"},"inLanguage":"pt-BR","potentialAction":[{"@type":"ReadAction","target":["https://www.manaus.am.gov.br/manauscult/turismo/conheca-manaus/"]}]},{"@type":"ImageObject","inLanguage":"pt-BR","@id":"https://www.manaus.am.gov.br/manauscult/turismo/conheca-manaus/#primaryimage","url":"https://www.manaus.am.gov.br/manauscult/wp-content/uploads/sites/11/2023/06/Conheca-manaus.jpg","contentUrl":"https://www.manaus.am.gov.br/manauscult/wp-content/uploads/sites/11/2023/06/Conheca-manaus.jpg","width":831,"height":505},{"@type":"BreadcrumbList","@id":"https://www.manaus.am.gov.br/manauscult/turismo/conheca-manaus/#breadcrumb","itemListElement":[{"@type":"ListItem","position":1,"name":"Home","item":"https://www.manaus.am.gov.br/manauscult/"},{"@type":"ListItem","position":2,"name":"Turismo","item":"https://www.manaus.am.gov.br/manauscult/turismo/"},{"@type":"ListItem","position":3,"name":"Conheça Manaus"}]},{"@type":"WebSite","@id":"https://www.manaus.am.gov.br/manauscult/#website","url":"https://www.manaus.am.gov.br/manauscult/","name":"MANAUSCULT","description":"Prefeitura de Manaus","potentialAction":[{"@type":"SearchAction","target":{"@type":"EntryPoint","urlTemplate":"https://www.manaus.am.gov.br/manauscult/?s={search_term_string}"},"query-input":"required name=search_term_string"}],"inLanguage":"pt-BR"}]}</script>
<!-- / Yoast SEO plugin. -->

Conheça Manaus - MANAUSCULT
