{"id":3451,"date":"2025-03-25T13:19:26","date_gmt":"2025-03-25T17:19:26","guid":{"rendered":"https:\/\/www.manaus.am.gov.br\/manauscult\/?page_id=3451"},"modified":"2025-03-25T13:20:22","modified_gmt":"2025-03-25T17:20:22","slug":"pier-manaus-355","status":"publish","type":"page","link":"https:\/\/www.manaus.am.gov.br\/manauscult\/pontos-turisticos\/pier-manaus-355\/","title":{"rendered":"P\u00eder Manaus 355"},"content":{"rendered":"\n<p>Desenvolvimento Tur\u00edstico e Novo Cart\u00e3o-Postal da Cidade<\/p>\n\n\n\n<p><\/p>\n\n\n\n<div class=\"gallery-container\">\n    <div class=\"gallery-slide\" id=\"gallerySlide\">\n        <!-- Adicione suas imagens aqui -->\n        <img decoding=\"async\" src=\"https:\/\/www.manaus.am.gov.br\/manauscult\/wp-content\/uploads\/sites\/11\/2025\/03\/pier-manaus-1.jpeg\" alt=\"pier manaus 1\">\n        <img decoding=\"async\" src=\"https:\/\/www.manaus.am.gov.br\/manauscult\/wp-content\/uploads\/sites\/11\/2025\/03\/pier-manaus-2.jpeg\" alt=\"pier manaus 2\">        \n        <img decoding=\"async\" src=\"https:\/\/www.manaus.am.gov.br\/manauscult\/wp-content\/uploads\/sites\/11\/2025\/03\/pier-manaus-3.jpeg\" alt=\"pier manaus 3\">        \n        <img decoding=\"async\" src=\"https:\/\/www.manaus.am.gov.br\/manauscult\/wp-content\/uploads\/sites\/11\/2025\/03\/pier-manaus-4.jpeg\" alt=\"pier manaus 4\">        \n        <img decoding=\"async\" src=\"https:\/\/www.manaus.am.gov.br\/manauscult\/wp-content\/uploads\/sites\/11\/2025\/03\/pier-manaus-5.jpeg\" alt=\"pier manaus 5\">\n    <\/div>\n    <button class=\"gallery-button prev\" onclick=\"prevSlide()\">&#10094;<\/button>\n    <button class=\"gallery-button next\" onclick=\"nextSlide()\">&#10095;<\/button>\n<\/div>\n\n<style>\n    .gallery-container {\n    position: relative;\n    width: 90%; \/* Aumentado para ocupar mais espa\u00e7o *\/\n    max-width: 1200px; \/* Limite de largura para telas grandes *\/\n    margin: auto;\n    overflow: hidden;\n}\n\n.gallery-slide {\n    display: flex;\n    transition: transform 0.5s ease-in-out;\n}\n\n.gallery-slide img {\n    width: 100%;\n    max-width: none;\n    height: 500px;\n    object-fit: cover;\n    cursor: pointer;\n    flex-shrink: 0;\n}\n\n.gallery-button {\n    position: absolute;\n    top: 50%;\n    transform: translateY(-50%);\n    background-color: rgba(0, 0, 0, 0.5);\n    color: white;\n    border: none;\n    padding: 15px;\n    cursor: pointer;\n    z-index: 10;\n    font-size: 24px;\n    border-radius: 50%;\n}\n\n.prev {\n    left: 10px;\n}\n\n.next {\n    right: 10px;\n}\n\n@media (max-width: 768px) {\n    .gallery-slide img {\n        height: 300px;\n    }\n}\n\n<\/style>\n\n<script>\n    let currentIndex = 0;\n\n    function showSlide(index) {\n        const slides = document.getElementById('gallerySlide');\n        const totalSlides = slides.children.length;\n        if (index >= totalSlides) {\n            currentIndex = 0;\n        } else if (index < 0) {\n            currentIndex = totalSlides - 1;\n        } else {\n            currentIndex = index;\n        }\n        const offset = -currentIndex * 100;\n        slides.style.transform = `translateX(${offset}%)`;\n    }\n\n    function nextSlide() {\n        showSlide(currentIndex + 1);\n    }\n\n    function prevSlide() {\n        showSlide(currentIndex - 1);\n    }\n<\/script>\n\n\n\n<p><\/p>\n\n\n\n<p>A constru\u00e7\u00e3o do P\u00eder Manaus 355 marcou um avan\u00e7o significativo para o turismo e a economia da capital amazonense. Al\u00e9m de modernizar a infraestrutura n\u00e1utica da cidade, o espa\u00e7o fortalece o turismo fluvial e valoriza a paisagem do centro hist\u00f3rico. Inaugurado em 9 de junho de 2024, o p\u00eder se tornou um marco na paisagem de Manaus, integrando o Rio Negro \u00e0 vida urbana e proporcionando um novo ponto de conex\u00e3o entre a cidade e suas belezas naturais.&nbsp;<\/p>\n\n\n\n<p>O servi\u00e7o de atraca\u00e7\u00e3o do P\u00eder Manaus 355 permite que barqueiros, propriet\u00e1rios de lanchas, Jet Skis e outros meios de transporte fluvial tur\u00edstico utilizem o espa\u00e7o com seguran\u00e7a e praticidade. Projetado para atender embarca\u00e7\u00f5es de pequeno e m\u00e9dio portes, o p\u00eder facilita o embarque e desembarque de turistas, garantindo uma experi\u00eancia mais acess\u00edvel para quem deseja explorar os rios da Amaz\u00f4nia. Essa estrutura tamb\u00e9m possibilita que visitantes cheguem pelo Rio Negro e conhe\u00e7am n\u00e3o apenas o mirante, mas tamb\u00e9m os principais pontos tur\u00edsticos do centro hist\u00f3rico de Manaus, impulsionando a economia local.\u00a0<\/p>\n\n\n\n<p>Desde sua inaugura\u00e7\u00e3o, o p\u00eder recebe cerca de 300 visitantes por dia, atra\u00eddos n\u00e3o s\u00f3 pela facilidade de acesso aos rios, mas tamb\u00e9m pela vista privilegiada do p\u00f4r do sol sobre o Rio Negro, que se tornou um espet\u00e1culo \u00e0 parte. Al\u00e9m disso, o espa\u00e7o serve como ponto estrat\u00e9gico para passeios tur\u00edsticos, como visitas ao Encontro das \u00c1guas e comunidades ind\u00edgenas, impulsionando o setor tur\u00edstico e criando novas oportunidades de neg\u00f3cios.\u00a0<\/p>\n\n\n\n<p>A Prefeitura de Manaus, por meio da Funda\u00e7\u00e3o Municipal de Cultura, Turismo e Eventos (Manauscult), \u00e9 respons\u00e1vel pela gest\u00e3o do p\u00eder, garantindo sua manuten\u00e7\u00e3o e promovendo uma programa\u00e7\u00e3o cultural diversificada. O local j\u00e1 sediou grandes eventos, incluindo apresenta\u00e7\u00f5es dos bumb\u00e1s Garantido e Caprichoso, shows de artistas locais, competi\u00e7\u00f5es esportivas e eventos religiosos, consolidando-se como um espa\u00e7o de encontro para diferentes manifesta\u00e7\u00f5es culturais.\u00a0<\/p>\n\n\n\n<p>Para utilizar o p\u00eder, seja para embarque e desembarque, eventos ou atraca\u00e7\u00e3o de embarca\u00e7\u00f5es, \u00e9 necess\u00e1rio seguir alguns procedimentos. Confira abaixo as informa\u00e7\u00f5es e requisitos para o uso do espa\u00e7o:\u00a0<\/p>\n\n\n\n<p>LINKS COM INFORMA\u00c7\u00d5ES PARA UTILIZA\u00c7\u00c3O DO P\u00cdER- <a href=\"https:\/\/forms.gle\/e6WhXUSW6jNQ2VJ18\" target=\"_blank\" rel=\"noreferrer noopener\">https:\/\/forms.gle\/e6WhXUSW6jNQ2VJ18<\/a><\/p>\n\n\n\n<p>CADASTRO \u00daNICO DE EMBARCA\u00c7\u00d5ES- <a href=\"https:\/\/forms.gle\/78bo5QYy4JwukvUJ7\" target=\"_blank\" rel=\"noreferrer noopener\">https:\/\/forms.gle\/78bo5QYy4JwukvUJ7<\/a><\/p>\n\n\n\n<p>Com sua localiza\u00e7\u00e3o privilegiada e infraestrutura moderna, o P\u00eder 355 se tornou um verdadeiro cart\u00e3o-postal de Manaus, unindo hist\u00f3ria, cultura e lazer. Seja para embarcar em uma experi\u00eancia pelos rios, participar de um evento ou simplesmente contemplar a paisagem, o espa\u00e7o j\u00e1 \u00e9 um dos destinos mais emblem\u00e1ticos da cidade, contribuindo para o desenvolvimento do turismo e da economia local.<\/p>\n\n\n\n<p>Texto: J\u00e9ssica Trajano<\/p>\n\n\n\n<p>Fotos: Thelson Souza&nbsp;<\/p>\n","protected":false},"excerpt":{"rendered":"","protected":false},"author":8,"featured_media":0,"parent":3135,"menu_order":0,"comment_status":"closed","ping_status":"closed","template":"templates\/turismo.php","meta":{"footnotes":""},"acf":[],"yoast_head":"<!-- This site is optimized with the Yoast SEO plugin v23.0 - https:\/\/yoast.com\/wordpress\/plugins\/seo\/ -->\n<title>P\u00eder Manaus 355 - MANAUSCULT<\/title>\n<meta name=\"robots\" content=\"noindex, follow\" \/>\n<meta property=\"og:locale\" content=\"pt_BR\" \/>\n<meta property=\"og:type\" content=\"article\" \/>\n<meta property=\"og:title\" content=\"P\u00eder Manaus 355 - MANAUSCULT\" \/>\n<meta property=\"og:url\" content=\"https:\/\/www.manaus.am.gov.br\/manauscult\/pontos-turisticos\/pier-manaus-355\/\" \/>\n<meta property=\"og:site_name\" content=\"MANAUSCULT\" \/>\n<meta property=\"article:modified_time\" content=\"2025-03-25T17:20:22+00:00\" \/>\n<meta property=\"og:image\" content=\"https:\/\/www.manaus.am.gov.br\/manauscult\/wp-content\/uploads\/sites\/11\/2025\/03\/pier-manaus-1.jpeg\" \/>\n<meta name=\"twitter:card\" content=\"summary_large_image\" \/>\n<meta name=\"twitter:label1\" content=\"Est. reading time\" \/>\n\t<meta name=\"twitter:data1\" content=\"4 minutos\" \/>\n<script type=\"application\/ld+json\" class=\"yoast-schema-graph\">{\"@context\":\"https:\/\/schema.org\",\"@graph\":[{\"@type\":\"WebPage\",\"@id\":\"https:\/\/www.manaus.am.gov.br\/manauscult\/pontos-turisticos\/pier-manaus-355\/\",\"url\":\"https:\/\/www.manaus.am.gov.br\/manauscult\/pontos-turisticos\/pier-manaus-355\/\",\"name\":\"P\u00eder Manaus 355 - MANAUSCULT\",\"isPartOf\":{\"@id\":\"https:\/\/www.manaus.am.gov.br\/manauscult\/#website\"},\"primaryImageOfPage\":{\"@id\":\"https:\/\/www.manaus.am.gov.br\/manauscult\/pontos-turisticos\/pier-manaus-355\/#primaryimage\"},\"image\":{\"@id\":\"https:\/\/www.manaus.am.gov.br\/manauscult\/pontos-turisticos\/pier-manaus-355\/#primaryimage\"},\"thumbnailUrl\":\"https:\/\/www.manaus.am.gov.br\/manauscult\/wp-content\/uploads\/sites\/11\/2025\/03\/pier-manaus-1.jpeg\",\"datePublished\":\"2025-03-25T17:19:26+00:00\",\"dateModified\":\"2025-03-25T17:20:22+00:00\",\"breadcrumb\":{\"@id\":\"https:\/\/www.manaus.am.gov.br\/manauscult\/pontos-turisticos\/pier-manaus-355\/#breadcrumb\"},\"inLanguage\":\"pt-BR\",\"potentialAction\":[{\"@type\":\"ReadAction\",\"target\":[\"https:\/\/www.manaus.am.gov.br\/manauscult\/pontos-turisticos\/pier-manaus-355\/\"]}]},{\"@type\":\"ImageObject\",\"inLanguage\":\"pt-BR\",\"@id\":\"https:\/\/www.manaus.am.gov.br\/manauscult\/pontos-turisticos\/pier-manaus-355\/#primaryimage\",\"url\":\"https:\/\/www.manaus.am.gov.br\/manauscult\/wp-content\/uploads\/sites\/11\/2025\/03\/pier-manaus-1.jpeg\",\"contentUrl\":\"https:\/\/www.manaus.am.gov.br\/manauscult\/wp-content\/uploads\/sites\/11\/2025\/03\/pier-manaus-1.jpeg\",\"width\":1000,\"height\":668},{\"@type\":\"BreadcrumbList\",\"@id\":\"https:\/\/www.manaus.am.gov.br\/manauscult\/pontos-turisticos\/pier-manaus-355\/#breadcrumb\",\"itemListElement\":[{\"@type\":\"ListItem\",\"position\":1,\"name\":\"Home\",\"item\":\"https:\/\/www.manaus.am.gov.br\/manauscult\/\"},{\"@type\":\"ListItem\",\"position\":2,\"name\":\"Pontos Tur\u00edsticos e Culturais\",\"item\":\"https:\/\/www.manaus.am.gov.br\/manauscult\/pontos-turisticos\/\"},{\"@type\":\"ListItem\",\"position\":3,\"name\":\"P\u00eder Manaus 355\"}]},{\"@type\":\"WebSite\",\"@id\":\"https:\/\/www.manaus.am.gov.br\/manauscult\/#website\",\"url\":\"https:\/\/www.manaus.am.gov.br\/manauscult\/\",\"name\":\"MANAUSCULT\",\"description\":\"Prefeitura de Manaus\",\"potentialAction\":[{\"@type\":\"SearchAction\",\"target\":{\"@type\":\"EntryPoint\",\"urlTemplate\":\"https:\/\/www.manaus.am.gov.br\/manauscult\/?s={search_term_string}\"},\"query-input\":\"required name=search_term_string\"}],\"inLanguage\":\"pt-BR\"}]}<\/script>\n<!-- \/ Yoast SEO plugin. -->","yoast_head_json":{"title":"P\u00eder Manaus 355 - MANAUSCULT","robots":{"index":"noindex","follow":"follow"},"og_locale":"pt_BR","og_type":"article","og_title":"P\u00eder Manaus 355 - MANAUSCULT","og_url":"https:\/\/www.manaus.am.gov.br\/manauscult\/pontos-turisticos\/pier-manaus-355\/","og_site_name":"MANAUSCULT","article_modified_time":"2025-03-25T17:20:22+00:00","og_image":[{"url":"https:\/\/www.manaus.am.gov.br\/manauscult\/wp-content\/uploads\/sites\/11\/2025\/03\/pier-manaus-1.jpeg"}],"twitter_card":"summary_large_image","twitter_misc":{"Est. reading time":"4 minutos"},"schema":{"@context":"https:\/\/schema.org","@graph":[{"@type":"WebPage","@id":"https:\/\/www.manaus.am.gov.br\/manauscult\/pontos-turisticos\/pier-manaus-355\/","url":"https:\/\/www.manaus.am.gov.br\/manauscult\/pontos-turisticos\/pier-manaus-355\/","name":"P\u00eder Manaus 355 - MANAUSCULT","isPartOf":{"@id":"https:\/\/www.manaus.am.gov.br\/manauscult\/#website"},"primaryImageOfPage":{"@id":"https:\/\/www.manaus.am.gov.br\/manauscult\/pontos-turisticos\/pier-manaus-355\/#primaryimage"},"image":{"@id":"https:\/\/www.manaus.am.gov.br\/manauscult\/pontos-turisticos\/pier-manaus-355\/#primaryimage"},"thumbnailUrl":"https:\/\/www.manaus.am.gov.br\/manauscult\/wp-content\/uploads\/sites\/11\/2025\/03\/pier-manaus-1.jpeg","datePublished":"2025-03-25T17:19:26+00:00","dateModified":"2025-03-25T17:20:22+00:00","breadcrumb":{"@id":"https:\/\/www.manaus.am.gov.br\/manauscult\/pontos-turisticos\/pier-manaus-355\/#breadcrumb"},"inLanguage":"pt-BR","potentialAction":[{"@type":"ReadAction","target":["https:\/\/www.manaus.am.gov.br\/manauscult\/pontos-turisticos\/pier-manaus-355\/"]}]},{"@type":"ImageObject","inLanguage":"pt-BR","@id":"https:\/\/www.manaus.am.gov.br\/manauscult\/pontos-turisticos\/pier-manaus-355\/#primaryimage","url":"https:\/\/www.manaus.am.gov.br\/manauscult\/wp-content\/uploads\/sites\/11\/2025\/03\/pier-manaus-1.jpeg","contentUrl":"https:\/\/www.manaus.am.gov.br\/manauscult\/wp-content\/uploads\/sites\/11\/2025\/03\/pier-manaus-1.jpeg","width":1000,"height":668},{"@type":"BreadcrumbList","@id":"https:\/\/www.manaus.am.gov.br\/manauscult\/pontos-turisticos\/pier-manaus-355\/#breadcrumb","itemListElement":[{"@type":"ListItem","position":1,"name":"Home","item":"https:\/\/www.manaus.am.gov.br\/manauscult\/"},{"@type":"ListItem","position":2,"name":"Pontos Tur\u00edsticos e Culturais","item":"https:\/\/www.manaus.am.gov.br\/manauscult\/pontos-turisticos\/"},{"@type":"ListItem","position":3,"name":"P\u00eder Manaus 355"}]},{"@type":"WebSite","@id":"https:\/\/www.manaus.am.gov.br\/manauscult\/#website","url":"https:\/\/www.manaus.am.gov.br\/manauscult\/","name":"MANAUSCULT","description":"Prefeitura de Manaus","potentialAction":[{"@type":"SearchAction","target":{"@type":"EntryPoint","urlTemplate":"https:\/\/www.manaus.am.gov.br\/manauscult\/?s={search_term_string}"},"query-input":"required name=search_term_string"}],"inLanguage":"pt-BR"}]}},"_links":{"self":[{"href":"https:\/\/www.manaus.am.gov.br\/manauscult\/wp-json\/wp\/v2\/pages\/3451"}],"collection":[{"href":"https:\/\/www.manaus.am.gov.br\/manauscult\/wp-json\/wp\/v2\/pages"}],"about":[{"href":"https:\/\/www.manaus.am.gov.br\/manauscult\/wp-json\/wp\/v2\/types\/page"}],"author":[{"embeddable":true,"href":"https:\/\/www.manaus.am.gov.br\/manauscult\/wp-json\/wp\/v2\/users\/8"}],"replies":[{"embeddable":true,"href":"https:\/\/www.manaus.am.gov.br\/manauscult\/wp-json\/wp\/v2\/comments?post=3451"}],"version-history":[{"count":3,"href":"https:\/\/www.manaus.am.gov.br\/manauscult\/wp-json\/wp\/v2\/pages\/3451\/revisions"}],"predecessor-version":[{"id":3459,"href":"https:\/\/www.manaus.am.gov.br\/manauscult\/wp-json\/wp\/v2\/pages\/3451\/revisions\/3459"}],"up":[{"embeddable":true,"href":"https:\/\/www.manaus.am.gov.br\/manauscult\/wp-json\/wp\/v2\/pages\/3135"}],"wp:attachment":[{"href":"https:\/\/www.manaus.am.gov.br\/manauscult\/wp-json\/wp\/v2\/media?parent=3451"}],"curies":[{"name":"wp","href":"https:\/\/api.w.org\/{rel}","templated":true}]}}