{"id":312,"date":"2023-05-29T20:40:48","date_gmt":"2023-05-30T00:40:48","guid":{"rendered":"https:\/\/www.manaus.am.gov.br\/manauscult\/?page_id=312"},"modified":"2023-06-06T14:02:48","modified_gmt":"2023-06-06T18:02:48","slug":"marca","status":"publish","type":"page","link":"https:\/\/www.manaus.am.gov.br\/manauscult\/a-manauscult\/marca\/","title":{"rendered":"Marca"},"content":{"rendered":"\n<p>O manual oficial apresenta o Bras\u00e3o da Prefeitura de Manaus e orienta a aplica\u00e7\u00e3o da marca em diversos materiais. Acesse o link.<\/p>\n\n\n\n<p>Orienta\u00e7\u00e3o: Lembramos que o bras\u00e3o deve ser sempre utilizado no material gr\u00e1fico de projetos contemplados pelos nossos editais de cultura, turismo ou evento. Em caso de d\u00favida, consulte a Manauscult pelo e-mail comunica.manauscult@gmail.com.<\/p>\n\n\n\n<p><strong>Lembrete:<\/strong><\/p>\n\n\n\n<p>O bras\u00e3o da Prefeitura de Manaus com assinatura conjunta da Manauscult sempre deve ser aplicado e referenciado como \u201capoio\u201d.<\/p>\n\n\n<div class=\"wp-block-image\">\n<figure class=\"alignleft size-full is-resized\"><a href=\"https:\/\/www.manaus.am.gov.br\/manauscult\/wp-content\/uploads\/sites\/11\/2023\/06\/logo_manauscult_pmm.png\"><img loading=\"lazy\" decoding=\"async\" src=\"https:\/\/www.manaus.am.gov.br\/manauscult\/wp-content\/uploads\/sites\/11\/2023\/06\/logo_manauscult_pmm.png\" alt=\"Logo Manauscult Marca PMM\" class=\"wp-image-504\" width=\"381\" height=\"94\" srcset=\"https:\/\/www.manaus.am.gov.br\/manauscult\/wp-content\/uploads\/sites\/11\/2023\/06\/logo_manauscult_pmm.png 548w, https:\/\/www.manaus.am.gov.br\/manauscult\/wp-content\/uploads\/sites\/11\/2023\/06\/logo_manauscult_pmm-300x74.png 300w\" sizes=\"(max-width: 381px) 100vw, 381px\" \/><\/a><\/figure><\/div>","protected":false},"excerpt":{"rendered":"","protected":false},"author":27,"featured_media":0,"parent":280,"menu_order":4,"comment_status":"closed","ping_status":"closed","template":"templates\/turismo.php","meta":{"footnotes":""},"acf":[],"yoast_head":"<!-- This site is optimized with the Yoast SEO plugin v23.0 - https:\/\/yoast.com\/wordpress\/plugins\/seo\/ -->\n<title>Marca - MANAUSCULT<\/title>\n<meta name=\"robots\" content=\"noindex, follow\" \/>\n<meta property=\"og:locale\" content=\"pt_BR\" \/>\n<meta property=\"og:type\" content=\"article\" \/>\n<meta property=\"og:title\" content=\"Marca - MANAUSCULT\" \/>\n<meta property=\"og:url\" content=\"https:\/\/www.manaus.am.gov.br\/manauscult\/a-manauscult\/marca\/\" \/>\n<meta property=\"og:site_name\" content=\"MANAUSCULT\" \/>\n<meta property=\"article:modified_time\" content=\"2023-06-06T18:02:48+00:00\" \/>\n<meta property=\"og:image\" content=\"https:\/\/www.manaus.am.gov.br\/manauscult\/wp-content\/uploads\/sites\/11\/2023\/06\/logo_manauscult_pmm.png\" \/>\n<meta name=\"twitter:card\" content=\"summary_large_image\" \/>\n<meta name=\"twitter:label1\" content=\"Est. reading time\" \/>\n\t<meta name=\"twitter:data1\" content=\"1 minuto\" \/>\n<script type=\"application\/ld+json\" class=\"yoast-schema-graph\">{\"@context\":\"https:\/\/schema.org\",\"@graph\":[{\"@type\":\"WebPage\",\"@id\":\"https:\/\/www.manaus.am.gov.br\/manauscult\/a-manauscult\/marca\/\",\"url\":\"https:\/\/www.manaus.am.gov.br\/manauscult\/a-manauscult\/marca\/\",\"name\":\"Marca - MANAUSCULT\",\"isPartOf\":{\"@id\":\"https:\/\/www.manaus.am.gov.br\/manauscult\/#website\"},\"primaryImageOfPage\":{\"@id\":\"https:\/\/www.manaus.am.gov.br\/manauscult\/a-manauscult\/marca\/#primaryimage\"},\"image\":{\"@id\":\"https:\/\/www.manaus.am.gov.br\/manauscult\/a-manauscult\/marca\/#primaryimage\"},\"thumbnailUrl\":\"https:\/\/www.manaus.am.gov.br\/manauscult\/wp-content\/uploads\/sites\/11\/2023\/06\/logo_manauscult_pmm.png\",\"datePublished\":\"2023-05-30T00:40:48+00:00\",\"dateModified\":\"2023-06-06T18:02:48+00:00\",\"breadcrumb\":{\"@id\":\"https:\/\/www.manaus.am.gov.br\/manauscult\/a-manauscult\/marca\/#breadcrumb\"},\"inLanguage\":\"pt-BR\",\"potentialAction\":[{\"@type\":\"ReadAction\",\"target\":[\"https:\/\/www.manaus.am.gov.br\/manauscult\/a-manauscult\/marca\/\"]}]},{\"@type\":\"ImageObject\",\"inLanguage\":\"pt-BR\",\"@id\":\"https:\/\/www.manaus.am.gov.br\/manauscult\/a-manauscult\/marca\/#primaryimage\",\"url\":\"https:\/\/www.manaus.am.gov.br\/manauscult\/wp-content\/uploads\/sites\/11\/2023\/06\/logo_manauscult_pmm.png\",\"contentUrl\":\"https:\/\/www.manaus.am.gov.br\/manauscult\/wp-content\/uploads\/sites\/11\/2023\/06\/logo_manauscult_pmm.png\"},{\"@type\":\"BreadcrumbList\",\"@id\":\"https:\/\/www.manaus.am.gov.br\/manauscult\/a-manauscult\/marca\/#breadcrumb\",\"itemListElement\":[{\"@type\":\"ListItem\",\"position\":1,\"name\":\"Home\",\"item\":\"https:\/\/www.manaus.am.gov.br\/manauscult\/\"},{\"@type\":\"ListItem\",\"position\":2,\"name\":\"A ManausCult\",\"item\":\"https:\/\/www.manaus.am.gov.br\/manauscult\/a-manauscult\/\"},{\"@type\":\"ListItem\",\"position\":3,\"name\":\"Marca\"}]},{\"@type\":\"WebSite\",\"@id\":\"https:\/\/www.manaus.am.gov.br\/manauscult\/#website\",\"url\":\"https:\/\/www.manaus.am.gov.br\/manauscult\/\",\"name\":\"MANAUSCULT\",\"description\":\"Prefeitura de Manaus\",\"potentialAction\":[{\"@type\":\"SearchAction\",\"target\":{\"@type\":\"EntryPoint\",\"urlTemplate\":\"https:\/\/www.manaus.am.gov.br\/manauscult\/?s={search_term_string}\"},\"query-input\":\"required name=search_term_string\"}],\"inLanguage\":\"pt-BR\"}]}<\/script>\n<!-- \/ Yoast SEO plugin. -->","yoast_head_json":{"title":"Marca - MANAUSCULT","robots":{"index":"noindex","follow":"follow"},"og_locale":"pt_BR","og_type":"article","og_title":"Marca - MANAUSCULT","og_url":"https:\/\/www.manaus.am.gov.br\/manauscult\/a-manauscult\/marca\/","og_site_name":"MANAUSCULT","article_modified_time":"2023-06-06T18:02:48+00:00","og_image":[{"url":"https:\/\/www.manaus.am.gov.br\/manauscult\/wp-content\/uploads\/sites\/11\/2023\/06\/logo_manauscult_pmm.png"}],"twitter_card":"summary_large_image","twitter_misc":{"Est. reading time":"1 minuto"},"schema":{"@context":"https:\/\/schema.org","@graph":[{"@type":"WebPage","@id":"https:\/\/www.manaus.am.gov.br\/manauscult\/a-manauscult\/marca\/","url":"https:\/\/www.manaus.am.gov.br\/manauscult\/a-manauscult\/marca\/","name":"Marca - MANAUSCULT","isPartOf":{"@id":"https:\/\/www.manaus.am.gov.br\/manauscult\/#website"},"primaryImageOfPage":{"@id":"https:\/\/www.manaus.am.gov.br\/manauscult\/a-manauscult\/marca\/#primaryimage"},"image":{"@id":"https:\/\/www.manaus.am.gov.br\/manauscult\/a-manauscult\/marca\/#primaryimage"},"thumbnailUrl":"https:\/\/www.manaus.am.gov.br\/manauscult\/wp-content\/uploads\/sites\/11\/2023\/06\/logo_manauscult_pmm.png","datePublished":"2023-05-30T00:40:48+00:00","dateModified":"2023-06-06T18:02:48+00:00","breadcrumb":{"@id":"https:\/\/www.manaus.am.gov.br\/manauscult\/a-manauscult\/marca\/#breadcrumb"},"inLanguage":"pt-BR","potentialAction":[{"@type":"ReadAction","target":["https:\/\/www.manaus.am.gov.br\/manauscult\/a-manauscult\/marca\/"]}]},{"@type":"ImageObject","inLanguage":"pt-BR","@id":"https:\/\/www.manaus.am.gov.br\/manauscult\/a-manauscult\/marca\/#primaryimage","url":"https:\/\/www.manaus.am.gov.br\/manauscult\/wp-content\/uploads\/sites\/11\/2023\/06\/logo_manauscult_pmm.png","contentUrl":"https:\/\/www.manaus.am.gov.br\/manauscult\/wp-content\/uploads\/sites\/11\/2023\/06\/logo_manauscult_pmm.png"},{"@type":"BreadcrumbList","@id":"https:\/\/www.manaus.am.gov.br\/manauscult\/a-manauscult\/marca\/#breadcrumb","itemListElement":[{"@type":"ListItem","position":1,"name":"Home","item":"https:\/\/www.manaus.am.gov.br\/manauscult\/"},{"@type":"ListItem","position":2,"name":"A ManausCult","item":"https:\/\/www.manaus.am.gov.br\/manauscult\/a-manauscult\/"},{"@type":"ListItem","position":3,"name":"Marca"}]},{"@type":"WebSite","@id":"https:\/\/www.manaus.am.gov.br\/manauscult\/#website","url":"https:\/\/www.manaus.am.gov.br\/manauscult\/","name":"MANAUSCULT","description":"Prefeitura de Manaus","potentialAction":[{"@type":"SearchAction","target":{"@type":"EntryPoint","urlTemplate":"https:\/\/www.manaus.am.gov.br\/manauscult\/?s={search_term_string}"},"query-input":"required name=search_term_string"}],"inLanguage":"pt-BR"}]}},"_links":{"self":[{"href":"https:\/\/www.manaus.am.gov.br\/manauscult\/wp-json\/wp\/v2\/pages\/312"}],"collection":[{"href":"https:\/\/www.manaus.am.gov.br\/manauscult\/wp-json\/wp\/v2\/pages"}],"about":[{"href":"https:\/\/www.manaus.am.gov.br\/manauscult\/wp-json\/wp\/v2\/types\/page"}],"author":[{"embeddable":true,"href":"https:\/\/www.manaus.am.gov.br\/manauscult\/wp-json\/wp\/v2\/users\/27"}],"replies":[{"embeddable":true,"href":"https:\/\/www.manaus.am.gov.br\/manauscult\/wp-json\/wp\/v2\/comments?post=312"}],"version-history":[{"count":3,"href":"https:\/\/www.manaus.am.gov.br\/manauscult\/wp-json\/wp\/v2\/pages\/312\/revisions"}],"predecessor-version":[{"id":505,"href":"https:\/\/www.manaus.am.gov.br\/manauscult\/wp-json\/wp\/v2\/pages\/312\/revisions\/505"}],"up":[{"embeddable":true,"href":"https:\/\/www.manaus.am.gov.br\/manauscult\/wp-json\/wp\/v2\/pages\/280"}],"wp:attachment":[{"href":"https:\/\/www.manaus.am.gov.br\/manauscult\/wp-json\/wp\/v2\/media?parent=312"}],"curies":[{"name":"wp","href":"https:\/\/api.w.org\/{rel}","templated":true}]}}

<p>O manual oficial apresenta o Brasão da Prefeitura de Manaus e orienta a aplicação da marca em diversos materiais. Acesse o link.</p>



<p>Orientação: Lembramos que o brasão deve ser sempre utilizado no material gráfico de projetos contemplados pelos nossos editais de cultura, turismo ou evento. Em caso de dúvida, consulte a Manauscult pelo e-mail comunica.manauscult@gmail.com.</p>



<p><strong>Lembrete:</strong></p>



<p>O brasão da Prefeitura de Manaus com assinatura conjunta da Manauscult sempre deve ser aplicado e referenciado como “apoio”.</p>


<div class="wp-block-image">
<figure class="alignleft size-full is-resized"><a href="https://www.manaus.am.gov.br/manauscult/wp-content/uploads/sites/11/2023/06/logo_manauscult_pmm.png"><img loading="lazy" decoding="async" src="https://www.manaus.am.gov.br/manauscult/wp-content/uploads/sites/11/2023/06/logo_manauscult_pmm.png" alt="Logo Manauscult Marca PMM" class="wp-image-504" width="381" height="94" srcset="https://www.manaus.am.gov.br/manauscult/wp-content/uploads/sites/11/2023/06/logo_manauscult_pmm.png 548w, https://www.manaus.am.gov.br/manauscult/wp-content/uploads/sites/11/2023/06/logo_manauscult_pmm-300x74.png 300w" sizes="(max-width: 381px) 100vw, 381px" /></a></figure></div>
