{"id":284,"date":"2023-05-29T20:24:26","date_gmt":"2023-05-30T00:24:26","guid":{"rendered":"https:\/\/www.manaus.am.gov.br\/manauscult\/?page_id=284"},"modified":"2023-06-06T09:46:31","modified_gmt":"2023-06-06T13:46:31","slug":"estrutura-organizacional","status":"publish","type":"page","link":"https:\/\/www.manaus.am.gov.br\/manauscult\/a-manauscult\/estrutura-organizacional\/","title":{"rendered":"Estrutura Organizacional"},"content":{"rendered":"\n<h2 class=\"wp-block-heading\"><a href=\"https:\/\/leismunicipais.com.br\/a\/am\/m\/manaus\/lei-ordinaria\/2010\/144\/1435\/lei-ordinaria-n-1435-2010-cria-a-fundacao-municipal-de-eventos-e-turismo-manaustur-altera-a-denominacao-e-a-estrutura-organizacional-da-fundacao-municipal-de-cultura-e-turismo-manauscult-e-da-outras-providencias\" target=\"_blank\" rel=\"noreferrer noopener\">LEI N.\u00ba 1.435, DE 26 DE MAR\u00c7O DE 2010<\/a><\/h2>\n\n\n\n<p><strong>Cria a Funda\u00e7\u00e3o Municipal de Eventos e Turismo \u2013 MANAUSTUR -, altera a denomina\u00e7\u00e3o e a estrutura organizacional da Funda\u00e7\u00e3o Municipal de Cultura e Turismo \u2013 MANAUSCULT -, e d\u00e1 outras provid\u00eancias.<\/strong><\/p>\n\n\n\n<p>Art. 11. A Funda\u00e7\u00e3o Municipal De Cultura e Artes ser\u00e1 dirigida por um Diretor Presidente, com o aux\u00edlio de um Vice-Presidente.<br>Par\u00e1grafo \u00fanico. Para os efeitos do disposto neste artigo:<br>I \u2013 fica mantido o cargo de Diretor Presidente criado pela Lei n.\u00ba 940, de 20 de janeiro de 2006, com as altera\u00e7\u00f5es introduzidas pela Lei n.\u00ba 1.321, de 16 de abril de 2009; II \u2013 fica extinto um cargo de Vice Presidente, integrante da estrutura organizacional da MANAUSCULT, na forma da Lei n.\u00ba 1.321, de 16 de abril de 2009.<\/p>\n","protected":false},"excerpt":{"rendered":"","protected":false},"author":27,"featured_media":0,"parent":280,"menu_order":1,"comment_status":"closed","ping_status":"closed","template":"templates\/turismo.php","meta":{"footnotes":""},"acf":[],"yoast_head":"<!-- This site is optimized with the Yoast SEO plugin v23.0 - https:\/\/yoast.com\/wordpress\/plugins\/seo\/ -->\n<title>Estrutura Organizacional - MANAUSCULT<\/title>\n<meta name=\"robots\" content=\"noindex, follow\" \/>\n<meta property=\"og:locale\" content=\"pt_BR\" \/>\n<meta property=\"og:type\" content=\"article\" \/>\n<meta property=\"og:title\" content=\"Estrutura Organizacional - MANAUSCULT\" \/>\n<meta property=\"og:url\" content=\"https:\/\/www.manaus.am.gov.br\/manauscult\/a-manauscult\/estrutura-organizacional\/\" \/>\n<meta property=\"og:site_name\" content=\"MANAUSCULT\" \/>\n<meta property=\"article:modified_time\" content=\"2023-06-06T13:46:31+00:00\" \/>\n<meta name=\"twitter:card\" content=\"summary_large_image\" \/>\n<meta name=\"twitter:label1\" content=\"Est. reading time\" \/>\n\t<meta name=\"twitter:data1\" content=\"1 minuto\" \/>\n<script type=\"application\/ld+json\" class=\"yoast-schema-graph\">{\"@context\":\"https:\/\/schema.org\",\"@graph\":[{\"@type\":\"WebPage\",\"@id\":\"https:\/\/www.manaus.am.gov.br\/manauscult\/a-manauscult\/estrutura-organizacional\/\",\"url\":\"https:\/\/www.manaus.am.gov.br\/manauscult\/a-manauscult\/estrutura-organizacional\/\",\"name\":\"Estrutura Organizacional - MANAUSCULT\",\"isPartOf\":{\"@id\":\"https:\/\/www.manaus.am.gov.br\/manauscult\/#website\"},\"datePublished\":\"2023-05-30T00:24:26+00:00\",\"dateModified\":\"2023-06-06T13:46:31+00:00\",\"breadcrumb\":{\"@id\":\"https:\/\/www.manaus.am.gov.br\/manauscult\/a-manauscult\/estrutura-organizacional\/#breadcrumb\"},\"inLanguage\":\"pt-BR\",\"potentialAction\":[{\"@type\":\"ReadAction\",\"target\":[\"https:\/\/www.manaus.am.gov.br\/manauscult\/a-manauscult\/estrutura-organizacional\/\"]}]},{\"@type\":\"BreadcrumbList\",\"@id\":\"https:\/\/www.manaus.am.gov.br\/manauscult\/a-manauscult\/estrutura-organizacional\/#breadcrumb\",\"itemListElement\":[{\"@type\":\"ListItem\",\"position\":1,\"name\":\"Home\",\"item\":\"https:\/\/www.manaus.am.gov.br\/manauscult\/\"},{\"@type\":\"ListItem\",\"position\":2,\"name\":\"A ManausCult\",\"item\":\"https:\/\/www.manaus.am.gov.br\/manauscult\/a-manauscult\/\"},{\"@type\":\"ListItem\",\"position\":3,\"name\":\"Estrutura Organizacional\"}]},{\"@type\":\"WebSite\",\"@id\":\"https:\/\/www.manaus.am.gov.br\/manauscult\/#website\",\"url\":\"https:\/\/www.manaus.am.gov.br\/manauscult\/\",\"name\":\"MANAUSCULT\",\"description\":\"Prefeitura de Manaus\",\"potentialAction\":[{\"@type\":\"SearchAction\",\"target\":{\"@type\":\"EntryPoint\",\"urlTemplate\":\"https:\/\/www.manaus.am.gov.br\/manauscult\/?s={search_term_string}\"},\"query-input\":\"required name=search_term_string\"}],\"inLanguage\":\"pt-BR\"}]}<\/script>\n<!-- \/ Yoast SEO plugin. -->","yoast_head_json":{"title":"Estrutura Organizacional - MANAUSCULT","robots":{"index":"noindex","follow":"follow"},"og_locale":"pt_BR","og_type":"article","og_title":"Estrutura Organizacional - MANAUSCULT","og_url":"https:\/\/www.manaus.am.gov.br\/manauscult\/a-manauscult\/estrutura-organizacional\/","og_site_name":"MANAUSCULT","article_modified_time":"2023-06-06T13:46:31+00:00","twitter_card":"summary_large_image","twitter_misc":{"Est. reading time":"1 minuto"},"schema":{"@context":"https:\/\/schema.org","@graph":[{"@type":"WebPage","@id":"https:\/\/www.manaus.am.gov.br\/manauscult\/a-manauscult\/estrutura-organizacional\/","url":"https:\/\/www.manaus.am.gov.br\/manauscult\/a-manauscult\/estrutura-organizacional\/","name":"Estrutura Organizacional - MANAUSCULT","isPartOf":{"@id":"https:\/\/www.manaus.am.gov.br\/manauscult\/#website"},"datePublished":"2023-05-30T00:24:26+00:00","dateModified":"2023-06-06T13:46:31+00:00","breadcrumb":{"@id":"https:\/\/www.manaus.am.gov.br\/manauscult\/a-manauscult\/estrutura-organizacional\/#breadcrumb"},"inLanguage":"pt-BR","potentialAction":[{"@type":"ReadAction","target":["https:\/\/www.manaus.am.gov.br\/manauscult\/a-manauscult\/estrutura-organizacional\/"]}]},{"@type":"BreadcrumbList","@id":"https:\/\/www.manaus.am.gov.br\/manauscult\/a-manauscult\/estrutura-organizacional\/#breadcrumb","itemListElement":[{"@type":"ListItem","position":1,"name":"Home","item":"https:\/\/www.manaus.am.gov.br\/manauscult\/"},{"@type":"ListItem","position":2,"name":"A ManausCult","item":"https:\/\/www.manaus.am.gov.br\/manauscult\/a-manauscult\/"},{"@type":"ListItem","position":3,"name":"Estrutura Organizacional"}]},{"@type":"WebSite","@id":"https:\/\/www.manaus.am.gov.br\/manauscult\/#website","url":"https:\/\/www.manaus.am.gov.br\/manauscult\/","name":"MANAUSCULT","description":"Prefeitura de Manaus","potentialAction":[{"@type":"SearchAction","target":{"@type":"EntryPoint","urlTemplate":"https:\/\/www.manaus.am.gov.br\/manauscult\/?s={search_term_string}"},"query-input":"required name=search_term_string"}],"inLanguage":"pt-BR"}]}},"_links":{"self":[{"href":"https:\/\/www.manaus.am.gov.br\/manauscult\/wp-json\/wp\/v2\/pages\/284"}],"collection":[{"href":"https:\/\/www.manaus.am.gov.br\/manauscult\/wp-json\/wp\/v2\/pages"}],"about":[{"href":"https:\/\/www.manaus.am.gov.br\/manauscult\/wp-json\/wp\/v2\/types\/page"}],"author":[{"embeddable":true,"href":"https:\/\/www.manaus.am.gov.br\/manauscult\/wp-json\/wp\/v2\/users\/27"}],"replies":[{"embeddable":true,"href":"https:\/\/www.manaus.am.gov.br\/manauscult\/wp-json\/wp\/v2\/comments?post=284"}],"version-history":[{"count":4,"href":"https:\/\/www.manaus.am.gov.br\/manauscult\/wp-json\/wp\/v2\/pages\/284\/revisions"}],"predecessor-version":[{"id":494,"href":"https:\/\/www.manaus.am.gov.br\/manauscult\/wp-json\/wp\/v2\/pages\/284\/revisions\/494"}],"up":[{"embeddable":true,"href":"https:\/\/www.manaus.am.gov.br\/manauscult\/wp-json\/wp\/v2\/pages\/280"}],"wp:attachment":[{"href":"https:\/\/www.manaus.am.gov.br\/manauscult\/wp-json\/wp\/v2\/media?parent=284"}],"curies":[{"name":"wp","href":"https:\/\/api.w.org\/{rel}","templated":true}]}}

<h2 class="wp-block-heading"><a href="https://leismunicipais.com.br/a/am/m/manaus/lei-ordinaria/2010/144/1435/lei-ordinaria-n-1435-2010-cria-a-fundacao-municipal-de-eventos-e-turismo-manaustur-altera-a-denominacao-e-a-estrutura-organizacional-da-fundacao-municipal-de-cultura-e-turismo-manauscult-e-da-outras-providencias" target="_blank" rel="noreferrer noopener">LEI N.º 1.435, DE 26 DE MARÇO DE 2010</a></h2>



<p><strong>Cria a Fundação Municipal de Eventos e Turismo – MANAUSTUR -, altera a denominação e a estrutura organizacional da Fundação Municipal de Cultura e Turismo – MANAUSCULT -, e dá outras providências.</strong></p>



<p>Art. 11. A Fundação Municipal De Cultura e Artes será dirigida por um Diretor Presidente, com o auxílio de um Vice-Presidente.<br>Parágrafo único. Para os efeitos do disposto neste artigo:<br>I – fica mantido o cargo de Diretor Presidente criado pela Lei n.º 940, de 20 de janeiro de 2006, com as alterações introduzidas pela Lei n.º 1.321, de 16 de abril de 2009; II – fica extinto um cargo de Vice Presidente, integrante da estrutura organizacional da MANAUSCULT, na forma da Lei n.º 1.321, de 16 de abril de 2009.</p>
