{"id":2394,"date":"2024-04-30T14:31:35","date_gmt":"2024-04-30T18:31:35","guid":{"rendered":"https:\/\/www.manaus.am.gov.br\/manauscult\/?page_id=2394"},"modified":"2024-04-30T14:31:35","modified_gmt":"2024-04-30T18:31:35","slug":"66o-festival-folclorico-do-amazonas-categoria-prata-e-bronze-edital-de-chamamento-publico","status":"publish","type":"page","link":"https:\/\/www.manaus.am.gov.br\/manauscult\/66o-festival-folclorico-do-amazonas-categoria-prata-e-bronze-edital-de-chamamento-publico\/","title":{"rendered":"66\u00ba Festival Folcl\u00f3rico do Amazonas: Categoria Prata e Bronze &#8211; Edital de Chamamento P\u00fablico"},"content":{"rendered":"\n<h2 class=\"wp-block-heading\"><a href=\"https:\/\/www.manaus.am.gov.br\/manauscult\/wp-content\/uploads\/sites\/11\/2024\/04\/1-Edital-de-chamamento003-2024.pdf\" target=\"_blank\" rel=\"noreferrer noopener\">1 &#8211; Edital n\u00ba 003\/2024<\/a><\/h2>\n\n\n\n<h2 class=\"wp-block-heading\"><a href=\"https:\/\/www.manaus.am.gov.br\/manauscult\/wp-content\/uploads\/sites\/11\/2024\/04\/2-PLANO-DE-TRABALHO-modelo.doc\" target=\"_blank\" rel=\"noreferrer noopener\">2 &#8211;&nbsp;Plano de trabalho<\/a><\/h2>\n\n\n\n<h2 class=\"wp-block-heading\"><a href=\"https:\/\/www.manaus.am.gov.br\/manauscult\/wp-content\/uploads\/sites\/11\/2024\/04\/3-Mapa-Orcamentario-Modelo.xlsx\" target=\"_blank\" rel=\"noreferrer noopener\">3 &#8211;&nbsp;Mapa Or\u00e7ament\u00e1rio<\/a><\/h2>\n\n\n\n<h2 class=\"wp-block-heading\"><a href=\"https:\/\/www.manaus.am.gov.br\/manauscult\/wp-content\/uploads\/sites\/11\/2024\/04\/4-Declaracao-sobre-a-existencia-de-instalacoes-e-outras-condicoes-materiais-da-osc.doc\" target=\"_blank\" rel=\"noreferrer noopener\">4 &#8211; Declara\u00e7\u00e3o sobre a exist\u00eancia de instala\u00e7\u00f5es e outras condi\u00e7\u00f5es materiais da osc<\/a><\/h2>\n\n\n\n<h2 class=\"wp-block-heading\"><a href=\"https:\/\/www.manaus.am.gov.br\/manauscult\/wp-content\/uploads\/sites\/11\/2024\/04\/5-Declaracao-de-Ciencia-e-Concordancia.doc\" target=\"_blank\" rel=\"noreferrer noopener\">5 &#8211; Declara\u00e7\u00e3o de ci\u00eancia e concord\u00e2ncia<\/a><\/h2>\n\n\n\n<h2 class=\"wp-block-heading\"><a href=\"https:\/\/www.manaus.am.gov.br\/manauscult\/wp-content\/uploads\/sites\/11\/2024\/04\/6-Declaracao-que-nao-incorrem-em-quaisquer-das-vedacoes-previstas-no-art.-39-da-Lei-no-13.019-de-2014.doc\" target=\"_blank\" rel=\"noreferrer noopener\">6 &#8211; Declara\u00e7\u00e3o que n\u00e3o incorrem em quaisquer das veda\u00e7\u00f5es previstas no art. 39 da Lei n\u00ba 13.019, de 2014<\/a><\/h2>\n\n\n\n<h2 class=\"wp-block-heading\"><a href=\"https:\/\/www.manaus.am.gov.br\/manauscult\/wp-content\/uploads\/sites\/11\/2024\/04\/7-Declaracao-conforme-solicitado-no-Decreto-n\u00b0-8726-de-2016.doc\" target=\"_blank\" rel=\"noreferrer noopener\">7 &#8211; Declara\u00e7\u00e3o conforme solicitado no Decreto n\u00b0 8726, de 2016<\/a><\/h2>\n\n\n\n<h2 class=\"wp-block-heading\"><a href=\"https:\/\/www.manaus.am.gov.br\/manauscult\/wp-content\/uploads\/sites\/11\/2024\/04\/8-Manual_Prestacao_de_Contas_OSCs.pdf\" target=\"_blank\" rel=\"noreferrer noopener\">8 &#8211; Manual de presta\u00e7\u00e3o de contas<\/a><\/h2>\n\n\n\n<h2 class=\"wp-block-heading\"><a href=\"https:\/\/www.manaus.am.gov.br\/manauscult\/wp-content\/uploads\/sites\/11\/2024\/04\/9-Anexo-do-Manual.xlsx\" target=\"_blank\" rel=\"noreferrer noopener\">9 &#8211; Anexo do manual<\/a><\/h2>\n\n\n\n<h2 class=\"wp-block-heading\">10 &#8211; Link de inscri\u00e7\u00e3o das propostas para o edital &gt; &gt; &gt; <a href=\"https:\/\/forms.gle\/4vh31RE5Hn9uZCqW7\" target=\"_blank\" rel=\"noreferrer noopener\">https:\/\/forms.gle\/4vh31RE5Hn9uZCqW7<\/a><\/h2>\n","protected":false},"excerpt":{"rendered":"","protected":false},"author":8,"featured_media":0,"parent":0,"menu_order":0,"comment_status":"closed","ping_status":"closed","template":"","meta":{"footnotes":""},"acf":[],"yoast_head":"<!-- This site is optimized with the Yoast SEO plugin v23.0 - https:\/\/yoast.com\/wordpress\/plugins\/seo\/ -->\n<title>66\u00ba Festival Folcl\u00f3rico do Amazonas: Categoria Prata e Bronze - Edital de Chamamento P\u00fablico - MANAUSCULT<\/title>\n<meta name=\"robots\" content=\"noindex, follow\" \/>\n<meta property=\"og:locale\" content=\"pt_BR\" \/>\n<meta property=\"og:type\" content=\"article\" \/>\n<meta property=\"og:title\" content=\"66\u00ba Festival Folcl\u00f3rico do Amazonas: Categoria Prata e Bronze - Edital de Chamamento P\u00fablico - MANAUSCULT\" \/>\n<meta property=\"og:url\" content=\"https:\/\/www.manaus.am.gov.br\/manauscult\/66o-festival-folclorico-do-amazonas-categoria-prata-e-bronze-edital-de-chamamento-publico\/\" \/>\n<meta property=\"og:site_name\" content=\"MANAUSCULT\" \/>\n<meta name=\"twitter:card\" content=\"summary_large_image\" \/>\n<meta name=\"twitter:label1\" content=\"Est. reading time\" \/>\n\t<meta name=\"twitter:data1\" content=\"1 minuto\" \/>\n<script type=\"application\/ld+json\" class=\"yoast-schema-graph\">{\"@context\":\"https:\/\/schema.org\",\"@graph\":[{\"@type\":\"WebPage\",\"@id\":\"https:\/\/www.manaus.am.gov.br\/manauscult\/66o-festival-folclorico-do-amazonas-categoria-prata-e-bronze-edital-de-chamamento-publico\/\",\"url\":\"https:\/\/www.manaus.am.gov.br\/manauscult\/66o-festival-folclorico-do-amazonas-categoria-prata-e-bronze-edital-de-chamamento-publico\/\",\"name\":\"66\u00ba Festival Folcl\u00f3rico do Amazonas: Categoria Prata e Bronze - Edital de Chamamento P\u00fablico - MANAUSCULT\",\"isPartOf\":{\"@id\":\"https:\/\/www.manaus.am.gov.br\/manauscult\/#website\"},\"datePublished\":\"2024-04-30T18:31:35+00:00\",\"dateModified\":\"2024-04-30T18:31:35+00:00\",\"breadcrumb\":{\"@id\":\"https:\/\/www.manaus.am.gov.br\/manauscult\/66o-festival-folclorico-do-amazonas-categoria-prata-e-bronze-edital-de-chamamento-publico\/#breadcrumb\"},\"inLanguage\":\"pt-BR\",\"potentialAction\":[{\"@type\":\"ReadAction\",\"target\":[\"https:\/\/www.manaus.am.gov.br\/manauscult\/66o-festival-folclorico-do-amazonas-categoria-prata-e-bronze-edital-de-chamamento-publico\/\"]}]},{\"@type\":\"BreadcrumbList\",\"@id\":\"https:\/\/www.manaus.am.gov.br\/manauscult\/66o-festival-folclorico-do-amazonas-categoria-prata-e-bronze-edital-de-chamamento-publico\/#breadcrumb\",\"itemListElement\":[{\"@type\":\"ListItem\",\"position\":1,\"name\":\"Home\",\"item\":\"https:\/\/www.manaus.am.gov.br\/manauscult\/\"},{\"@type\":\"ListItem\",\"position\":2,\"name\":\"66\u00ba Festival Folcl\u00f3rico do Amazonas: Categoria Prata e Bronze &#8211; Edital de Chamamento P\u00fablico\"}]},{\"@type\":\"WebSite\",\"@id\":\"https:\/\/www.manaus.am.gov.br\/manauscult\/#website\",\"url\":\"https:\/\/www.manaus.am.gov.br\/manauscult\/\",\"name\":\"MANAUSCULT\",\"description\":\"Prefeitura de Manaus\",\"potentialAction\":[{\"@type\":\"SearchAction\",\"target\":{\"@type\":\"EntryPoint\",\"urlTemplate\":\"https:\/\/www.manaus.am.gov.br\/manauscult\/?s={search_term_string}\"},\"query-input\":\"required name=search_term_string\"}],\"inLanguage\":\"pt-BR\"}]}<\/script>\n<!-- \/ Yoast SEO plugin. -->","yoast_head_json":{"title":"66\u00ba Festival Folcl\u00f3rico do Amazonas: Categoria Prata e Bronze - Edital de Chamamento P\u00fablico - MANAUSCULT","robots":{"index":"noindex","follow":"follow"},"og_locale":"pt_BR","og_type":"article","og_title":"66\u00ba Festival Folcl\u00f3rico do Amazonas: Categoria Prata e Bronze - Edital de Chamamento P\u00fablico - MANAUSCULT","og_url":"https:\/\/www.manaus.am.gov.br\/manauscult\/66o-festival-folclorico-do-amazonas-categoria-prata-e-bronze-edital-de-chamamento-publico\/","og_site_name":"MANAUSCULT","twitter_card":"summary_large_image","twitter_misc":{"Est. reading time":"1 minuto"},"schema":{"@context":"https:\/\/schema.org","@graph":[{"@type":"WebPage","@id":"https:\/\/www.manaus.am.gov.br\/manauscult\/66o-festival-folclorico-do-amazonas-categoria-prata-e-bronze-edital-de-chamamento-publico\/","url":"https:\/\/www.manaus.am.gov.br\/manauscult\/66o-festival-folclorico-do-amazonas-categoria-prata-e-bronze-edital-de-chamamento-publico\/","name":"66\u00ba Festival Folcl\u00f3rico do Amazonas: Categoria Prata e Bronze - Edital de Chamamento P\u00fablico - MANAUSCULT","isPartOf":{"@id":"https:\/\/www.manaus.am.gov.br\/manauscult\/#website"},"datePublished":"2024-04-30T18:31:35+00:00","dateModified":"2024-04-30T18:31:35+00:00","breadcrumb":{"@id":"https:\/\/www.manaus.am.gov.br\/manauscult\/66o-festival-folclorico-do-amazonas-categoria-prata-e-bronze-edital-de-chamamento-publico\/#breadcrumb"},"inLanguage":"pt-BR","potentialAction":[{"@type":"ReadAction","target":["https:\/\/www.manaus.am.gov.br\/manauscult\/66o-festival-folclorico-do-amazonas-categoria-prata-e-bronze-edital-de-chamamento-publico\/"]}]},{"@type":"BreadcrumbList","@id":"https:\/\/www.manaus.am.gov.br\/manauscult\/66o-festival-folclorico-do-amazonas-categoria-prata-e-bronze-edital-de-chamamento-publico\/#breadcrumb","itemListElement":[{"@type":"ListItem","position":1,"name":"Home","item":"https:\/\/www.manaus.am.gov.br\/manauscult\/"},{"@type":"ListItem","position":2,"name":"66\u00ba Festival Folcl\u00f3rico do Amazonas: Categoria Prata e Bronze &#8211; Edital de Chamamento P\u00fablico"}]},{"@type":"WebSite","@id":"https:\/\/www.manaus.am.gov.br\/manauscult\/#website","url":"https:\/\/www.manaus.am.gov.br\/manauscult\/","name":"MANAUSCULT","description":"Prefeitura de Manaus","potentialAction":[{"@type":"SearchAction","target":{"@type":"EntryPoint","urlTemplate":"https:\/\/www.manaus.am.gov.br\/manauscult\/?s={search_term_string}"},"query-input":"required name=search_term_string"}],"inLanguage":"pt-BR"}]}},"_links":{"self":[{"href":"https:\/\/www.manaus.am.gov.br\/manauscult\/wp-json\/wp\/v2\/pages\/2394"}],"collection":[{"href":"https:\/\/www.manaus.am.gov.br\/manauscult\/wp-json\/wp\/v2\/pages"}],"about":[{"href":"https:\/\/www.manaus.am.gov.br\/manauscult\/wp-json\/wp\/v2\/types\/page"}],"author":[{"embeddable":true,"href":"https:\/\/www.manaus.am.gov.br\/manauscult\/wp-json\/wp\/v2\/users\/8"}],"replies":[{"embeddable":true,"href":"https:\/\/www.manaus.am.gov.br\/manauscult\/wp-json\/wp\/v2\/comments?post=2394"}],"version-history":[{"count":1,"href":"https:\/\/www.manaus.am.gov.br\/manauscult\/wp-json\/wp\/v2\/pages\/2394\/revisions"}],"predecessor-version":[{"id":2395,"href":"https:\/\/www.manaus.am.gov.br\/manauscult\/wp-json\/wp\/v2\/pages\/2394\/revisions\/2395"}],"wp:attachment":[{"href":"https:\/\/www.manaus.am.gov.br\/manauscult\/wp-json\/wp\/v2\/media?parent=2394"}],"curies":[{"name":"wp","href":"https:\/\/api.w.org\/{rel}","templated":true}]}}

66º Festival Folclórico do Amazonas: Categoria Prata e Bronze &#8211; Edital de Chamamento Público

<h2 class="wp-block-heading"><a href="https://www.manaus.am.gov.br/manauscult/wp-content/uploads/sites/11/2024/04/1-Edital-de-chamamento003-2024.pdf" target="_blank" rel="noreferrer noopener">1 &#8211; Edital nº 003/2024</a></h2>



<h2 class="wp-block-heading"><a href="https://www.manaus.am.gov.br/manauscult/wp-content/uploads/sites/11/2024/04/2-PLANO-DE-TRABALHO-modelo.doc" target="_blank" rel="noreferrer noopener">2 &#8211;&nbsp;Plano de trabalho</a></h2>



<h2 class="wp-block-heading"><a href="https://www.manaus.am.gov.br/manauscult/wp-content/uploads/sites/11/2024/04/3-Mapa-Orcamentario-Modelo.xlsx" target="_blank" rel="noreferrer noopener">3 &#8211;&nbsp;Mapa Orçamentário</a></h2>



<h2 class="wp-block-heading"><a href="https://www.manaus.am.gov.br/manauscult/wp-content/uploads/sites/11/2024/04/4-Declaracao-sobre-a-existencia-de-instalacoes-e-outras-condicoes-materiais-da-osc.doc" target="_blank" rel="noreferrer noopener">4 &#8211; Declaração sobre a existência de instalações e outras condições materiais da osc</a></h2>



<h2 class="wp-block-heading"><a href="https://www.manaus.am.gov.br/manauscult/wp-content/uploads/sites/11/2024/04/5-Declaracao-de-Ciencia-e-Concordancia.doc" target="_blank" rel="noreferrer noopener">5 &#8211; Declaração de ciência e concordância</a></h2>



<h2 class="wp-block-heading"><a href="https://www.manaus.am.gov.br/manauscult/wp-content/uploads/sites/11/2024/04/6-Declaracao-que-nao-incorrem-em-quaisquer-das-vedacoes-previstas-no-art.-39-da-Lei-no-13.019-de-2014.doc" target="_blank" rel="noreferrer noopener">6 &#8211; Declaração que não incorrem em quaisquer das vedações previstas no art. 39 da Lei nº 13.019, de 2014</a></h2>



<h2 class="wp-block-heading"><a href="https://www.manaus.am.gov.br/manauscult/wp-content/uploads/sites/11/2024/04/7-Declaracao-conforme-solicitado-no-Decreto-n°-8726-de-2016.doc" target="_blank" rel="noreferrer noopener">7 &#8211; Declaração conforme solicitado no Decreto n° 8726, de 2016</a></h2>



<h2 class="wp-block-heading"><a href="https://www.manaus.am.gov.br/manauscult/wp-content/uploads/sites/11/2024/04/8-Manual_Prestacao_de_Contas_OSCs.pdf" target="_blank" rel="noreferrer noopener">8 &#8211; Manual de prestação de contas</a></h2>



<h2 class="wp-block-heading"><a href="https://www.manaus.am.gov.br/manauscult/wp-content/uploads/sites/11/2024/04/9-Anexo-do-Manual.xlsx" target="_blank" rel="noreferrer noopener">9 &#8211; Anexo do manual</a></h2>



<h2 class="wp-block-heading">10 &#8211; Link de inscrição das propostas para o edital &gt; &gt; &gt; <a href="https://forms.gle/4vh31RE5Hn9uZCqW7" target="_blank" rel="noreferrer noopener">https://forms.gle/4vh31RE5Hn9uZCqW7</a></h2>

<!-- This site is optimized with the Yoast SEO plugin v23.0 - https://yoast.com/wordpress/plugins/seo/ -->
<title>66º Festival Folclórico do Amazonas: Categoria Prata e Bronze - Edital de Chamamento Público - MANAUSCULT</title>
<meta name="robots" content="noindex, follow" />
<meta property="og:locale" content="pt_BR" />
<meta property="og:type" content="article" />
<meta property="og:title" content="66º Festival Folclórico do Amazonas: Categoria Prata e Bronze - Edital de Chamamento Público - MANAUSCULT" />
<meta property="og:url" content="https://www.manaus.am.gov.br/manauscult/66o-festival-folclorico-do-amazonas-categoria-prata-e-bronze-edital-de-chamamento-publico/" />
<meta property="og:site_name" content="MANAUSCULT" />
<meta name="twitter:card" content="summary_large_image" />
<meta name="twitter:label1" content="Est. reading time" />
	<meta name="twitter:data1" content="1 minuto" />
<script type="application/ld+json" class="yoast-schema-graph">{"@context":"https://schema.org","@graph":[{"@type":"WebPage","@id":"https://www.manaus.am.gov.br/manauscult/66o-festival-folclorico-do-amazonas-categoria-prata-e-bronze-edital-de-chamamento-publico/","url":"https://www.manaus.am.gov.br/manauscult/66o-festival-folclorico-do-amazonas-categoria-prata-e-bronze-edital-de-chamamento-publico/","name":"66º Festival Folclórico do Amazonas: Categoria Prata e Bronze - Edital de Chamamento Público - MANAUSCULT","isPartOf":{"@id":"https://www.manaus.am.gov.br/manauscult/#website"},"datePublished":"2024-04-30T18:31:35+00:00","dateModified":"2024-04-30T18:31:35+00:00","breadcrumb":{"@id":"https://www.manaus.am.gov.br/manauscult/66o-festival-folclorico-do-amazonas-categoria-prata-e-bronze-edital-de-chamamento-publico/#breadcrumb"},"inLanguage":"pt-BR","potentialAction":[{"@type":"ReadAction","target":["https://www.manaus.am.gov.br/manauscult/66o-festival-folclorico-do-amazonas-categoria-prata-e-bronze-edital-de-chamamento-publico/"]}]},{"@type":"BreadcrumbList","@id":"https://www.manaus.am.gov.br/manauscult/66o-festival-folclorico-do-amazonas-categoria-prata-e-bronze-edital-de-chamamento-publico/#breadcrumb","itemListElement":[{"@type":"ListItem","position":1,"name":"Home","item":"https://www.manaus.am.gov.br/manauscult/"},{"@type":"ListItem","position":2,"name":"66º Festival Folclórico do Amazonas: Categoria Prata e Bronze &#8211; Edital de Chamamento Público"}]},{"@type":"WebSite","@id":"https://www.manaus.am.gov.br/manauscult/#website","url":"https://www.manaus.am.gov.br/manauscult/","name":"MANAUSCULT","description":"Prefeitura de Manaus","potentialAction":[{"@type":"SearchAction","target":{"@type":"EntryPoint","urlTemplate":"https://www.manaus.am.gov.br/manauscult/?s={search_term_string}"},"query-input":"required name=search_term_string"}],"inLanguage":"pt-BR"}]}</script>
<!-- / Yoast SEO plugin. -->

66º Festival Folclórico do Amazonas: Categoria Prata e Bronze - Edital de Chamamento Público - MANAUSCULT
