{"version":"1.0","provider_name":"MANAUSCULT","provider_url":"https:\/\/www.manaus.am.gov.br\/manauscult","title":"Prefeitura garante repasse recorde com anteced\u00eancia hist\u00f3rica para o \u2018Festival dos Bois-Bumb\u00e1s de Manaus\u2019 na categoria Ouro","type":"rich","width":600,"height":338,"html":"<blockquote class=\"wp-embedded-content\" data-secret=\"b7nf527tli\"><a href=\"https:\/\/www.manaus.am.gov.br\/manauscult\/prefeitura-manauscult-festivaldosboisdemanaus\/\">Prefeitura garante repasse recorde com anteced\u00eancia hist\u00f3rica para o \u2018Festival dos Bois-Bumb\u00e1s de Manaus\u2019 na categoria Ouro<\/a><\/blockquote><iframe sandbox=\"allow-scripts\" security=\"restricted\" src=\"https:\/\/www.manaus.am.gov.br\/manauscult\/prefeitura-manauscult-festivaldosboisdemanaus\/embed\/#?secret=b7nf527tli\" width=\"600\" height=\"338\" title=\"&#8220;Prefeitura garante repasse recorde com anteced\u00eancia hist\u00f3rica para o \u2018Festival dos Bois-Bumb\u00e1s de Manaus\u2019 na categoria Ouro&#8221; &#8212; MANAUSCULT\" data-secret=\"b7nf527tli\" frameborder=\"0\" marginwidth=\"0\" marginheight=\"0\" scrolling=\"no\" class=\"wp-embedded-content\"><\/iframe><script type=\"text\/javascript\">\n\/* <![CDATA[ *\/\n\/*! This file is auto-generated *\/\n!function(d,l){\"use strict\";l.querySelector&&d.addEventListener&&\"undefined\"!=typeof URL&&(d.wp=d.wp||{},d.wp.receiveEmbedMessage||(d.wp.receiveEmbedMessage=function(e){var t=e.data;if((t||t.secret||t.message||t.value)&&!\/[^a-zA-Z0-9]\/.test(t.secret)){for(var s,r,n,a=l.querySelectorAll('iframe[data-secret=\"'+t.secret+'\"]'),o=l.querySelectorAll('blockquote[data-secret=\"'+t.secret+'\"]'),c=new RegExp(\"^https?:$\",\"i\"),i=0;i<o.length;i++)o[i].style.display=\"none\";for(i=0;i<a.length;i++)s=a[i],e.source===s.contentWindow&&(s.removeAttribute(\"style\"),\"height\"===t.message?(1e3<(r=parseInt(t.value,10))?r=1e3:~~r<200&&(r=200),s.height=r):\"link\"===t.message&&(r=new URL(s.getAttribute(\"src\")),n=new URL(t.value),c.test(n.protocol))&&n.host===r.host&&l.activeElement===s&&(d.top.location.href=t.value))}},d.addEventListener(\"message\",d.wp.receiveEmbedMessage,!1),l.addEventListener(\"DOMContentLoaded\",function(){for(var e,t,s=l.querySelectorAll(\"iframe.wp-embedded-content\"),r=0;r<s.length;r++)(t=(e=s[r]).getAttribute(\"data-secret\"))||(t=Math.random().toString(36).substring(2,12),e.src+=\"#?secret=\"+t,e.setAttribute(\"data-secret\",t)),e.contentWindow.postMessage({message:\"ready\",secret:t},\"*\")},!1)))}(window,document);\n\/* ]]> *\/\n<\/script>\n","thumbnail_url":"https:\/\/www.manaus.am.gov.br\/manauscult\/wp-content\/uploads\/sites\/11\/2025\/07\/c2d5637e-38c2-498a-a690-e8f2cddbcc39.jpeg","thumbnail_width":2944,"thumbnail_height":1968,"description":"Nos dias 25 e 26 de julho, o centro de conven\u00e7\u00f5es Professor Gilberto Mestrinho, o samb\u00f3dromo, ser\u00e1 palco de um espet\u00e1culo de cores, ritmos e tradi\u00e7\u00f5es com a apresenta\u00e7\u00e3o dos seis bois-bumb\u00e1s da categoria Ouro. A Prefeitura de Manaus, Funda\u00e7\u00e3o Municipal de Cultura, Turismo e Eventos (ManausCult), reafirma seu compromisso com a valoriza\u00e7\u00e3o da cultura popular"}

Prefeitura garante repasse recorde com antecedência histórica para o ‘Festival dos Bois-Bumbás de Manaus’ na categoria Ouro

<blockquote class="wp-embedded-content" data-secret="b7nf527tli"><a href="https://www.manaus.am.gov.br/manauscult/prefeitura-manauscult-festivaldosboisdemanaus/">Prefeitura garante repasse recorde com antecedência histórica para o ‘Festival dos Bois-Bumbás de Manaus’ na categoria Ouro</a></blockquote><iframe sandbox="allow-scripts" security="restricted" src="https://www.manaus.am.gov.br/manauscult/prefeitura-manauscult-festivaldosboisdemanaus/embed/#?secret=b7nf527tli" width="600" height="338" title="&#8220;Prefeitura garante repasse recorde com antecedência histórica para o ‘Festival dos Bois-Bumbás de Manaus’ na categoria Ouro&#8221; &#8212; MANAUSCULT" data-secret="b7nf527tli" frameborder="0" marginwidth="0" marginheight="0" scrolling="no" class="wp-embedded-content"></iframe><script type="text/javascript">
/* <![CDATA[ */
/*! This file is auto-generated */
!function(d,l){"use strict";l.querySelector&&d.addEventListener&&"undefined"!=typeof URL&&(d.wp=d.wp||{},d.wp.receiveEmbedMessage||(d.wp.receiveEmbedMessage=function(e){var t=e.data;if((t||t.secret||t.message||t.value)&&!/[^a-zA-Z0-9]/.test(t.secret)){for(var s,r,n,a=l.querySelectorAll('iframe[data-secret="'+t.secret+'"]'),o=l.querySelectorAll('blockquote[data-secret="'+t.secret+'"]'),c=new RegExp("^https?:$","i"),i=0;i<o.length;i++)o[i].style.display="none";for(i=0;i<a.length;i++)s=a[i],e.source===s.contentWindow&&(s.removeAttribute("style"),"height"===t.message?(1e3<(r=parseInt(t.value,10))?r=1e3:~~r<200&&(r=200),s.height=r):"link"===t.message&&(r=new URL(s.getAttribute("src")),n=new URL(t.value),c.test(n.protocol))&&n.host===r.host&&l.activeElement===s&&(d.top.location.href=t.value))}},d.addEventListener("message",d.wp.receiveEmbedMessage,!1),l.addEventListener("DOMContentLoaded",function(){for(var e,t,s=l.querySelectorAll("iframe.wp-embedded-content"),r=0;r<s.length;r++)(t=(e=s[r]).getAttribute("data-secret"))||(t=Math.random().toString(36).substring(2,12),e.src+="#?secret="+t,e.setAttribute("data-secret",t)),e.contentWindow.postMessage({message:"ready",secret:t},"*")},!1)))}(window,document);
/* ]]> */
</script>

Nos dias 25 e 26 de julho, o centro de convenções Professor Gilberto Mestrinho, o sambódromo, será palco de um espetáculo de cores, ritmos e tradições com a apresentação dos seis bois-bumbás da categoria Ouro. A Prefeitura de Manaus, Fundação Municipal de Cultura, Turismo e Eventos (ManausCult), reafirma seu compromisso com a valorização da cultura popular
