{"id":556,"date":"2023-04-25T00:10:47","date_gmt":"2023-04-25T03:10:47","guid":{"rendered":"https:\/\/www.manaus.am.gov.br\/manaus-previdencia\/?page_id=556"},"modified":"2023-12-07T15:29:09","modified_gmt":"2023-12-07T19:29:09","slug":"conselho-fiscal-cofis","status":"publish","type":"page","link":"https:\/\/www.manaus.am.gov.br\/manaus-previdencia\/conselhos-e-comites\/conselho-fiscal-cofis\/","title":{"rendered":"Conselho Fiscal &#8211; COFIS"},"content":{"rendered":"\n<p>O Conselho Fiscal (Cofis) \u00e9 o \u00f3rg\u00e3o colegiado consultivo e de fiscaliza\u00e7\u00e3o, de composi\u00e7\u00e3o parit\u00e1ria e integrado por seis conselheiros titulares e respectivos suplentes, com forma\u00e7\u00e3o superior, preferencialmente, nas \u00e1reas de economia, contabilidade, administra\u00e7\u00e3o ou direito.<\/p>\n\n\n\n<h2 class=\"wp-block-heading\">Integram o COFIS:<\/h2>\n\n\n\n<p>I \u2013&nbsp;dois&nbsp;representantes do Poder Executivo;<br>II \u2013 um representante do Poder Legislativo;<br>III \u2013 dois representantes dos servidores ativos;<br>IV \u2013&nbsp;um&nbsp;representantes dos aposentados e pensionistas.<\/p>\n\n\n\n<p>Os conselheiros ter\u00e3o mandato de&nbsp;quatro&nbsp;anos, admitida a recondu\u00e7\u00e3o, limitada ao m\u00e1ximo de&nbsp;tr\u00eas&nbsp;mandatos consecutivos, e somente poder\u00e3o ser substitu\u00eddos, no curso do mandato, em  decorr\u00eancia de ren\u00fancia, decis\u00e3o judicial transitada em julgado ou de decis\u00e3o definitiva em processo administrativo disciplinar.<\/p>\n\n\n\n<p><\/p>\n\n\n\n<h2 class=\"wp-block-heading\">Membros<\/h2>\n\n\n\n<h2 class=\"wp-block-heading\"><a href=\"https:\/\/www.manaus.am.gov.br\/manaus-previdencia\/wp-content\/uploads\/sites\/19\/2023\/05\/COMPOSICAO_ATUALIZADA_CONSELHO_FISCAL_-_2022-2026-1.pdf\" target=\"_blank\" rel=\"noreferrer noopener\">Composi\u00e7\u00e3o do Cofis<\/a><\/h2>\n\n\n\n<p><\/p>\n\n\n\n<h2 class=\"wp-block-heading\"><a href=\"https:\/\/www.manaus.am.gov.br\/manaus-previdencia\/certificacoes-e-capacitacoes-2\/\">Certifica\u00e7\u00f5es e Capacita\u00e7\u00f5es<\/a><\/h2>\n\n\n\n<p><\/p>\n\n\n\n<h2 class=\"wp-block-heading\">Atos da Composi\u00e7\u00e3o do Cofis \u2013 Bi\u00eanio 2022-2026<\/h2>\n\n\n\n<h2 class=\"wp-block-heading\"><a href=\"https:\/\/www.manaus.am.gov.br\/manaus-previdencia\/wp-content\/uploads\/sites\/19\/2023\/05\/COMPOSICAO_ATUALIZADA_CONSELHO_FISCAL_-_2022-2026-1.pdf\" target=\"_blank\" rel=\"noreferrer noopener\">Composi\u00e7\u00e3o Atualizada Conselho Fiscal&nbsp; 2022-2026<\/a><\/h2>\n\n\n\n<p><\/p>\n\n\n\n<h2 class=\"wp-block-heading\"><a href=\"https:\/\/www.manaus.am.gov.br\/manaus-previdencia\/wp-content\/uploads\/sites\/19\/2023\/05\/DECRETOS_COMPOSICAO_COFIS_-_BIENIO_2022-2026-1.pdf\" target=\"_blank\" rel=\"noreferrer noopener\">Decreto de Composi\u00e7\u00e3o Cofis&nbsp; \u2013 Bi\u00eanio 2022-2026<\/a><\/h2>\n\n\n\n<p><\/p>\n\n\n\n<h2 class=\"wp-block-heading\">Atas das Reuni\u00f5es<\/h2>\n\n\n\n<h2 class=\"wp-block-heading\"><a href=\"https:\/\/www.manaus.am.gov.br\/manaus-previdencia\/atas-das-reunioes-do-cofis-2013\/\">2013<\/a>&nbsp;<\/h2>\n\n\n\n<h2 class=\"wp-block-heading\"><a href=\"https:\/\/www.manaus.am.gov.br\/manaus-previdencia\/atas-das-reunioes-do-cofis-2014\/\">2014<\/a><\/h2>\n\n\n\n<h2 class=\"wp-block-heading\"><a href=\"https:\/\/www.manaus.am.gov.br\/manaus-previdencia\/atas-das-reunioes-do-cofis-2015\/\">2015<\/a><\/h2>\n\n\n\n<h2 class=\"wp-block-heading\"><a href=\"https:\/\/www.manaus.am.gov.br\/manaus-previdencia\/atas-das-reunioes-do-cofis-2016\/\">2016<\/a><\/h2>\n\n\n\n<h2 class=\"wp-block-heading\"><a href=\"https:\/\/www.manaus.am.gov.br\/manaus-previdencia\/atas-das-reunioes-do-cofis-2017\/\">2017<\/a><\/h2>\n\n\n\n<h2 class=\"wp-block-heading\"><a href=\"https:\/\/www.manaus.am.gov.br\/manaus-previdencia\/atas-das-reunioes-do-cofis-2018\/\">2018<\/a><\/h2>\n\n\n\n<h2 class=\"wp-block-heading\"><a href=\"https:\/\/www.manaus.am.gov.br\/manaus-previdencia\/atas-das-reunioes-do-cofis-2019\/\">2019<\/a><\/h2>\n\n\n\n<h2 class=\"wp-block-heading\"><a href=\"https:\/\/www.manaus.am.gov.br\/manaus-previdencia\/atas-das-reunioes-do-cofis-2020\/\">2020<\/a><\/h2>\n\n\n\n<h2 class=\"wp-block-heading\"><a href=\"https:\/\/www.manaus.am.gov.br\/manaus-previdencia\/atas-das-reunioes-do-cofis-2021\/\">2021<\/a><\/h2>\n\n\n\n<h2 class=\"wp-block-heading\"><a href=\"https:\/\/www.manaus.am.gov.br\/manaus-previdencia\/atas-das-reunioes-do-cofis-2022\/\">2022<\/a><\/h2>\n\n\n\n<h2 class=\"wp-block-heading\"><a href=\"https:\/\/www.manaus.am.gov.br\/manaus-previdencia\/atas-das-reunioes-do-cofis-2023\/\">2023<\/a><\/h2>\n\n\n\n<p><\/p>\n\n\n\n<h2 class=\"wp-block-heading\">Documentos<\/h2>\n\n\n\n<h2 class=\"wp-block-heading\"><a href=\"https:\/\/www.manaus.am.gov.br\/manaus-previdencia\/documentos-cofis-2016\/\">2016<\/a><\/h2>\n\n\n\n<h2 class=\"wp-block-heading\"><a href=\"https:\/\/www.manaus.am.gov.br\/manaus-previdencia\/documentos-cofis-2019\/\">2019<\/a><\/h2>\n\n\n\n<h2 class=\"wp-block-heading\"><a href=\"https:\/\/www.manaus.am.gov.br\/manaus-previdencia\/documentos-cofis-2020\/\">2020<\/a><\/h2>\n\n\n\n<h2 class=\"wp-block-heading\"><a href=\"https:\/\/www.manaus.am.gov.br\/manaus-previdencia\/documentos-cofis-2021\/\">2021<\/a><\/h2>\n\n\n\n<h2 class=\"wp-block-heading\"><a href=\"https:\/\/www.manaus.am.gov.br\/manaus-previdencia\/documentos-cofis-2022\/\">2022<\/a><\/h2>\n\n\n\n<h2 class=\"wp-block-heading\"><a href=\"https:\/\/www.manaus.am.gov.br\/manaus-previdencia\/documentos-cofis-2023\/\">2023<\/a><\/h2>\n\n\n\n<p><\/p>\n\n\n\n<h2 class=\"wp-block-heading\">Calend\u00e1rio<\/h2>\n\n\n\n<figure class=\"wp-block-table aligncenter is-style-stripes\"><table class=\"has-white-background-color has-background\"><thead><tr><th>M\u00caS<\/th><th>DATA<\/th><th>DIA DA SEMANA<\/th><\/tr><\/thead><tbody><tr><td>JANEIRO<\/td><td>05.01.2023<\/td><td>QUINTA-FEIRA<\/td><\/tr><tr><td>FEVEREIRO<\/td><td>07.02.2023<\/td><td>TER\u00c7A-FEIRA<\/td><\/tr><tr><td>MAR\u00c7O<\/td><td>07.03.2023<\/td><td>TER\u00c7A-FEIRA<\/td><\/tr><tr><td>ABRIL<\/td><td>04.04.2023<\/td><td>TER\u00c7A-FEIRA<\/td><\/tr><tr><td>MAIO<\/td><td>09.05.2023<\/td><td>TER\u00c7A-FEIRA<\/td><\/tr><tr><td>JUNHO<\/td><td>06.06.2023<\/td><td>TER\u00c7A-FEIRA<\/td><\/tr><tr><td>JULHO<\/td><td>04.07.2023<\/td><td>TER\u00c7A-FEIRA<\/td><\/tr><tr><td>AGOSTO<\/td><td>08.08.2023<\/td><td>TER\u00c7A-FEIRA<\/td><\/tr><tr><td>SETEMBRO<\/td><td>12.09.2023<\/td><td>TER\u00c7A-FEIRA<\/td><\/tr><tr><td>OUTUBRO<\/td><td>03.10.2023<\/td><td>TER\u00c7A-FEIRA<\/td><\/tr><tr><td>NOVEMBRO<\/td><td>07.11.2023<\/td><td>TER\u00c7A-FEIRA<\/td><\/tr><tr><td>DEZEMBRO<\/td><td>05.12.2023<\/td><td>TER\u00c7A-FEIRA<\/td><\/tr><\/tbody><\/table><\/figure>\n\n\n\n<p>*Calend\u00e1rio sujeito a altera\u00e7\u00f5es.<\/p>\n","protected":false},"excerpt":{"rendered":"","protected":false},"author":27,"featured_media":0,"parent":1118,"menu_order":0,"comment_status":"closed","ping_status":"closed","template":"templates\/turismo.php","meta":{"footnotes":""},"acf":[],"yoast_head":"<!-- This site is optimized with the Yoast SEO plugin v23.0 - https:\/\/yoast.com\/wordpress\/plugins\/seo\/ -->\n<title>Conselho Fiscal - COFIS - Manaus Previd\u00eancia<\/title>\n<meta name=\"robots\" content=\"noindex, follow\" \/>\n<meta property=\"og:locale\" content=\"pt_BR\" \/>\n<meta property=\"og:type\" content=\"article\" \/>\n<meta property=\"og:title\" content=\"Conselho Fiscal - COFIS - Manaus Previd\u00eancia\" \/>\n<meta property=\"og:url\" content=\"https:\/\/www.manaus.am.gov.br\/manaus-previdencia\/conselhos-e-comites\/conselho-fiscal-cofis\/\" \/>\n<meta property=\"og:site_name\" content=\"Manaus Previd\u00eancia\" \/>\n<meta property=\"article:modified_time\" content=\"2023-12-07T19:29:09+00:00\" \/>\n<meta name=\"twitter:card\" content=\"summary_large_image\" \/>\n<meta name=\"twitter:label1\" content=\"Est. reading time\" \/>\n\t<meta name=\"twitter:data1\" content=\"2 minutos\" \/>\n<script type=\"application\/ld+json\" class=\"yoast-schema-graph\">{\"@context\":\"https:\/\/schema.org\",\"@graph\":[{\"@type\":\"WebPage\",\"@id\":\"https:\/\/www.manaus.am.gov.br\/manaus-previdencia\/conselhos-e-comites\/conselho-fiscal-cofis\/\",\"url\":\"https:\/\/www.manaus.am.gov.br\/manaus-previdencia\/conselhos-e-comites\/conselho-fiscal-cofis\/\",\"name\":\"Conselho Fiscal - COFIS - Manaus Previd\u00eancia\",\"isPartOf\":{\"@id\":\"https:\/\/www.manaus.am.gov.br\/manaus-previdencia\/#website\"},\"datePublished\":\"2023-04-25T03:10:47+00:00\",\"dateModified\":\"2023-12-07T19:29:09+00:00\",\"breadcrumb\":{\"@id\":\"https:\/\/www.manaus.am.gov.br\/manaus-previdencia\/conselhos-e-comites\/conselho-fiscal-cofis\/#breadcrumb\"},\"inLanguage\":\"pt-BR\",\"potentialAction\":[{\"@type\":\"ReadAction\",\"target\":[\"https:\/\/www.manaus.am.gov.br\/manaus-previdencia\/conselhos-e-comites\/conselho-fiscal-cofis\/\"]}]},{\"@type\":\"BreadcrumbList\",\"@id\":\"https:\/\/www.manaus.am.gov.br\/manaus-previdencia\/conselhos-e-comites\/conselho-fiscal-cofis\/#breadcrumb\",\"itemListElement\":[{\"@type\":\"ListItem\",\"position\":1,\"name\":\"Home\",\"item\":\"https:\/\/www.manaus.am.gov.br\/manaus-previdencia\/\"},{\"@type\":\"ListItem\",\"position\":2,\"name\":\"Conselhos e Comit\u00eas\",\"item\":\"https:\/\/www.manaus.am.gov.br\/manaus-previdencia\/conselhos-e-comites\/\"},{\"@type\":\"ListItem\",\"position\":3,\"name\":\"Conselho Fiscal &#8211; COFIS\"}]},{\"@type\":\"WebSite\",\"@id\":\"https:\/\/www.manaus.am.gov.br\/manaus-previdencia\/#website\",\"url\":\"https:\/\/www.manaus.am.gov.br\/manaus-previdencia\/\",\"name\":\"Manaus Previd\u00eancia\",\"description\":\"Secretaria Municipal Manaus Previd\u00eancia\",\"potentialAction\":[{\"@type\":\"SearchAction\",\"target\":{\"@type\":\"EntryPoint\",\"urlTemplate\":\"https:\/\/www.manaus.am.gov.br\/manaus-previdencia\/?s={search_term_string}\"},\"query-input\":\"required name=search_term_string\"}],\"inLanguage\":\"pt-BR\"}]}<\/script>\n<!-- \/ Yoast SEO plugin. -->","yoast_head_json":{"title":"Conselho Fiscal - COFIS - Manaus Previd\u00eancia","robots":{"index":"noindex","follow":"follow"},"og_locale":"pt_BR","og_type":"article","og_title":"Conselho Fiscal - COFIS - Manaus Previd\u00eancia","og_url":"https:\/\/www.manaus.am.gov.br\/manaus-previdencia\/conselhos-e-comites\/conselho-fiscal-cofis\/","og_site_name":"Manaus Previd\u00eancia","article_modified_time":"2023-12-07T19:29:09+00:00","twitter_card":"summary_large_image","twitter_misc":{"Est. reading time":"2 minutos"},"schema":{"@context":"https:\/\/schema.org","@graph":[{"@type":"WebPage","@id":"https:\/\/www.manaus.am.gov.br\/manaus-previdencia\/conselhos-e-comites\/conselho-fiscal-cofis\/","url":"https:\/\/www.manaus.am.gov.br\/manaus-previdencia\/conselhos-e-comites\/conselho-fiscal-cofis\/","name":"Conselho Fiscal - COFIS - Manaus Previd\u00eancia","isPartOf":{"@id":"https:\/\/www.manaus.am.gov.br\/manaus-previdencia\/#website"},"datePublished":"2023-04-25T03:10:47+00:00","dateModified":"2023-12-07T19:29:09+00:00","breadcrumb":{"@id":"https:\/\/www.manaus.am.gov.br\/manaus-previdencia\/conselhos-e-comites\/conselho-fiscal-cofis\/#breadcrumb"},"inLanguage":"pt-BR","potentialAction":[{"@type":"ReadAction","target":["https:\/\/www.manaus.am.gov.br\/manaus-previdencia\/conselhos-e-comites\/conselho-fiscal-cofis\/"]}]},{"@type":"BreadcrumbList","@id":"https:\/\/www.manaus.am.gov.br\/manaus-previdencia\/conselhos-e-comites\/conselho-fiscal-cofis\/#breadcrumb","itemListElement":[{"@type":"ListItem","position":1,"name":"Home","item":"https:\/\/www.manaus.am.gov.br\/manaus-previdencia\/"},{"@type":"ListItem","position":2,"name":"Conselhos e Comit\u00eas","item":"https:\/\/www.manaus.am.gov.br\/manaus-previdencia\/conselhos-e-comites\/"},{"@type":"ListItem","position":3,"name":"Conselho Fiscal &#8211; COFIS"}]},{"@type":"WebSite","@id":"https:\/\/www.manaus.am.gov.br\/manaus-previdencia\/#website","url":"https:\/\/www.manaus.am.gov.br\/manaus-previdencia\/","name":"Manaus Previd\u00eancia","description":"Secretaria Municipal Manaus Previd\u00eancia","potentialAction":[{"@type":"SearchAction","target":{"@type":"EntryPoint","urlTemplate":"https:\/\/www.manaus.am.gov.br\/manaus-previdencia\/?s={search_term_string}"},"query-input":"required name=search_term_string"}],"inLanguage":"pt-BR"}]}},"_links":{"self":[{"href":"https:\/\/www.manaus.am.gov.br\/manaus-previdencia\/wp-json\/wp\/v2\/pages\/556"}],"collection":[{"href":"https:\/\/www.manaus.am.gov.br\/manaus-previdencia\/wp-json\/wp\/v2\/pages"}],"about":[{"href":"https:\/\/www.manaus.am.gov.br\/manaus-previdencia\/wp-json\/wp\/v2\/types\/page"}],"author":[{"embeddable":true,"href":"https:\/\/www.manaus.am.gov.br\/manaus-previdencia\/wp-json\/wp\/v2\/users\/27"}],"replies":[{"embeddable":true,"href":"https:\/\/www.manaus.am.gov.br\/manaus-previdencia\/wp-json\/wp\/v2\/comments?post=556"}],"version-history":[{"count":20,"href":"https:\/\/www.manaus.am.gov.br\/manaus-previdencia\/wp-json\/wp\/v2\/pages\/556\/revisions"}],"predecessor-version":[{"id":5058,"href":"https:\/\/www.manaus.am.gov.br\/manaus-previdencia\/wp-json\/wp\/v2\/pages\/556\/revisions\/5058"}],"up":[{"embeddable":true,"href":"https:\/\/www.manaus.am.gov.br\/manaus-previdencia\/wp-json\/wp\/v2\/pages\/1118"}],"wp:attachment":[{"href":"https:\/\/www.manaus.am.gov.br\/manaus-previdencia\/wp-json\/wp\/v2\/media?parent=556"}],"curies":[{"name":"wp","href":"https:\/\/api.w.org\/{rel}","templated":true}]}}