{"id":6830,"date":"2025-09-25T13:34:56","date_gmt":"2025-09-25T17:34:56","guid":{"rendered":"https:\/\/www.manaus.am.gov.br\/implurb\/?page_id=6830"},"modified":"2025-09-30T16:12:47","modified_gmt":"2025-09-30T20:12:47","slug":"dia-25","status":"publish","type":"page","link":"https:\/\/www.manaus.am.gov.br\/implurb\/inrede\/dia-25\/","title":{"rendered":"Dia 25"},"content":{"rendered":"\n<figure class=\"wp-block-video\"><video controls src=\"https:\/\/www.manaus.am.gov.br\/implurb\/wp-content\/uploads\/sites\/13\/2025\/09\/inrede1.mp4\"><\/video><\/figure>\n\n\n\n<p><\/p>\n\n\n\n<figure class=\"wp-block-video\"><video controls src=\"https:\/\/www.manaus.am.gov.br\/implurb\/wp-content\/uploads\/sites\/13\/2025\/09\/inrede2.mp4\"><\/video><\/figure>\n\n\n\n<p><\/p>\n\n\n\n<h2 class=\"wp-block-heading\">Fotos<\/h2>\n\n\n\n<p><\/p>\n\n\n\n<a data-flickr-embed=\"true\" href=\"https:\/\/www.flickr.com\/photos\/prefeiturademanaus\/albums\/72177720329278429\" title=\"25.09.25 -  Prefeito David Almeida abre encontro nacional de institutos de planejamento em Manaus\"><img loading=\"lazy\" decoding=\"async\" src=\"https:\/\/live.staticflickr.com\/65535\/54811566775_995ee41191.jpg\" width=\"640\" height=\"480\" alt=\"25.09.25 -  Prefeito David Almeida abre encontro nacional de institutos de planejamento em Manaus\"\/><\/a><script async src=\"\/\/embedr.flickr.com\/assets\/client-code.js\" charset=\"utf-8\"><\/script>\n\n\n\n<a data-flickr-embed=\"true\" href=\"https:\/\/www.flickr.com\/photos\/prefeiturademanaus\/albums\/72177720329269817\" title=\"25.09.25 - Encontro nacional de institutos de planejamento em Manaus, Inicio dos Trabalhos encontro INRede\"><img loading=\"lazy\" decoding=\"async\" src=\"https:\/\/live.staticflickr.com\/65535\/54812436175_8c6111c807_z.jpg\" width=\"640\" height=\"480\" alt=\"25.09.25 - Encontro nacional de institutos de planejamento em Manaus, Inicio dos Trabalhos encontro INRede\"\/><\/a><script async src=\"\/\/embedr.flickr.com\/assets\/client-code.js\" charset=\"utf-8\"><\/script>\n\n\n\n<p><\/p>\n\n\n\n<h2 class=\"wp-block-heading\">Apresenta\u00e7\u00f5es<\/h2>\n\n\n\n<p><\/p>\n\n\n\n<p><a href=\"https:\/\/www.manaus.am.gov.br\/implurb\/wp-content\/uploads\/sites\/13\/2025\/09\/O-Q-E\u0301-A-INREDE_LARISSA.pptx\">O que \u00e9 a Inrede?<\/a><\/p>\n\n\n\n<p><a href=\"https:\/\/www.manaus.am.gov.br\/implurb\/wp-content\/uploads\/sites\/13\/2025\/09\/Apresentacao-InRede-Manaus-Ippuc.pdf\">Curitiba<\/a><\/p>\n\n\n\n<p><a href=\"https:\/\/www.manaus.am.gov.br\/implurb\/wp-content\/uploads\/sites\/13\/2025\/09\/Apresentacao-InRede-Nova-Friburgo.pdf\">Nova Friburgo<\/a><\/p>\n\n\n\n<p><a href=\"https:\/\/www.manaus.am.gov.br\/implurb\/wp-content\/uploads\/sites\/13\/2025\/09\/APRESENTACAO-MARIA-TERESA-SET-2025-1.pdf\">S\u00e3o Paulo<\/a><\/p>\n\n\n\n<p><a href=\"https:\/\/www.manaus.am.gov.br\/implurb\/wp-content\/uploads\/sites\/13\/2025\/09\/XI-InREDE_BNDES.pdf\">BNDES<\/a><\/p>\n\n\n\n<p><a href=\"https:\/\/www.manaus.am.gov.br\/implurb\/wp-content\/uploads\/sites\/13\/2025\/09\/2025_InRede_Apresentacao-Niteroi_25-09.pdf\">Niter\u00f3i<\/a><\/p>\n\n\n\n<p><a href=\"https:\/\/www.manaus.am.gov.br\/implurb\/wp-content\/uploads\/sites\/13\/2025\/09\/In-rede-apresentac\u0327a\u0303o-Maceio\u0301-.pdf\">Macei\u00f3<\/a><\/p>\n\n\n\n<p><a href=\"https:\/\/www.manaus.am.gov.br\/implurb\/wp-content\/uploads\/sites\/13\/2025\/09\/Apresentac\u0327a\u0303o-InRede-template-Implurb.pdf\">Campo Grande<\/a><\/p>\n\n\n\n<p><a href=\"https:\/\/www.manaus.am.gov.br\/implurb\/wp-content\/uploads\/sites\/13\/2025\/09\/Apresentacao-Fortaleza-InRede-Manaus-2025.pdf\">Fortaleza<\/a><\/p>\n\n\n\n<p><a href=\"http:\/\/www2.manaus.am.gov.br\/docs\/portal\/secretarias\/implurb\/InREDE\/iNREDE%20-%20Manaus.pdf\">InREDE &#8211; Manaus.pdf<\/a><\/p>\n\n\n\n<p><a href=\"http:\/\/www2.manaus.am.gov.br\/docs\/portal\/secretarias\/implurb\/InREDE\/NOSSO%20CENTRO%20-%20INREDE%20MANAUS%202025.pdf\">Nosso Centro &#8211; InREDE Manaus 2025<\/a><\/p>\n\n\n\n<p><a href=\"https:\/\/www.manaus.am.gov.br\/implurb\/wp-content\/uploads\/sites\/13\/2025\/09\/Apresentacao-DUI-Leticia-XI-Encontro-InREDE.pdf\">Apresenta\u00e7\u00e3o DUI &#8211; Let\u00edcia &#8211; XI &#8211; Encontro InREDE<\/a><\/p>\n","protected":false},"excerpt":{"rendered":"","protected":false},"author":8,"featured_media":0,"parent":6398,"menu_order":0,"comment_status":"closed","ping_status":"closed","template":"","meta":{"footnotes":""},"acf":[],"yoast_head":"<!-- This site is optimized with the Yoast SEO plugin v23.0 - https:\/\/yoast.com\/wordpress\/plugins\/seo\/ -->\n<title>Dia 25 - IMPLURB<\/title>\n<meta name=\"robots\" content=\"noindex, follow\" \/>\n<meta property=\"og:locale\" content=\"pt_BR\" \/>\n<meta property=\"og:type\" content=\"article\" \/>\n<meta property=\"og:title\" content=\"Dia 25 - IMPLURB\" \/>\n<meta property=\"og:url\" content=\"https:\/\/www.manaus.am.gov.br\/implurb\/inrede\/dia-25\/\" \/>\n<meta property=\"og:site_name\" content=\"IMPLURB\" \/>\n<meta property=\"article:modified_time\" content=\"2025-09-30T20:12:47+00:00\" \/>\n<meta property=\"og:image\" content=\"https:\/\/live.staticflickr.com\/65535\/54811566775_995ee41191.jpg\" \/>\n<meta name=\"twitter:card\" content=\"summary_large_image\" \/>\n<meta name=\"twitter:label1\" content=\"Est. reading time\" \/>\n\t<meta name=\"twitter:data1\" content=\"1 minuto\" \/>\n<script type=\"application\/ld+json\" class=\"yoast-schema-graph\">{\"@context\":\"https:\/\/schema.org\",\"@graph\":[{\"@type\":\"WebPage\",\"@id\":\"https:\/\/www.manaus.am.gov.br\/implurb\/inrede\/dia-25\/\",\"url\":\"https:\/\/www.manaus.am.gov.br\/implurb\/inrede\/dia-25\/\",\"name\":\"Dia 25 - IMPLURB\",\"isPartOf\":{\"@id\":\"https:\/\/www.manaus.am.gov.br\/implurb\/#website\"},\"primaryImageOfPage\":{\"@id\":\"https:\/\/www.manaus.am.gov.br\/implurb\/inrede\/dia-25\/#primaryimage\"},\"image\":{\"@id\":\"https:\/\/www.manaus.am.gov.br\/implurb\/inrede\/dia-25\/#primaryimage\"},\"thumbnailUrl\":\"https:\/\/live.staticflickr.com\/65535\/54811566775_995ee41191.jpg\",\"datePublished\":\"2025-09-25T17:34:56+00:00\",\"dateModified\":\"2025-09-30T20:12:47+00:00\",\"breadcrumb\":{\"@id\":\"https:\/\/www.manaus.am.gov.br\/implurb\/inrede\/dia-25\/#breadcrumb\"},\"inLanguage\":\"pt-BR\",\"potentialAction\":[{\"@type\":\"ReadAction\",\"target\":[\"https:\/\/www.manaus.am.gov.br\/implurb\/inrede\/dia-25\/\"]}]},{\"@type\":\"ImageObject\",\"inLanguage\":\"pt-BR\",\"@id\":\"https:\/\/www.manaus.am.gov.br\/implurb\/inrede\/dia-25\/#primaryimage\",\"url\":\"https:\/\/live.staticflickr.com\/65535\/54811566775_995ee41191.jpg\",\"contentUrl\":\"https:\/\/live.staticflickr.com\/65535\/54811566775_995ee41191.jpg\"},{\"@type\":\"BreadcrumbList\",\"@id\":\"https:\/\/www.manaus.am.gov.br\/implurb\/inrede\/dia-25\/#breadcrumb\",\"itemListElement\":[{\"@type\":\"ListItem\",\"position\":1,\"name\":\"Home\",\"item\":\"https:\/\/www.manaus.am.gov.br\/implurb\/\"},{\"@type\":\"ListItem\",\"position\":2,\"name\":\"XI Encontro InREDE Manaus\",\"item\":\"https:\/\/www.manaus.am.gov.br\/implurb\/inrede\/\"},{\"@type\":\"ListItem\",\"position\":3,\"name\":\"Dia 25\"}]},{\"@type\":\"WebSite\",\"@id\":\"https:\/\/www.manaus.am.gov.br\/implurb\/#website\",\"url\":\"https:\/\/www.manaus.am.gov.br\/implurb\/\",\"name\":\"IMPLURB\",\"description\":\"Prefeitura de Manaus\",\"potentialAction\":[{\"@type\":\"SearchAction\",\"target\":{\"@type\":\"EntryPoint\",\"urlTemplate\":\"https:\/\/www.manaus.am.gov.br\/implurb\/?s={search_term_string}\"},\"query-input\":\"required name=search_term_string\"}],\"inLanguage\":\"pt-BR\"}]}<\/script>\n<!-- \/ Yoast SEO plugin. -->","yoast_head_json":{"title":"Dia 25 - IMPLURB","robots":{"index":"noindex","follow":"follow"},"og_locale":"pt_BR","og_type":"article","og_title":"Dia 25 - IMPLURB","og_url":"https:\/\/www.manaus.am.gov.br\/implurb\/inrede\/dia-25\/","og_site_name":"IMPLURB","article_modified_time":"2025-09-30T20:12:47+00:00","og_image":[{"url":"https:\/\/live.staticflickr.com\/65535\/54811566775_995ee41191.jpg"}],"twitter_card":"summary_large_image","twitter_misc":{"Est. reading time":"1 minuto"},"schema":{"@context":"https:\/\/schema.org","@graph":[{"@type":"WebPage","@id":"https:\/\/www.manaus.am.gov.br\/implurb\/inrede\/dia-25\/","url":"https:\/\/www.manaus.am.gov.br\/implurb\/inrede\/dia-25\/","name":"Dia 25 - IMPLURB","isPartOf":{"@id":"https:\/\/www.manaus.am.gov.br\/implurb\/#website"},"primaryImageOfPage":{"@id":"https:\/\/www.manaus.am.gov.br\/implurb\/inrede\/dia-25\/#primaryimage"},"image":{"@id":"https:\/\/www.manaus.am.gov.br\/implurb\/inrede\/dia-25\/#primaryimage"},"thumbnailUrl":"https:\/\/live.staticflickr.com\/65535\/54811566775_995ee41191.jpg","datePublished":"2025-09-25T17:34:56+00:00","dateModified":"2025-09-30T20:12:47+00:00","breadcrumb":{"@id":"https:\/\/www.manaus.am.gov.br\/implurb\/inrede\/dia-25\/#breadcrumb"},"inLanguage":"pt-BR","potentialAction":[{"@type":"ReadAction","target":["https:\/\/www.manaus.am.gov.br\/implurb\/inrede\/dia-25\/"]}]},{"@type":"ImageObject","inLanguage":"pt-BR","@id":"https:\/\/www.manaus.am.gov.br\/implurb\/inrede\/dia-25\/#primaryimage","url":"https:\/\/live.staticflickr.com\/65535\/54811566775_995ee41191.jpg","contentUrl":"https:\/\/live.staticflickr.com\/65535\/54811566775_995ee41191.jpg"},{"@type":"BreadcrumbList","@id":"https:\/\/www.manaus.am.gov.br\/implurb\/inrede\/dia-25\/#breadcrumb","itemListElement":[{"@type":"ListItem","position":1,"name":"Home","item":"https:\/\/www.manaus.am.gov.br\/implurb\/"},{"@type":"ListItem","position":2,"name":"XI Encontro InREDE Manaus","item":"https:\/\/www.manaus.am.gov.br\/implurb\/inrede\/"},{"@type":"ListItem","position":3,"name":"Dia 25"}]},{"@type":"WebSite","@id":"https:\/\/www.manaus.am.gov.br\/implurb\/#website","url":"https:\/\/www.manaus.am.gov.br\/implurb\/","name":"IMPLURB","description":"Prefeitura de Manaus","potentialAction":[{"@type":"SearchAction","target":{"@type":"EntryPoint","urlTemplate":"https:\/\/www.manaus.am.gov.br\/implurb\/?s={search_term_string}"},"query-input":"required name=search_term_string"}],"inLanguage":"pt-BR"}]}},"_links":{"self":[{"href":"https:\/\/www.manaus.am.gov.br\/implurb\/wp-json\/wp\/v2\/pages\/6830"}],"collection":[{"href":"https:\/\/www.manaus.am.gov.br\/implurb\/wp-json\/wp\/v2\/pages"}],"about":[{"href":"https:\/\/www.manaus.am.gov.br\/implurb\/wp-json\/wp\/v2\/types\/page"}],"author":[{"embeddable":true,"href":"https:\/\/www.manaus.am.gov.br\/implurb\/wp-json\/wp\/v2\/users\/8"}],"replies":[{"embeddable":true,"href":"https:\/\/www.manaus.am.gov.br\/implurb\/wp-json\/wp\/v2\/comments?post=6830"}],"version-history":[{"count":14,"href":"https:\/\/www.manaus.am.gov.br\/implurb\/wp-json\/wp\/v2\/pages\/6830\/revisions"}],"predecessor-version":[{"id":6928,"href":"https:\/\/www.manaus.am.gov.br\/implurb\/wp-json\/wp\/v2\/pages\/6830\/revisions\/6928"}],"up":[{"embeddable":true,"href":"https:\/\/www.manaus.am.gov.br\/implurb\/wp-json\/wp\/v2\/pages\/6398"}],"wp:attachment":[{"href":"https:\/\/www.manaus.am.gov.br\/implurb\/wp-json\/wp\/v2\/media?parent=6830"}],"curies":[{"name":"wp","href":"https:\/\/api.w.org\/{rel}","templated":true}]}}

<figure class="wp-block-video"><video controls src="https://www.manaus.am.gov.br/implurb/wp-content/uploads/sites/13/2025/09/inrede1.mp4"></video></figure>



<p></p>



<figure class="wp-block-video"><video controls src="https://www.manaus.am.gov.br/implurb/wp-content/uploads/sites/13/2025/09/inrede2.mp4"></video></figure>



<p></p>



<h2 class="wp-block-heading">Fotos</h2>



<p></p>



<a data-flickr-embed="true" href="https://www.flickr.com/photos/prefeiturademanaus/albums/72177720329278429" title="25.09.25 -  Prefeito David Almeida abre encontro nacional de institutos de planejamento em Manaus"><img loading="lazy" decoding="async" src="https://live.staticflickr.com/65535/54811566775_995ee41191.jpg" width="640" height="480" alt="25.09.25 -  Prefeito David Almeida abre encontro nacional de institutos de planejamento em Manaus"/></a><script async src="//embedr.flickr.com/assets/client-code.js" charset="utf-8"></script>



<a data-flickr-embed="true" href="https://www.flickr.com/photos/prefeiturademanaus/albums/72177720329269817" title="25.09.25 - Encontro nacional de institutos de planejamento em Manaus, Inicio dos Trabalhos encontro INRede"><img loading="lazy" decoding="async" src="https://live.staticflickr.com/65535/54812436175_8c6111c807_z.jpg" width="640" height="480" alt="25.09.25 - Encontro nacional de institutos de planejamento em Manaus, Inicio dos Trabalhos encontro INRede"/></a><script async src="//embedr.flickr.com/assets/client-code.js" charset="utf-8"></script>



<p></p>



<h2 class="wp-block-heading">Apresentações</h2>



<p></p>



<p><a href="https://www.manaus.am.gov.br/implurb/wp-content/uploads/sites/13/2025/09/O-Q-É-A-INREDE_LARISSA.pptx">O que é a Inrede?</a></p>



<p><a href="https://www.manaus.am.gov.br/implurb/wp-content/uploads/sites/13/2025/09/Apresentacao-InRede-Manaus-Ippuc.pdf">Curitiba</a></p>



<p><a href="https://www.manaus.am.gov.br/implurb/wp-content/uploads/sites/13/2025/09/Apresentacao-InRede-Nova-Friburgo.pdf">Nova Friburgo</a></p>



<p><a href="https://www.manaus.am.gov.br/implurb/wp-content/uploads/sites/13/2025/09/APRESENTACAO-MARIA-TERESA-SET-2025-1.pdf">São Paulo</a></p>



<p><a href="https://www.manaus.am.gov.br/implurb/wp-content/uploads/sites/13/2025/09/XI-InREDE_BNDES.pdf">BNDES</a></p>



<p><a href="https://www.manaus.am.gov.br/implurb/wp-content/uploads/sites/13/2025/09/2025_InRede_Apresentacao-Niteroi_25-09.pdf">Niterói</a></p>



<p><a href="https://www.manaus.am.gov.br/implurb/wp-content/uploads/sites/13/2025/09/In-rede-apresentação-Maceió-.pdf">Maceió</a></p>



<p><a href="https://www.manaus.am.gov.br/implurb/wp-content/uploads/sites/13/2025/09/Apresentação-InRede-template-Implurb.pdf">Campo Grande</a></p>



<p><a href="https://www.manaus.am.gov.br/implurb/wp-content/uploads/sites/13/2025/09/Apresentacao-Fortaleza-InRede-Manaus-2025.pdf">Fortaleza</a></p>



<p><a href="http://www2.manaus.am.gov.br/docs/portal/secretarias/implurb/InREDE/iNREDE%20-%20Manaus.pdf">InREDE &#8211; Manaus.pdf</a></p>



<p><a href="http://www2.manaus.am.gov.br/docs/portal/secretarias/implurb/InREDE/NOSSO%20CENTRO%20-%20INREDE%20MANAUS%202025.pdf">Nosso Centro &#8211; InREDE Manaus 2025</a></p>



<p><a href="https://www.manaus.am.gov.br/implurb/wp-content/uploads/sites/13/2025/09/Apresentacao-DUI-Leticia-XI-Encontro-InREDE.pdf">Apresentação DUI &#8211; Letícia &#8211; XI &#8211; Encontro InREDE</a></p>
