{"id":6398,"date":"2025-08-14T14:31:00","date_gmt":"2025-08-14T18:31:00","guid":{"rendered":"https:\/\/www.manaus.am.gov.br\/implurb\/?page_id=6398"},"modified":"2025-09-30T09:34:23","modified_gmt":"2025-09-30T13:34:23","slug":"inrede","status":"publish","type":"page","link":"https:\/\/www.manaus.am.gov.br\/implurb\/inrede\/","title":{"rendered":"XI Encontro InREDE Manaus"},"content":{"rendered":"\n<h2 class=\"wp-block-heading\"><a href=\"https:\/\/www.manaus.am.gov.br\/implurb\/inrede\/dia-25\/\">Dia 25<\/a><\/h2>\n\n\n\n<h2 class=\"wp-block-heading\"><a href=\"https:\/\/www.manaus.am.gov.br\/implurb\/inrede\/dia-26\/\">Dia 26<\/a><\/h2>\n\n\n\n<h2 class=\"wp-block-heading\"><a href=\"https:\/\/www.manaus.am.gov.br\/implurb\/inrede\/dia-27\/\">Dia 27<\/a><\/h2>\n\n\n\n<p><\/p>\n\n\n\n<h2 class=\"wp-block-heading\">Mat\u00e9rias<\/h2>\n\n\n\n<p><a href=\"https:\/\/www.manaus.am.gov.br\/implurb\/encontro-de-planejamento-urbano\/\">Prefeito David Almeida abre o maior encontro de planejamento urbano do Brasil e defende solu\u00e7\u00f5es integradas para os desafios das cidades<\/a><\/p>\n\n\n\n<p><a href=\"https:\/\/www.manaus.am.gov.br\/noticia\/planejamento-urbano\/planejamento-urbano-encontro-manaus\/\">Manaus abre as portas para o futuro das cidades mais resilientes com encontro nacional de planejamento urbano<\/a><\/p>\n\n\n\n<p><a href=\"https:\/\/www.manaus.am.gov.br\/noticia\/planejamento-urbano\/futuro-urbano-inrede\/\">Com apoio da Prefeitura de Manaus, segundo dia do XI InREDE \u00e9 marcado por debate sobre o futuro urbano<\/a><\/p>\n\n\n\n<p><a href=\"https:\/\/www.manaus.am.gov.br\/noticia\/planejamento-urbano\/encontro-nacional-da-rede-brasileira-de-institutos-de-planejamento\/\">Com realiza\u00e7\u00e3o da Prefeitura de Manaus, institutos da InREDE destacam parcerias estrat\u00e9gicas para financiar e transformar cidades do Brasil<\/a><\/p>\n\n\n\n<p><a href=\"https:\/\/www.manaus.am.gov.br\/noticia\/manaus\/inrede-encerramento-pmm\/\">Prefeitura de Manaus encerra encontro nacional de planejamento urbano com li\u00e7\u00f5es manauenses para o Brasil<\/a><\/p>\n\n\n\n<p><\/p>\n\n\n\n<h2 class=\"wp-block-heading\">Releases<\/h2>\n\n\n\n<p><a href=\"https:\/\/www.manaus.am.gov.br\/noticia\/eventos\/inrede-25-a-27-9\/\">Manaus se prepara para receber o maior encontro de Planejamento Urbano do Brasil de 25 a 27 de setembro<\/a><\/p>\n\n\n\n<p><a href=\"https:\/\/www.manaus.am.gov.br\/implurb\/prefeitura-implurb-inrede-manaus\/\">Come\u00e7a a contagem regressiva para o 11\u00ba Encontro InRede, evento sediado pela Prefeitura de Manaus<\/a><\/p>\n\n\n\n<p><a href=\"https:\/\/www.manaus.am.gov.br\/implurb\/representantes-presenca-11o-encontro-inrede-manaus\/\">Representantes de cidades brasileiras confirmam presen\u00e7a no 11\u00ba Encontro InREDE em Manaus<\/a><\/p>\n\n\n\n<p><a href=\"https:\/\/www.manaus.am.gov.br\/implurb\/prefeitura-implurb-chamamento-encontroinrede\/\" target=\"_blank\" rel=\"noreferrer noopener\">Prefeitura de Manaus faz chamamento para cidades enviarem&nbsp;\u2018boas pr\u00e1ticas\u2019&nbsp;para 11\u00ba Encontro InRede<\/a><\/p>\n\n\n\n<p><a href=\"https:\/\/www.manaus.am.gov.br\/implurb\/manaus-sediar-encontro-nacional-inrede\/\" target=\"_blank\" rel=\"noreferrer noopener\">Prefeitura de Manaus vai sediar encontro nacional de institutos de planejamento, de 25 a 27 de setembro<\/a><\/p>\n\n\n\n<p><a href=\"https:\/\/www.manaus.am.gov.br\/implurb\/prefeitura-encontro-institutos-2025\/\" target=\"_blank\" rel=\"noreferrer noopener\">Prefeitura de Manaus vai sediar encontro de institutos de planejamento em 2025<\/a><\/p>\n\n\n\n<p><\/p>\n\n\n\n<h2 class=\"wp-block-heading\">Nossos v\u00eddeos<\/h2>\n\n\n\n<figure class=\"wp-block-embed is-type-video is-provider-youtube wp-block-embed-youtube wp-embed-aspect-16-9 wp-has-aspect-ratio\"><div class=\"wp-block-embed__wrapper\">\n<iframe loading=\"lazy\" title=\"XI Encontro InRede | V\u00eddeo Institucional SemCom\" width=\"500\" height=\"281\" src=\"https:\/\/www.youtube.com\/embed\/U54VA4XV6Eo?feature=oembed\" frameborder=\"0\" allow=\"accelerometer; autoplay; clipboard-write; encrypted-media; gyroscope; picture-in-picture; web-share\" referrerpolicy=\"strict-origin-when-cross-origin\" allowfullscreen><\/iframe>\n<\/div><\/figure>\n\n\n\n<figure class=\"wp-block-embed is-type-video is-provider-youtube wp-block-embed-youtube wp-embed-aspect-16-9 wp-has-aspect-ratio\"><div class=\"wp-block-embed__wrapper\">\n<iframe loading=\"lazy\" title=\"XI Encontro InRede | Bem vindos \u00e0 Manaus \" width=\"500\" height=\"281\" src=\"https:\/\/www.youtube.com\/embed\/uCQk179KyPc?feature=oembed\" frameborder=\"0\" allow=\"accelerometer; autoplay; clipboard-write; encrypted-media; gyroscope; picture-in-picture; web-share\" referrerpolicy=\"strict-origin-when-cross-origin\" allowfullscreen><\/iframe>\n<\/div><\/figure>\n\n\n\n<figure class=\"wp-block-embed is-type-video is-provider-youtube wp-block-embed-youtube wp-embed-aspect-16-9 wp-has-aspect-ratio\"><div class=\"wp-block-embed__wrapper\">\n<iframe loading=\"lazy\" title=\"Segunda Etapa | Parque Gigantes da Floresta - Institucional\" width=\"500\" height=\"281\" src=\"https:\/\/www.youtube.com\/embed\/-Z9t14pOQPc?feature=oembed\" frameborder=\"0\" allow=\"accelerometer; autoplay; clipboard-write; encrypted-media; gyroscope; picture-in-picture; web-share\" referrerpolicy=\"strict-origin-when-cross-origin\" allowfullscreen><\/iframe>\n<\/div><\/figure>\n\n\n\n<figure class=\"wp-block-embed is-type-video is-provider-youtube wp-block-embed-youtube wp-embed-aspect-16-9 wp-has-aspect-ratio\"><div class=\"wp-block-embed__wrapper\">\n<iframe loading=\"lazy\" title=\"ImplurbCast | Pr\u00e9via\" width=\"500\" height=\"281\" src=\"https:\/\/www.youtube.com\/embed\/00-1Pdy_iEM?feature=oembed\" frameborder=\"0\" allow=\"accelerometer; autoplay; clipboard-write; encrypted-media; gyroscope; picture-in-picture; web-share\" referrerpolicy=\"strict-origin-when-cross-origin\" allowfullscreen><\/iframe>\n<\/div><\/figure>\n\n\n\n<figure class=\"wp-block-embed is-type-video is-provider-youtube wp-block-embed-youtube wp-embed-aspect-16-9 wp-has-aspect-ratio\"><div class=\"wp-block-embed__wrapper\">\n<iframe loading=\"lazy\" title=\"Chamada ImplurbCast | Podcast do Implurb 2025\" width=\"500\" height=\"281\" src=\"https:\/\/www.youtube.com\/embed\/0EgJ0UXZ8kc?feature=oembed\" frameborder=\"0\" allow=\"accelerometer; autoplay; clipboard-write; encrypted-media; gyroscope; picture-in-picture; web-share\" referrerpolicy=\"strict-origin-when-cross-origin\" allowfullscreen><\/iframe>\n<\/div><\/figure>\n\n\n\n<figure class=\"wp-block-embed is-type-video is-provider-youtube wp-block-embed-youtube wp-embed-aspect-16-9 wp-has-aspect-ratio\"><div class=\"wp-block-embed__wrapper\">\n<iframe loading=\"lazy\" title=\"Inaugura\u00e7\u00e3o do Parque Gigantes da Floresta | 04 de Julho de 2024\" width=\"500\" height=\"281\" src=\"https:\/\/www.youtube.com\/embed\/W73nLmMdg1c?feature=oembed\" frameborder=\"0\" allow=\"accelerometer; autoplay; clipboard-write; encrypted-media; gyroscope; picture-in-picture; web-share\" referrerpolicy=\"strict-origin-when-cross-origin\" allowfullscreen><\/iframe>\n<\/div><\/figure>\n\n\n\n<figure class=\"wp-block-embed is-type-video is-provider-youtube wp-block-embed-youtube wp-embed-aspect-16-9 wp-has-aspect-ratio\"><div class=\"wp-block-embed__wrapper\">\n<iframe loading=\"lazy\" title=\"Semin\u00e1rio Nosso Centro | Primeira Edi\u00e7\u00e3o\" width=\"500\" height=\"281\" src=\"https:\/\/www.youtube.com\/embed\/xSH5dWRNq3U?feature=oembed\" frameborder=\"0\" allow=\"accelerometer; autoplay; clipboard-write; encrypted-media; gyroscope; picture-in-picture; web-share\" referrerpolicy=\"strict-origin-when-cross-origin\" allowfullscreen><\/iframe>\n<\/div><\/figure>\n\n\n\n<figure class=\"wp-block-embed is-type-video is-provider-youtube wp-block-embed-youtube wp-embed-aspect-16-9 wp-has-aspect-ratio\"><div class=\"wp-block-embed__wrapper\">\n<iframe loading=\"lazy\" title=\"Planejamento Estrat\u00e9gico 2025-2028 | Implurb\" width=\"500\" height=\"281\" src=\"https:\/\/www.youtube.com\/embed\/veOh79oZ8wQ?feature=oembed\" frameborder=\"0\" allow=\"accelerometer; autoplay; clipboard-write; encrypted-media; gyroscope; picture-in-picture; web-share\" referrerpolicy=\"strict-origin-when-cross-origin\" allowfullscreen><\/iframe>\n<\/div><\/figure>\n","protected":false},"excerpt":{"rendered":"","protected":false},"author":8,"featured_media":0,"parent":0,"menu_order":0,"comment_status":"closed","ping_status":"closed","template":"","meta":{"footnotes":""},"acf":[],"yoast_head":"<!-- This site is optimized with the Yoast SEO plugin v23.0 - https:\/\/yoast.com\/wordpress\/plugins\/seo\/ -->\n<title>XI Encontro InREDE Manaus - IMPLURB<\/title>\n<meta name=\"robots\" content=\"noindex, follow\" \/>\n<meta property=\"og:locale\" content=\"pt_BR\" \/>\n<meta property=\"og:type\" content=\"article\" \/>\n<meta property=\"og:title\" content=\"XI Encontro InREDE Manaus - IMPLURB\" \/>\n<meta property=\"og:url\" content=\"https:\/\/www.manaus.am.gov.br\/implurb\/inrede\/\" \/>\n<meta property=\"og:site_name\" content=\"IMPLURB\" \/>\n<meta property=\"article:modified_time\" content=\"2025-09-30T13:34:23+00:00\" \/>\n<meta name=\"twitter:card\" content=\"summary_large_image\" \/>\n<meta name=\"twitter:label1\" content=\"Est. reading time\" \/>\n\t<meta name=\"twitter:data1\" content=\"2 minutos\" \/>\n<script type=\"application\/ld+json\" class=\"yoast-schema-graph\">{\"@context\":\"https:\/\/schema.org\",\"@graph\":[{\"@type\":\"WebPage\",\"@id\":\"https:\/\/www.manaus.am.gov.br\/implurb\/inrede\/\",\"url\":\"https:\/\/www.manaus.am.gov.br\/implurb\/inrede\/\",\"name\":\"XI Encontro InREDE Manaus - IMPLURB\",\"isPartOf\":{\"@id\":\"https:\/\/www.manaus.am.gov.br\/implurb\/#website\"},\"datePublished\":\"2025-08-14T18:31:00+00:00\",\"dateModified\":\"2025-09-30T13:34:23+00:00\",\"breadcrumb\":{\"@id\":\"https:\/\/www.manaus.am.gov.br\/implurb\/inrede\/#breadcrumb\"},\"inLanguage\":\"pt-BR\",\"potentialAction\":[{\"@type\":\"ReadAction\",\"target\":[\"https:\/\/www.manaus.am.gov.br\/implurb\/inrede\/\"]}]},{\"@type\":\"BreadcrumbList\",\"@id\":\"https:\/\/www.manaus.am.gov.br\/implurb\/inrede\/#breadcrumb\",\"itemListElement\":[{\"@type\":\"ListItem\",\"position\":1,\"name\":\"Home\",\"item\":\"https:\/\/www.manaus.am.gov.br\/implurb\/\"},{\"@type\":\"ListItem\",\"position\":2,\"name\":\"XI Encontro InREDE Manaus\"}]},{\"@type\":\"WebSite\",\"@id\":\"https:\/\/www.manaus.am.gov.br\/implurb\/#website\",\"url\":\"https:\/\/www.manaus.am.gov.br\/implurb\/\",\"name\":\"IMPLURB\",\"description\":\"Prefeitura de Manaus\",\"potentialAction\":[{\"@type\":\"SearchAction\",\"target\":{\"@type\":\"EntryPoint\",\"urlTemplate\":\"https:\/\/www.manaus.am.gov.br\/implurb\/?s={search_term_string}\"},\"query-input\":\"required name=search_term_string\"}],\"inLanguage\":\"pt-BR\"}]}<\/script>\n<!-- \/ Yoast SEO plugin. -->","yoast_head_json":{"title":"XI Encontro InREDE Manaus - IMPLURB","robots":{"index":"noindex","follow":"follow"},"og_locale":"pt_BR","og_type":"article","og_title":"XI Encontro InREDE Manaus - IMPLURB","og_url":"https:\/\/www.manaus.am.gov.br\/implurb\/inrede\/","og_site_name":"IMPLURB","article_modified_time":"2025-09-30T13:34:23+00:00","twitter_card":"summary_large_image","twitter_misc":{"Est. reading time":"2 minutos"},"schema":{"@context":"https:\/\/schema.org","@graph":[{"@type":"WebPage","@id":"https:\/\/www.manaus.am.gov.br\/implurb\/inrede\/","url":"https:\/\/www.manaus.am.gov.br\/implurb\/inrede\/","name":"XI Encontro InREDE Manaus - IMPLURB","isPartOf":{"@id":"https:\/\/www.manaus.am.gov.br\/implurb\/#website"},"datePublished":"2025-08-14T18:31:00+00:00","dateModified":"2025-09-30T13:34:23+00:00","breadcrumb":{"@id":"https:\/\/www.manaus.am.gov.br\/implurb\/inrede\/#breadcrumb"},"inLanguage":"pt-BR","potentialAction":[{"@type":"ReadAction","target":["https:\/\/www.manaus.am.gov.br\/implurb\/inrede\/"]}]},{"@type":"BreadcrumbList","@id":"https:\/\/www.manaus.am.gov.br\/implurb\/inrede\/#breadcrumb","itemListElement":[{"@type":"ListItem","position":1,"name":"Home","item":"https:\/\/www.manaus.am.gov.br\/implurb\/"},{"@type":"ListItem","position":2,"name":"XI Encontro InREDE Manaus"}]},{"@type":"WebSite","@id":"https:\/\/www.manaus.am.gov.br\/implurb\/#website","url":"https:\/\/www.manaus.am.gov.br\/implurb\/","name":"IMPLURB","description":"Prefeitura de Manaus","potentialAction":[{"@type":"SearchAction","target":{"@type":"EntryPoint","urlTemplate":"https:\/\/www.manaus.am.gov.br\/implurb\/?s={search_term_string}"},"query-input":"required name=search_term_string"}],"inLanguage":"pt-BR"}]}},"_links":{"self":[{"href":"https:\/\/www.manaus.am.gov.br\/implurb\/wp-json\/wp\/v2\/pages\/6398"}],"collection":[{"href":"https:\/\/www.manaus.am.gov.br\/implurb\/wp-json\/wp\/v2\/pages"}],"about":[{"href":"https:\/\/www.manaus.am.gov.br\/implurb\/wp-json\/wp\/v2\/types\/page"}],"author":[{"embeddable":true,"href":"https:\/\/www.manaus.am.gov.br\/implurb\/wp-json\/wp\/v2\/users\/8"}],"replies":[{"embeddable":true,"href":"https:\/\/www.manaus.am.gov.br\/implurb\/wp-json\/wp\/v2\/comments?post=6398"}],"version-history":[{"count":49,"href":"https:\/\/www.manaus.am.gov.br\/implurb\/wp-json\/wp\/v2\/pages\/6398\/revisions"}],"predecessor-version":[{"id":6913,"href":"https:\/\/www.manaus.am.gov.br\/implurb\/wp-json\/wp\/v2\/pages\/6398\/revisions\/6913"}],"wp:attachment":[{"href":"https:\/\/www.manaus.am.gov.br\/implurb\/wp-json\/wp\/v2\/media?parent=6398"}],"curies":[{"name":"wp","href":"https:\/\/api.w.org\/{rel}","templated":true}]}}

<h2 class="wp-block-heading"><a href="https://www.manaus.am.gov.br/implurb/inrede/dia-25/">Dia 25</a></h2>



<h2 class="wp-block-heading"><a href="https://www.manaus.am.gov.br/implurb/inrede/dia-26/">Dia 26</a></h2>



<h2 class="wp-block-heading"><a href="https://www.manaus.am.gov.br/implurb/inrede/dia-27/">Dia 27</a></h2>



<p></p>



<h2 class="wp-block-heading">Matérias</h2>



<p><a href="https://www.manaus.am.gov.br/implurb/encontro-de-planejamento-urbano/">Prefeito David Almeida abre o maior encontro de planejamento urbano do Brasil e defende soluções integradas para os desafios das cidades</a></p>



<p><a href="https://www.manaus.am.gov.br/noticia/planejamento-urbano/planejamento-urbano-encontro-manaus/">Manaus abre as portas para o futuro das cidades mais resilientes com encontro nacional de planejamento urbano</a></p>



<p><a href="https://www.manaus.am.gov.br/noticia/planejamento-urbano/futuro-urbano-inrede/">Com apoio da Prefeitura de Manaus, segundo dia do XI InREDE é marcado por debate sobre o futuro urbano</a></p>



<p><a href="https://www.manaus.am.gov.br/noticia/planejamento-urbano/encontro-nacional-da-rede-brasileira-de-institutos-de-planejamento/">Com realização da Prefeitura de Manaus, institutos da InREDE destacam parcerias estratégicas para financiar e transformar cidades do Brasil</a></p>



<p><a href="https://www.manaus.am.gov.br/noticia/manaus/inrede-encerramento-pmm/">Prefeitura de Manaus encerra encontro nacional de planejamento urbano com lições manauenses para o Brasil</a></p>



<p></p>



<h2 class="wp-block-heading">Releases</h2>



<p><a href="https://www.manaus.am.gov.br/noticia/eventos/inrede-25-a-27-9/">Manaus se prepara para receber o maior encontro de Planejamento Urbano do Brasil de 25 a 27 de setembro</a></p>



<p><a href="https://www.manaus.am.gov.br/implurb/prefeitura-implurb-inrede-manaus/">Começa a contagem regressiva para o 11º Encontro InRede, evento sediado pela Prefeitura de Manaus</a></p>



<p><a href="https://www.manaus.am.gov.br/implurb/representantes-presenca-11o-encontro-inrede-manaus/">Representantes de cidades brasileiras confirmam presença no 11º Encontro InREDE em Manaus</a></p>



<p><a href="https://www.manaus.am.gov.br/implurb/prefeitura-implurb-chamamento-encontroinrede/" target="_blank" rel="noreferrer noopener">Prefeitura de Manaus faz chamamento para cidades enviarem&nbsp;‘boas práticas’&nbsp;para 11º Encontro InRede</a></p>



<p><a href="https://www.manaus.am.gov.br/implurb/manaus-sediar-encontro-nacional-inrede/" target="_blank" rel="noreferrer noopener">Prefeitura de Manaus vai sediar encontro nacional de institutos de planejamento, de 25 a 27 de setembro</a></p>



<p><a href="https://www.manaus.am.gov.br/implurb/prefeitura-encontro-institutos-2025/" target="_blank" rel="noreferrer noopener">Prefeitura de Manaus vai sediar encontro de institutos de planejamento em 2025</a></p>



<p></p>



<h2 class="wp-block-heading">Nossos vídeos</h2>



<figure class="wp-block-embed is-type-video is-provider-youtube wp-block-embed-youtube wp-embed-aspect-16-9 wp-has-aspect-ratio"><div class="wp-block-embed__wrapper">
<iframe loading="lazy" title="XI Encontro InRede | Vídeo Institucional SemCom" width="500" height="281" src="https://www.youtube.com/embed/U54VA4XV6Eo?feature=oembed" frameborder="0" allow="accelerometer; autoplay; clipboard-write; encrypted-media; gyroscope; picture-in-picture; web-share" referrerpolicy="strict-origin-when-cross-origin" allowfullscreen></iframe>
</div></figure>



<figure class="wp-block-embed is-type-video is-provider-youtube wp-block-embed-youtube wp-embed-aspect-16-9 wp-has-aspect-ratio"><div class="wp-block-embed__wrapper">
<iframe loading="lazy" title="XI Encontro InRede | Bem vindos à Manaus " width="500" height="281" src="https://www.youtube.com/embed/uCQk179KyPc?feature=oembed" frameborder="0" allow="accelerometer; autoplay; clipboard-write; encrypted-media; gyroscope; picture-in-picture; web-share" referrerpolicy="strict-origin-when-cross-origin" allowfullscreen></iframe>
</div></figure>



<figure class="wp-block-embed is-type-video is-provider-youtube wp-block-embed-youtube wp-embed-aspect-16-9 wp-has-aspect-ratio"><div class="wp-block-embed__wrapper">
<iframe loading="lazy" title="Segunda Etapa | Parque Gigantes da Floresta - Institucional" width="500" height="281" src="https://www.youtube.com/embed/-Z9t14pOQPc?feature=oembed" frameborder="0" allow="accelerometer; autoplay; clipboard-write; encrypted-media; gyroscope; picture-in-picture; web-share" referrerpolicy="strict-origin-when-cross-origin" allowfullscreen></iframe>
</div></figure>



<figure class="wp-block-embed is-type-video is-provider-youtube wp-block-embed-youtube wp-embed-aspect-16-9 wp-has-aspect-ratio"><div class="wp-block-embed__wrapper">
<iframe loading="lazy" title="ImplurbCast | Prévia" width="500" height="281" src="https://www.youtube.com/embed/00-1Pdy_iEM?feature=oembed" frameborder="0" allow="accelerometer; autoplay; clipboard-write; encrypted-media; gyroscope; picture-in-picture; web-share" referrerpolicy="strict-origin-when-cross-origin" allowfullscreen></iframe>
</div></figure>



<figure class="wp-block-embed is-type-video is-provider-youtube wp-block-embed-youtube wp-embed-aspect-16-9 wp-has-aspect-ratio"><div class="wp-block-embed__wrapper">
<iframe loading="lazy" title="Chamada ImplurbCast | Podcast do Implurb 2025" width="500" height="281" src="https://www.youtube.com/embed/0EgJ0UXZ8kc?feature=oembed" frameborder="0" allow="accelerometer; autoplay; clipboard-write; encrypted-media; gyroscope; picture-in-picture; web-share" referrerpolicy="strict-origin-when-cross-origin" allowfullscreen></iframe>
</div></figure>



<figure class="wp-block-embed is-type-video is-provider-youtube wp-block-embed-youtube wp-embed-aspect-16-9 wp-has-aspect-ratio"><div class="wp-block-embed__wrapper">
<iframe loading="lazy" title="Inauguração do Parque Gigantes da Floresta | 04 de Julho de 2024" width="500" height="281" src="https://www.youtube.com/embed/W73nLmMdg1c?feature=oembed" frameborder="0" allow="accelerometer; autoplay; clipboard-write; encrypted-media; gyroscope; picture-in-picture; web-share" referrerpolicy="strict-origin-when-cross-origin" allowfullscreen></iframe>
</div></figure>



<figure class="wp-block-embed is-type-video is-provider-youtube wp-block-embed-youtube wp-embed-aspect-16-9 wp-has-aspect-ratio"><div class="wp-block-embed__wrapper">
<iframe loading="lazy" title="Seminário Nosso Centro | Primeira Edição" width="500" height="281" src="https://www.youtube.com/embed/xSH5dWRNq3U?feature=oembed" frameborder="0" allow="accelerometer; autoplay; clipboard-write; encrypted-media; gyroscope; picture-in-picture; web-share" referrerpolicy="strict-origin-when-cross-origin" allowfullscreen></iframe>
</div></figure>



<figure class="wp-block-embed is-type-video is-provider-youtube wp-block-embed-youtube wp-embed-aspect-16-9 wp-has-aspect-ratio"><div class="wp-block-embed__wrapper">
<iframe loading="lazy" title="Planejamento Estratégico 2025-2028 | Implurb" width="500" height="281" src="https://www.youtube.com/embed/veOh79oZ8wQ?feature=oembed" frameborder="0" allow="accelerometer; autoplay; clipboard-write; encrypted-media; gyroscope; picture-in-picture; web-share" referrerpolicy="strict-origin-when-cross-origin" allowfullscreen></iframe>
</div></figure>
