{"id":374,"date":"2023-06-19T16:06:51","date_gmt":"2023-06-19T20:06:51","guid":{"rendered":"https:\/\/www.manaus.am.gov.br\/implurb\/?page_id=374"},"modified":"2023-08-02T10:20:19","modified_gmt":"2023-08-02T14:20:19","slug":"estrutura-organizacional","status":"publish","type":"page","link":"https:\/\/www.manaus.am.gov.br\/implurb\/o-implurb\/estrutura-organizacional\/","title":{"rendered":"Estrutura Organizacional"},"content":{"rendered":"\n<p>Art. 3\u00ba do Decreto N\u00ba 2635, de 5 de novembro 2013, que disp\u00f5e sobre o Regimento Interno do INSTITUTO MUNICIPAL DE ORDEM SOCIAL E PLANEJAMENTO URBANO &#8211; IMPLURB, e d\u00e1 outras provid\u00eancias.<\/p>\n\n\n\n<p>Dirigido por um Diretor-Presidente, com o aux\u00edlio do Vice-Presidente, de um Diretor de Planejamento Urbano, de um Diretor de Opera\u00e7\u00f5es e de um Diretor de Administra\u00e7\u00e3o e Finan\u00e7as, o IMPLURB tem a seguinte estrutura operacional:<\/p>\n\n\n\n<h2 class=\"wp-block-heading\">I &#8211; \u00d3RG\u00c3OS COLEGIADOS<\/h2>\n\n\n\n<p>a) Conselho Municipal de Desenvolvimento Urbano<br>b) Comiss\u00e3o T\u00e9cnica de Planejamento e Controle Urbano<br>c) Comiss\u00e3o de Licita\u00e7\u00e3o<\/p>\n\n\n\n<h2 class=\"wp-block-heading\">II &#8211; \u00d3RG\u00c3OS DE ASSIST\u00caNCIA E ASSESSORAMENTO<\/h2>\n\n\n\n<p>a) Gabinete do Diretor-Presidente<br>b) Assessoria T\u00e9cnica<br>c) Procuradoria Jur\u00eddica<br>d) Ouvidoria<\/p>\n\n\n\n<h2 class=\"wp-block-heading\">III &#8211; \u00d3RG\u00c3OS DE APOIO \u00c0 GEST\u00c3O<\/h2>\n\n\n\n<p>a) Diretoria de Administra\u00e7\u00e3o e Finan\u00e7as<\/p>\n\n\n\n<p>1. Divis\u00e3o de Administra\u00e7\u00e3o e Finan\u00e7as<br>1.1. Ger\u00eancia de Planejamento, Or\u00e7amento e Finan\u00e7as<br>1.2. Ger\u00eancia de Gest\u00e3o de Pessoas<br>1.3. Ger\u00eancia de Atendimento<br>1.4. Ger\u00eancia de C\u00e1lculo e Arrecada\u00e7\u00e3o<br>1.5. Ger\u00eancia de Patrim\u00f4nio, Material e Servi\u00e7os<br>1.6. Ger\u00eancia de Inform\u00e1tica<\/p>\n\n\n\n<h2 class=\"wp-block-heading\">IV &#8211; \u00d3RG\u00c3OS DE ATIVIDADES FINAL\u00cdSTICAS<\/h2>\n\n\n\n<p>a) Diretoria de Planejamento Urbano<\/p>\n\n\n\n<p>1. Divis\u00e3o de Projetos Urban\u00edsticos<\/p>\n\n\n\n<p>1.1. Ger\u00eancia de Mobilidade Urbana<br>1.2. Ger\u00eancia de Informa\u00e7\u00e3o e Geoprocessamento<br><br>2. Divis\u00e3o de Projetos de Arquitetura<\/p>\n\n\n\n<p>2.1. Ger\u00eancia de Patrim\u00f4nio Hist\u00f3rico<br>2.2. Ger\u00eancia de Engenharia<\/p>\n\n\n\n<p>b) Diretoria de Opera\u00e7\u00f5es<\/p>\n\n\n\n<p>1. Divis\u00e3o de Aprova\u00e7\u00e3o de Projetos<br><br>1.1. Ger\u00eancia de Parcelamento do Solo<br>1.2. Ger\u00eancia de Levantamento T\u00e9cnico<br>1.3. Ger\u00eancia de Aprova\u00e7\u00e3o de Projetos de Interesse Social<br>1.4. Ger\u00eancia de Informa\u00e7\u00e3o T\u00e9cnica<\/p>\n\n\n\n<p>2. Divis\u00e3o de Controle Urbano<\/p>\n\n\n\n<p>2.1. Ger\u00eancia de Fiscaliza\u00e7\u00e3o de Obras<br>2.2. Ger\u00eancia de Fiscaliza\u00e7\u00e3o de Posturas<br>2.3. Ger\u00eancia de Engenhos Publicit\u00e1rios<br>2.4. Ger\u00eancia de Com\u00e9rcio Fixo em \u00c1reas P\u00fablicas<\/p>\n","protected":false},"excerpt":{"rendered":"","protected":false},"author":27,"featured_media":0,"parent":366,"menu_order":1,"comment_status":"closed","ping_status":"closed","template":"templates\/turismo.php","meta":{"footnotes":""},"acf":[],"yoast_head":"<!-- This site is optimized with the Yoast SEO plugin v23.0 - https:\/\/yoast.com\/wordpress\/plugins\/seo\/ -->\n<title>Estrutura Organizacional - IMPLURB<\/title>\n<meta name=\"robots\" content=\"noindex, follow\" \/>\n<meta property=\"og:locale\" content=\"pt_BR\" \/>\n<meta property=\"og:type\" content=\"article\" \/>\n<meta property=\"og:title\" content=\"Estrutura Organizacional - IMPLURB\" \/>\n<meta property=\"og:url\" content=\"https:\/\/www.manaus.am.gov.br\/implurb\/o-implurb\/estrutura-organizacional\/\" \/>\n<meta property=\"og:site_name\" content=\"IMPLURB\" \/>\n<meta property=\"article:modified_time\" content=\"2023-08-02T14:20:19+00:00\" \/>\n<meta name=\"twitter:card\" content=\"summary_large_image\" \/>\n<meta name=\"twitter:label1\" content=\"Est. reading time\" \/>\n\t<meta name=\"twitter:data1\" content=\"2 minutos\" \/>\n<script type=\"application\/ld+json\" class=\"yoast-schema-graph\">{\"@context\":\"https:\/\/schema.org\",\"@graph\":[{\"@type\":\"WebPage\",\"@id\":\"https:\/\/www.manaus.am.gov.br\/implurb\/o-implurb\/estrutura-organizacional\/\",\"url\":\"https:\/\/www.manaus.am.gov.br\/implurb\/o-implurb\/estrutura-organizacional\/\",\"name\":\"Estrutura Organizacional - IMPLURB\",\"isPartOf\":{\"@id\":\"https:\/\/www.manaus.am.gov.br\/implurb\/#website\"},\"datePublished\":\"2023-06-19T20:06:51+00:00\",\"dateModified\":\"2023-08-02T14:20:19+00:00\",\"breadcrumb\":{\"@id\":\"https:\/\/www.manaus.am.gov.br\/implurb\/o-implurb\/estrutura-organizacional\/#breadcrumb\"},\"inLanguage\":\"pt-BR\",\"potentialAction\":[{\"@type\":\"ReadAction\",\"target\":[\"https:\/\/www.manaus.am.gov.br\/implurb\/o-implurb\/estrutura-organizacional\/\"]}]},{\"@type\":\"BreadcrumbList\",\"@id\":\"https:\/\/www.manaus.am.gov.br\/implurb\/o-implurb\/estrutura-organizacional\/#breadcrumb\",\"itemListElement\":[{\"@type\":\"ListItem\",\"position\":1,\"name\":\"Home\",\"item\":\"https:\/\/www.manaus.am.gov.br\/implurb\/\"},{\"@type\":\"ListItem\",\"position\":2,\"name\":\"O IMPLURB\",\"item\":\"https:\/\/www.manaus.am.gov.br\/implurb\/o-implurb\/\"},{\"@type\":\"ListItem\",\"position\":3,\"name\":\"Estrutura Organizacional\"}]},{\"@type\":\"WebSite\",\"@id\":\"https:\/\/www.manaus.am.gov.br\/implurb\/#website\",\"url\":\"https:\/\/www.manaus.am.gov.br\/implurb\/\",\"name\":\"IMPLURB\",\"description\":\"Prefeitura de Manaus\",\"potentialAction\":[{\"@type\":\"SearchAction\",\"target\":{\"@type\":\"EntryPoint\",\"urlTemplate\":\"https:\/\/www.manaus.am.gov.br\/implurb\/?s={search_term_string}\"},\"query-input\":\"required name=search_term_string\"}],\"inLanguage\":\"pt-BR\"}]}<\/script>\n<!-- \/ Yoast SEO plugin. -->","yoast_head_json":{"title":"Estrutura Organizacional - IMPLURB","robots":{"index":"noindex","follow":"follow"},"og_locale":"pt_BR","og_type":"article","og_title":"Estrutura Organizacional - IMPLURB","og_url":"https:\/\/www.manaus.am.gov.br\/implurb\/o-implurb\/estrutura-organizacional\/","og_site_name":"IMPLURB","article_modified_time":"2023-08-02T14:20:19+00:00","twitter_card":"summary_large_image","twitter_misc":{"Est. reading time":"2 minutos"},"schema":{"@context":"https:\/\/schema.org","@graph":[{"@type":"WebPage","@id":"https:\/\/www.manaus.am.gov.br\/implurb\/o-implurb\/estrutura-organizacional\/","url":"https:\/\/www.manaus.am.gov.br\/implurb\/o-implurb\/estrutura-organizacional\/","name":"Estrutura Organizacional - IMPLURB","isPartOf":{"@id":"https:\/\/www.manaus.am.gov.br\/implurb\/#website"},"datePublished":"2023-06-19T20:06:51+00:00","dateModified":"2023-08-02T14:20:19+00:00","breadcrumb":{"@id":"https:\/\/www.manaus.am.gov.br\/implurb\/o-implurb\/estrutura-organizacional\/#breadcrumb"},"inLanguage":"pt-BR","potentialAction":[{"@type":"ReadAction","target":["https:\/\/www.manaus.am.gov.br\/implurb\/o-implurb\/estrutura-organizacional\/"]}]},{"@type":"BreadcrumbList","@id":"https:\/\/www.manaus.am.gov.br\/implurb\/o-implurb\/estrutura-organizacional\/#breadcrumb","itemListElement":[{"@type":"ListItem","position":1,"name":"Home","item":"https:\/\/www.manaus.am.gov.br\/implurb\/"},{"@type":"ListItem","position":2,"name":"O IMPLURB","item":"https:\/\/www.manaus.am.gov.br\/implurb\/o-implurb\/"},{"@type":"ListItem","position":3,"name":"Estrutura Organizacional"}]},{"@type":"WebSite","@id":"https:\/\/www.manaus.am.gov.br\/implurb\/#website","url":"https:\/\/www.manaus.am.gov.br\/implurb\/","name":"IMPLURB","description":"Prefeitura de Manaus","potentialAction":[{"@type":"SearchAction","target":{"@type":"EntryPoint","urlTemplate":"https:\/\/www.manaus.am.gov.br\/implurb\/?s={search_term_string}"},"query-input":"required name=search_term_string"}],"inLanguage":"pt-BR"}]}},"_links":{"self":[{"href":"https:\/\/www.manaus.am.gov.br\/implurb\/wp-json\/wp\/v2\/pages\/374"}],"collection":[{"href":"https:\/\/www.manaus.am.gov.br\/implurb\/wp-json\/wp\/v2\/pages"}],"about":[{"href":"https:\/\/www.manaus.am.gov.br\/implurb\/wp-json\/wp\/v2\/types\/page"}],"author":[{"embeddable":true,"href":"https:\/\/www.manaus.am.gov.br\/implurb\/wp-json\/wp\/v2\/users\/27"}],"replies":[{"embeddable":true,"href":"https:\/\/www.manaus.am.gov.br\/implurb\/wp-json\/wp\/v2\/comments?post=374"}],"version-history":[{"count":5,"href":"https:\/\/www.manaus.am.gov.br\/implurb\/wp-json\/wp\/v2\/pages\/374\/revisions"}],"predecessor-version":[{"id":1860,"href":"https:\/\/www.manaus.am.gov.br\/implurb\/wp-json\/wp\/v2\/pages\/374\/revisions\/1860"}],"up":[{"embeddable":true,"href":"https:\/\/www.manaus.am.gov.br\/implurb\/wp-json\/wp\/v2\/pages\/366"}],"wp:attachment":[{"href":"https:\/\/www.manaus.am.gov.br\/implurb\/wp-json\/wp\/v2\/media?parent=374"}],"curies":[{"name":"wp","href":"https:\/\/api.w.org\/{rel}","templated":true}]}}