{"id":777,"date":"2023-07-06T07:51:21","date_gmt":"2023-07-06T11:51:21","guid":{"rendered":"https:\/\/www.manaus.am.gov.br\/immu\/?page_id=777"},"modified":"2023-07-06T07:51:21","modified_gmt":"2023-07-06T11:51:21","slug":"credencial-para-instituicao","status":"publish","type":"page","link":"https:\/\/www.manaus.am.gov.br\/immu\/credencial-para-instituicao\/","title":{"rendered":"Credencial para Institui\u00e7\u00e3o"},"content":{"rendered":"\n<p>Para cadastro de Institui\u00e7\u00f5es de Ensino, no Sistema de Meia Passagem da Prefeitura:<\/p>\n\n\n\n<p>1 &#8211; Escolas Particulares de Educa\u00e7\u00e3o B\u00e1sica e Educa\u00e7\u00e3o Infantil:<br>CNPJ;<br>Alvar\u00e1 de funcionamento;<br>RG e CPF do respons\u00e1vel da empresa;<br>Resolu\u00e7\u00e3o do Conselho de Educa\u00e7\u00e3o competente autorizando o funcionamento dos cursos oferecidos;<br>Calend\u00e1rio Acad\u00eamico;<br>Quantidade de dias na semana que o aluno frequenta a Institui\u00e7\u00e3o.<\/p>\n\n\n\n<p>2 &#8211; Escolas de cursos T\u00e9cnicos:<br>CNPJ;<br>Alvar\u00e1 de funcionamento;<br>RG e CPF do respons\u00e1vel da empresa;<br>Resolu\u00e7\u00e3o do Conselho Estadual de Educa\u00e7\u00e3o autorizando o funcionamento de cada curso oferecido pela Institui\u00e7\u00e3o;<br>Rela\u00e7\u00e3o Nominal de todos os cursos oferecidos com as seguintes informa\u00e7\u00f5es:<br>Dura\u00e7\u00e3o de cada curso em meses<br>Quantidade de dias na semana que o aluno frequenta a Institui\u00e7\u00e3o.<\/p>\n\n\n\n<p>3 &#8211; Escolas de cursos Livres e de Idiomas:<br>CNPJ;<br>Alvar\u00e1 de funcionamento;<br>RG e CPF do respons\u00e1vel da empresa;<br>Resolu\u00e7\u00e3o do Conselho Estadual de Educa\u00e7\u00e3o autorizando o funcionamento de cada curso oferecido pela Institui\u00e7\u00e3o;<br>Rela\u00e7\u00e3o Nominal de todos os cursos oferecidos com as seguintes informa\u00e7\u00f5es:<br>Dura\u00e7\u00e3o de cada curso em meses<br>Quantidade de dias na semana que o aluno frequenta a Institui\u00e7\u00e3o.<\/p>\n\n\n\n<p>4 &#8211; Universidade e Faculdade Particular:<br>Para cursos de Gradua\u00e7\u00e3o:<br>CNPJ;<br>Alvar\u00e1 de funcionamento;<br>RG e CPF do respons\u00e1vel da empresa;<br>Resolu\u00e7\u00e3o do Conselho de Educa\u00e7\u00e3o competente autorizando o funcionamento dos cursos oferecidos;<br>Calend\u00e1rio Acad\u00eamico;<br>Rela\u00e7\u00e3o Nominal de todos os cursos oferecidos com a seguinte informa\u00e7\u00e3o:<br>Quantidade de dias na semana que o aluno frequenta a Institui\u00e7\u00e3o.<\/p>\n\n\n\n<p>5 &#8211; Para cursos de P\u00f3s Gradua\u00e7\u00e3o:<br>CNPJ;<br>Alvar\u00e1 de funcionamento;<br>RG e CPF do respons\u00e1vel da empresa;<br>Rela\u00e7\u00e3o Nominal de todos os cursos oferecidos com as seguintes informa\u00e7\u00f5es:<br>Dura\u00e7\u00e3o de cada curso em meses;<br>Quantidade de dias na semana que o aluno frequenta a Institui\u00e7\u00e3o.<br>Obs: Se a Institui\u00e7\u00e3o a ser cadastrada n\u00e3o certificar os diplomas apresentar contrato firmado com a Universidade que ir\u00e1 certificar.<\/p>\n\n\n\n<p>Universidades e Institutos P\u00fablicos:<br>Para cursos de Gradua\u00e7\u00e3o:<br>CNPJ;<br>RG e CPF do respons\u00e1vel da empresa;<br>Calend\u00e1rio Acad\u00eamico;<br>Rela\u00e7\u00e3o Nominal de todos os cursos oferecidos com a seguinte informa\u00e7\u00e3o:<br>Quantidade de dias na semana que o aluno frequenta a Institui\u00e7\u00e3o.<\/p>\n\n\n\n<p>Para cursos de P\u00f3s-Gradua\u00e7\u00e3o:<br>CNPJ;<br>RG e CPF do respons\u00e1vel da empresa;<br>Calend\u00e1rio Acad\u00eamico;<br>Rela\u00e7\u00e3o Nominal de todos os cursos oferecidos com a seguinte informa\u00e7\u00e3o:<br>Dura\u00e7\u00e3o de cada curso em meses;<br>Quantidade de dias na semana que o aluno frequenta a Institui\u00e7\u00e3o.<\/p>\n\n\n\n<p>6 &#8211; Para as Escolas Estaduais e Municipais:<br>CNPJ;<br>RG e CPF do respons\u00e1vel da empresa;<br>Calend\u00e1rio Acad\u00eamico;<br>Rela\u00e7\u00e3o Nominal de todos os cursos oferecidos com as seguintes informa\u00e7\u00f5es:<br>Quantidade de dias na semana que o aluno frequenta a Institui\u00e7\u00e3o.<\/p>\n\n\n\n<p> <\/p>\n\n\n\n<h3 class=\"wp-block-heading\">Informa\u00e7\u00f5es Complementares<\/h3>\n\n\n\n<ol type=\"1\">\n<li>Resgate de senha da Institui\u00e7\u00e3o de ensino: apresentar oficio dirigido a Ger\u00eancia de Cadastro Estudantil solicitando 2\u00aa via de senha que permite acesso ao Sistema de Meia Passagem da Prefeitura.<\/li>\n\n\n\n<li>Informa\u00e7\u00f5es pertinentes ao cadastro de estudante acessar o site: estudantes.manaus.am.gov.br.<\/li>\n\n\n\n<li>Informa\u00e7\u00f5es complementares, relacionadas ao cadastro de Institui\u00e7\u00e3o de Ensino, poder\u00e3o ser encaminhas ao endere\u00e7o eletr\u00f4nico: cadastroestudantil.pmm@gmail.com<\/li>\n<\/ol>\n","protected":false},"excerpt":{"rendered":"","protected":false},"author":27,"featured_media":0,"parent":0,"menu_order":0,"comment_status":"closed","ping_status":"closed","template":"templates\/prefeitura.php","meta":{"footnotes":""},"acf":[],"yoast_head":"<!-- This site is optimized with the Yoast SEO plugin v23.0 - https:\/\/yoast.com\/wordpress\/plugins\/seo\/ -->\n<title>Credencial para Institui\u00e7\u00e3o - IMMU<\/title>\n<meta name=\"robots\" content=\"noindex, follow\" \/>\n<meta property=\"og:locale\" content=\"pt_BR\" \/>\n<meta property=\"og:type\" content=\"article\" \/>\n<meta property=\"og:title\" content=\"Credencial para Institui\u00e7\u00e3o - IMMU\" \/>\n<meta property=\"og:url\" content=\"https:\/\/www.manaus.am.gov.br\/immu\/credencial-para-instituicao\/\" \/>\n<meta property=\"og:site_name\" content=\"IMMU\" \/>\n<meta name=\"twitter:card\" content=\"summary_large_image\" \/>\n<meta name=\"twitter:label1\" content=\"Est. reading time\" \/>\n\t<meta name=\"twitter:data1\" content=\"3 minutos\" \/>\n<script type=\"application\/ld+json\" class=\"yoast-schema-graph\">{\"@context\":\"https:\/\/schema.org\",\"@graph\":[{\"@type\":\"WebPage\",\"@id\":\"https:\/\/www.manaus.am.gov.br\/immu\/credencial-para-instituicao\/\",\"url\":\"https:\/\/www.manaus.am.gov.br\/immu\/credencial-para-instituicao\/\",\"name\":\"Credencial para Institui\u00e7\u00e3o - IMMU\",\"isPartOf\":{\"@id\":\"https:\/\/www.manaus.am.gov.br\/immu\/#website\"},\"datePublished\":\"2023-07-06T11:51:21+00:00\",\"dateModified\":\"2023-07-06T11:51:21+00:00\",\"breadcrumb\":{\"@id\":\"https:\/\/www.manaus.am.gov.br\/immu\/credencial-para-instituicao\/#breadcrumb\"},\"inLanguage\":\"pt-BR\",\"potentialAction\":[{\"@type\":\"ReadAction\",\"target\":[\"https:\/\/www.manaus.am.gov.br\/immu\/credencial-para-instituicao\/\"]}]},{\"@type\":\"BreadcrumbList\",\"@id\":\"https:\/\/www.manaus.am.gov.br\/immu\/credencial-para-instituicao\/#breadcrumb\",\"itemListElement\":[{\"@type\":\"ListItem\",\"position\":1,\"name\":\"Home\",\"item\":\"https:\/\/www.manaus.am.gov.br\/immu\/\"},{\"@type\":\"ListItem\",\"position\":2,\"name\":\"Credencial para Institui\u00e7\u00e3o\"}]},{\"@type\":\"WebSite\",\"@id\":\"https:\/\/www.manaus.am.gov.br\/immu\/#website\",\"url\":\"https:\/\/www.manaus.am.gov.br\/immu\/\",\"name\":\"IMMU\",\"description\":\"Prefeitura de Manaus\",\"potentialAction\":[{\"@type\":\"SearchAction\",\"target\":{\"@type\":\"EntryPoint\",\"urlTemplate\":\"https:\/\/www.manaus.am.gov.br\/immu\/?s={search_term_string}\"},\"query-input\":\"required name=search_term_string\"}],\"inLanguage\":\"pt-BR\"}]}<\/script>\n<!-- \/ Yoast SEO plugin. -->","yoast_head_json":{"title":"Credencial para Institui\u00e7\u00e3o - IMMU","robots":{"index":"noindex","follow":"follow"},"og_locale":"pt_BR","og_type":"article","og_title":"Credencial para Institui\u00e7\u00e3o - IMMU","og_url":"https:\/\/www.manaus.am.gov.br\/immu\/credencial-para-instituicao\/","og_site_name":"IMMU","twitter_card":"summary_large_image","twitter_misc":{"Est. reading time":"3 minutos"},"schema":{"@context":"https:\/\/schema.org","@graph":[{"@type":"WebPage","@id":"https:\/\/www.manaus.am.gov.br\/immu\/credencial-para-instituicao\/","url":"https:\/\/www.manaus.am.gov.br\/immu\/credencial-para-instituicao\/","name":"Credencial para Institui\u00e7\u00e3o - IMMU","isPartOf":{"@id":"https:\/\/www.manaus.am.gov.br\/immu\/#website"},"datePublished":"2023-07-06T11:51:21+00:00","dateModified":"2023-07-06T11:51:21+00:00","breadcrumb":{"@id":"https:\/\/www.manaus.am.gov.br\/immu\/credencial-para-instituicao\/#breadcrumb"},"inLanguage":"pt-BR","potentialAction":[{"@type":"ReadAction","target":["https:\/\/www.manaus.am.gov.br\/immu\/credencial-para-instituicao\/"]}]},{"@type":"BreadcrumbList","@id":"https:\/\/www.manaus.am.gov.br\/immu\/credencial-para-instituicao\/#breadcrumb","itemListElement":[{"@type":"ListItem","position":1,"name":"Home","item":"https:\/\/www.manaus.am.gov.br\/immu\/"},{"@type":"ListItem","position":2,"name":"Credencial para Institui\u00e7\u00e3o"}]},{"@type":"WebSite","@id":"https:\/\/www.manaus.am.gov.br\/immu\/#website","url":"https:\/\/www.manaus.am.gov.br\/immu\/","name":"IMMU","description":"Prefeitura de Manaus","potentialAction":[{"@type":"SearchAction","target":{"@type":"EntryPoint","urlTemplate":"https:\/\/www.manaus.am.gov.br\/immu\/?s={search_term_string}"},"query-input":"required name=search_term_string"}],"inLanguage":"pt-BR"}]}},"_links":{"self":[{"href":"https:\/\/www.manaus.am.gov.br\/immu\/wp-json\/wp\/v2\/pages\/777"}],"collection":[{"href":"https:\/\/www.manaus.am.gov.br\/immu\/wp-json\/wp\/v2\/pages"}],"about":[{"href":"https:\/\/www.manaus.am.gov.br\/immu\/wp-json\/wp\/v2\/types\/page"}],"author":[{"embeddable":true,"href":"https:\/\/www.manaus.am.gov.br\/immu\/wp-json\/wp\/v2\/users\/27"}],"replies":[{"embeddable":true,"href":"https:\/\/www.manaus.am.gov.br\/immu\/wp-json\/wp\/v2\/comments?post=777"}],"version-history":[{"count":1,"href":"https:\/\/www.manaus.am.gov.br\/immu\/wp-json\/wp\/v2\/pages\/777\/revisions"}],"predecessor-version":[{"id":778,"href":"https:\/\/www.manaus.am.gov.br\/immu\/wp-json\/wp\/v2\/pages\/777\/revisions\/778"}],"wp:attachment":[{"href":"https:\/\/www.manaus.am.gov.br\/immu\/wp-json\/wp\/v2\/media?parent=777"}],"curies":[{"name":"wp","href":"https:\/\/api.w.org\/{rel}","templated":true}]}}

Credencial para Instituição

<p>Para cadastro de Instituições de Ensino, no Sistema de Meia Passagem da Prefeitura:</p>



<p>1 &#8211; Escolas Particulares de Educação Básica e Educação Infantil:<br>CNPJ;<br>Alvará de funcionamento;<br>RG e CPF do responsável da empresa;<br>Resolução do Conselho de Educação competente autorizando o funcionamento dos cursos oferecidos;<br>Calendário Acadêmico;<br>Quantidade de dias na semana que o aluno frequenta a Instituição.</p>



<p>2 &#8211; Escolas de cursos Técnicos:<br>CNPJ;<br>Alvará de funcionamento;<br>RG e CPF do responsável da empresa;<br>Resolução do Conselho Estadual de Educação autorizando o funcionamento de cada curso oferecido pela Instituição;<br>Relação Nominal de todos os cursos oferecidos com as seguintes informações:<br>Duração de cada curso em meses<br>Quantidade de dias na semana que o aluno frequenta a Instituição.</p>



<p>3 &#8211; Escolas de cursos Livres e de Idiomas:<br>CNPJ;<br>Alvará de funcionamento;<br>RG e CPF do responsável da empresa;<br>Resolução do Conselho Estadual de Educação autorizando o funcionamento de cada curso oferecido pela Instituição;<br>Relação Nominal de todos os cursos oferecidos com as seguintes informações:<br>Duração de cada curso em meses<br>Quantidade de dias na semana que o aluno frequenta a Instituição.</p>



<p>4 &#8211; Universidade e Faculdade Particular:<br>Para cursos de Graduação:<br>CNPJ;<br>Alvará de funcionamento;<br>RG e CPF do responsável da empresa;<br>Resolução do Conselho de Educação competente autorizando o funcionamento dos cursos oferecidos;<br>Calendário Acadêmico;<br>Relação Nominal de todos os cursos oferecidos com a seguinte informação:<br>Quantidade de dias na semana que o aluno frequenta a Instituição.</p>



<p>5 &#8211; Para cursos de Pós Graduação:<br>CNPJ;<br>Alvará de funcionamento;<br>RG e CPF do responsável da empresa;<br>Relação Nominal de todos os cursos oferecidos com as seguintes informações:<br>Duração de cada curso em meses;<br>Quantidade de dias na semana que o aluno frequenta a Instituição.<br>Obs: Se a Instituição a ser cadastrada não certificar os diplomas apresentar contrato firmado com a Universidade que irá certificar.</p>



<p>Universidades e Institutos Públicos:<br>Para cursos de Graduação:<br>CNPJ;<br>RG e CPF do responsável da empresa;<br>Calendário Acadêmico;<br>Relação Nominal de todos os cursos oferecidos com a seguinte informação:<br>Quantidade de dias na semana que o aluno frequenta a Instituição.</p>



<p>Para cursos de Pós-Graduação:<br>CNPJ;<br>RG e CPF do responsável da empresa;<br>Calendário Acadêmico;<br>Relação Nominal de todos os cursos oferecidos com a seguinte informação:<br>Duração de cada curso em meses;<br>Quantidade de dias na semana que o aluno frequenta a Instituição.</p>



<p>6 &#8211; Para as Escolas Estaduais e Municipais:<br>CNPJ;<br>RG e CPF do responsável da empresa;<br>Calendário Acadêmico;<br>Relação Nominal de todos os cursos oferecidos com as seguintes informações:<br>Quantidade de dias na semana que o aluno frequenta a Instituição.</p>



<p> </p>



<h3 class="wp-block-heading">Informações Complementares</h3>



<ol type="1">
<li>Resgate de senha da Instituição de ensino: apresentar oficio dirigido a Gerência de Cadastro Estudantil solicitando 2ª via de senha que permite acesso ao Sistema de Meia Passagem da Prefeitura.</li>



<li>Informações pertinentes ao cadastro de estudante acessar o site: estudantes.manaus.am.gov.br.</li>



<li>Informações complementares, relacionadas ao cadastro de Instituição de Ensino, poderão ser encaminhas ao endereço eletrônico: cadastroestudantil.pmm@gmail.com</li>
</ol>

<!-- This site is optimized with the Yoast SEO plugin v23.0 - https://yoast.com/wordpress/plugins/seo/ -->
<title>Credencial para Instituição - IMMU</title>
<meta name="robots" content="noindex, follow" />
<meta property="og:locale" content="pt_BR" />
<meta property="og:type" content="article" />
<meta property="og:title" content="Credencial para Instituição - IMMU" />
<meta property="og:url" content="https://www.manaus.am.gov.br/immu/credencial-para-instituicao/" />
<meta property="og:site_name" content="IMMU" />
<meta name="twitter:card" content="summary_large_image" />
<meta name="twitter:label1" content="Est. reading time" />
	<meta name="twitter:data1" content="3 minutos" />
<script type="application/ld+json" class="yoast-schema-graph">{"@context":"https://schema.org","@graph":[{"@type":"WebPage","@id":"https://www.manaus.am.gov.br/immu/credencial-para-instituicao/","url":"https://www.manaus.am.gov.br/immu/credencial-para-instituicao/","name":"Credencial para Instituição - IMMU","isPartOf":{"@id":"https://www.manaus.am.gov.br/immu/#website"},"datePublished":"2023-07-06T11:51:21+00:00","dateModified":"2023-07-06T11:51:21+00:00","breadcrumb":{"@id":"https://www.manaus.am.gov.br/immu/credencial-para-instituicao/#breadcrumb"},"inLanguage":"pt-BR","potentialAction":[{"@type":"ReadAction","target":["https://www.manaus.am.gov.br/immu/credencial-para-instituicao/"]}]},{"@type":"BreadcrumbList","@id":"https://www.manaus.am.gov.br/immu/credencial-para-instituicao/#breadcrumb","itemListElement":[{"@type":"ListItem","position":1,"name":"Home","item":"https://www.manaus.am.gov.br/immu/"},{"@type":"ListItem","position":2,"name":"Credencial para Instituição"}]},{"@type":"WebSite","@id":"https://www.manaus.am.gov.br/immu/#website","url":"https://www.manaus.am.gov.br/immu/","name":"IMMU","description":"Prefeitura de Manaus","potentialAction":[{"@type":"SearchAction","target":{"@type":"EntryPoint","urlTemplate":"https://www.manaus.am.gov.br/immu/?s={search_term_string}"},"query-input":"required name=search_term_string"}],"inLanguage":"pt-BR"}]}</script>
<!-- / Yoast SEO plugin. -->

Credencial para Instituição - IMMU
