{"id":5088,"date":"2026-01-13T15:55:15","date_gmt":"2026-01-13T19:55:15","guid":{"rendered":"https:\/\/www.manaus.am.gov.br\/immu\/?page_id=5088"},"modified":"2026-03-24T13:36:22","modified_gmt":"2026-03-24T17:36:22","slug":"informacoes-sobre-a-tarifa","status":"publish","type":"page","link":"https:\/\/www.manaus.am.gov.br\/immu\/informacoes-sobre-a-tarifa\/","title":{"rendered":"Informa\u00e7\u00f5es Sobre a Tarifa"},"content":{"rendered":"\n<h3 class=\"wp-block-heading\"><a href=\"https:\/\/www.manaus.am.gov.br\/immu\/wp-content\/uploads\/sites\/14\/2026\/01\/NOTA-TECNICA-IMMU.pdf\">Nota T\u00e9cnica N\u00ba 001\/2025-DVTC\/GAB-PR\/IMMU<\/a><\/h3>\n\n\n\n<h3 class=\"wp-block-heading\"><a href=\"https:\/\/www.manaus.am.gov.br\/immu\/wp-content\/uploads\/sites\/14\/2026\/01\/ESTUDO-PARA-ATUALIZACAO-DA-TARIFA-PUBLICA-DO-TRANSPORTE-COLETIVO-URBANO.pdf\">ESTUDO PARA ATUALIZA\u00c7\u00c3O DA TARIFA P\u00daBLICA DO TRANSPORTE COLETIVO URBANO<\/a><\/h3>\n\n\n\n<h3 class=\"wp-block-heading\"><a href=\"https:\/\/www.manaus.am.gov.br\/immu\/wp-content\/uploads\/sites\/14\/2026\/01\/DECRETO-No-6075.pdf\">DECRETO N\u00ba 6075<\/a><\/h3>\n\n\n\n<h3 class=\"wp-block-heading\"><a href=\"https:\/\/www.manaus.am.gov.br\/immu\/wp-content\/uploads\/sites\/14\/2026\/01\/DECRETO-6.616.pdf\">DECRETO 6.616<\/a><\/h3>\n\n\n\n<h3 class=\"wp-block-heading\"><a href=\"https:\/\/www.manaus.am.gov.br\/immu\/wp-content\/uploads\/sites\/14\/2026\/03\/Idade-Media-da-Frota.pdf\">Idade m\u00e9dia da frota do sistema de transporte coletivo<\/a><\/h3>\n\n\n\n<h3 class=\"wp-block-heading\"><a href=\"https:\/\/www.manaus.am.gov.br\/immu\/wp-content\/uploads\/sites\/14\/2026\/03\/Metodologia-de-calculo-da-remuneracao-junho2025.pdf\">Metodologia de c\u00e1lculo da remunera\u00e7\u00e3o da Tarifa<\/a><\/h3>\n\n\n\n<h3 class=\"wp-block-heading\"><a href=\"https:\/\/www.manaus.am.gov.br\/immu\/wp-content\/uploads\/sites\/14\/2026\/03\/Total-de-Veiculos-com-Acessibildiade-e-Veiculos-Climatizados.pdf\">Informa\u00e7\u00f5es relativas aos ve\u00edculos climatizados com acessibilidade<\/a><\/h3>\n\n\n\n<h3 class=\"wp-block-heading\"><a href=\"https:\/\/www.manaus.am.gov.br\/immu\/wp-content\/uploads\/sites\/14\/2026\/03\/Valor-da-Tarifa-do-STU-Periodo-de-2018-A-2026.pdf\">Valor da Tarifa do STU-Per\u00edodo de 2018 A 2026<\/a><\/h3>\n\n\n\n<h3 class=\"wp-block-heading\"><a href=\"https:\/\/www.manaus.am.gov.br\/immu\/wp-content\/uploads\/sites\/14\/2026\/03\/Viagens-Realizadas-2025.pdf\">Viagens Realizadas 2025<\/a><\/h3>\n","protected":false},"excerpt":{"rendered":"","protected":false},"author":8,"featured_media":0,"parent":0,"menu_order":0,"comment_status":"closed","ping_status":"closed","template":"","meta":{"footnotes":""},"acf":[],"yoast_head":"<!-- This site is optimized with the Yoast SEO plugin v23.0 - https:\/\/yoast.com\/wordpress\/plugins\/seo\/ -->\n<title>Informa\u00e7\u00f5es Sobre a Tarifa - IMMU<\/title>\n<meta name=\"robots\" content=\"noindex, follow\" \/>\n<meta property=\"og:locale\" content=\"pt_BR\" \/>\n<meta property=\"og:type\" content=\"article\" \/>\n<meta property=\"og:title\" content=\"Informa\u00e7\u00f5es Sobre a Tarifa - IMMU\" \/>\n<meta property=\"og:url\" content=\"https:\/\/www.manaus.am.gov.br\/immu\/informacoes-sobre-a-tarifa\/\" \/>\n<meta property=\"og:site_name\" content=\"IMMU\" \/>\n<meta property=\"article:modified_time\" content=\"2026-03-24T17:36:22+00:00\" \/>\n<meta name=\"twitter:card\" content=\"summary_large_image\" \/>\n<meta name=\"twitter:label1\" content=\"Est. reading time\" \/>\n\t<meta name=\"twitter:data1\" content=\"1 minuto\" \/>\n<script type=\"application\/ld+json\" class=\"yoast-schema-graph\">{\"@context\":\"https:\/\/schema.org\",\"@graph\":[{\"@type\":\"WebPage\",\"@id\":\"https:\/\/www.manaus.am.gov.br\/immu\/informacoes-sobre-a-tarifa\/\",\"url\":\"https:\/\/www.manaus.am.gov.br\/immu\/informacoes-sobre-a-tarifa\/\",\"name\":\"Informa\u00e7\u00f5es Sobre a Tarifa - IMMU\",\"isPartOf\":{\"@id\":\"https:\/\/www.manaus.am.gov.br\/immu\/#website\"},\"datePublished\":\"2026-01-13T19:55:15+00:00\",\"dateModified\":\"2026-03-24T17:36:22+00:00\",\"breadcrumb\":{\"@id\":\"https:\/\/www.manaus.am.gov.br\/immu\/informacoes-sobre-a-tarifa\/#breadcrumb\"},\"inLanguage\":\"pt-BR\",\"potentialAction\":[{\"@type\":\"ReadAction\",\"target\":[\"https:\/\/www.manaus.am.gov.br\/immu\/informacoes-sobre-a-tarifa\/\"]}]},{\"@type\":\"BreadcrumbList\",\"@id\":\"https:\/\/www.manaus.am.gov.br\/immu\/informacoes-sobre-a-tarifa\/#breadcrumb\",\"itemListElement\":[{\"@type\":\"ListItem\",\"position\":1,\"name\":\"Home\",\"item\":\"https:\/\/www.manaus.am.gov.br\/immu\/\"},{\"@type\":\"ListItem\",\"position\":2,\"name\":\"Informa\u00e7\u00f5es Sobre a Tarifa\"}]},{\"@type\":\"WebSite\",\"@id\":\"https:\/\/www.manaus.am.gov.br\/immu\/#website\",\"url\":\"https:\/\/www.manaus.am.gov.br\/immu\/\",\"name\":\"IMMU\",\"description\":\"Prefeitura de Manaus\",\"potentialAction\":[{\"@type\":\"SearchAction\",\"target\":{\"@type\":\"EntryPoint\",\"urlTemplate\":\"https:\/\/www.manaus.am.gov.br\/immu\/?s={search_term_string}\"},\"query-input\":\"required name=search_term_string\"}],\"inLanguage\":\"pt-BR\"}]}<\/script>\n<!-- \/ Yoast SEO plugin. -->","yoast_head_json":{"title":"Informa\u00e7\u00f5es Sobre a Tarifa - IMMU","robots":{"index":"noindex","follow":"follow"},"og_locale":"pt_BR","og_type":"article","og_title":"Informa\u00e7\u00f5es Sobre a Tarifa - IMMU","og_url":"https:\/\/www.manaus.am.gov.br\/immu\/informacoes-sobre-a-tarifa\/","og_site_name":"IMMU","article_modified_time":"2026-03-24T17:36:22+00:00","twitter_card":"summary_large_image","twitter_misc":{"Est. reading time":"1 minuto"},"schema":{"@context":"https:\/\/schema.org","@graph":[{"@type":"WebPage","@id":"https:\/\/www.manaus.am.gov.br\/immu\/informacoes-sobre-a-tarifa\/","url":"https:\/\/www.manaus.am.gov.br\/immu\/informacoes-sobre-a-tarifa\/","name":"Informa\u00e7\u00f5es Sobre a Tarifa - IMMU","isPartOf":{"@id":"https:\/\/www.manaus.am.gov.br\/immu\/#website"},"datePublished":"2026-01-13T19:55:15+00:00","dateModified":"2026-03-24T17:36:22+00:00","breadcrumb":{"@id":"https:\/\/www.manaus.am.gov.br\/immu\/informacoes-sobre-a-tarifa\/#breadcrumb"},"inLanguage":"pt-BR","potentialAction":[{"@type":"ReadAction","target":["https:\/\/www.manaus.am.gov.br\/immu\/informacoes-sobre-a-tarifa\/"]}]},{"@type":"BreadcrumbList","@id":"https:\/\/www.manaus.am.gov.br\/immu\/informacoes-sobre-a-tarifa\/#breadcrumb","itemListElement":[{"@type":"ListItem","position":1,"name":"Home","item":"https:\/\/www.manaus.am.gov.br\/immu\/"},{"@type":"ListItem","position":2,"name":"Informa\u00e7\u00f5es Sobre a Tarifa"}]},{"@type":"WebSite","@id":"https:\/\/www.manaus.am.gov.br\/immu\/#website","url":"https:\/\/www.manaus.am.gov.br\/immu\/","name":"IMMU","description":"Prefeitura de Manaus","potentialAction":[{"@type":"SearchAction","target":{"@type":"EntryPoint","urlTemplate":"https:\/\/www.manaus.am.gov.br\/immu\/?s={search_term_string}"},"query-input":"required name=search_term_string"}],"inLanguage":"pt-BR"}]}},"_links":{"self":[{"href":"https:\/\/www.manaus.am.gov.br\/immu\/wp-json\/wp\/v2\/pages\/5088"}],"collection":[{"href":"https:\/\/www.manaus.am.gov.br\/immu\/wp-json\/wp\/v2\/pages"}],"about":[{"href":"https:\/\/www.manaus.am.gov.br\/immu\/wp-json\/wp\/v2\/types\/page"}],"author":[{"embeddable":true,"href":"https:\/\/www.manaus.am.gov.br\/immu\/wp-json\/wp\/v2\/users\/8"}],"replies":[{"embeddable":true,"href":"https:\/\/www.manaus.am.gov.br\/immu\/wp-json\/wp\/v2\/comments?post=5088"}],"version-history":[{"count":3,"href":"https:\/\/www.manaus.am.gov.br\/immu\/wp-json\/wp\/v2\/pages\/5088\/revisions"}],"predecessor-version":[{"id":5708,"href":"https:\/\/www.manaus.am.gov.br\/immu\/wp-json\/wp\/v2\/pages\/5088\/revisions\/5708"}],"wp:attachment":[{"href":"https:\/\/www.manaus.am.gov.br\/immu\/wp-json\/wp\/v2\/media?parent=5088"}],"curies":[{"name":"wp","href":"https:\/\/api.w.org\/{rel}","templated":true}]}}

Informações Sobre a Tarifa

<h3 class="wp-block-heading"><a href="https://www.manaus.am.gov.br/immu/wp-content/uploads/sites/14/2026/01/NOTA-TECNICA-IMMU.pdf">Nota Técnica Nº 001/2025-DVTC/GAB-PR/IMMU</a></h3>



<h3 class="wp-block-heading"><a href="https://www.manaus.am.gov.br/immu/wp-content/uploads/sites/14/2026/01/ESTUDO-PARA-ATUALIZACAO-DA-TARIFA-PUBLICA-DO-TRANSPORTE-COLETIVO-URBANO.pdf">ESTUDO PARA ATUALIZAÇÃO DA TARIFA PÚBLICA DO TRANSPORTE COLETIVO URBANO</a></h3>



<h3 class="wp-block-heading"><a href="https://www.manaus.am.gov.br/immu/wp-content/uploads/sites/14/2026/01/DECRETO-No-6075.pdf">DECRETO Nº 6075</a></h3>



<h3 class="wp-block-heading"><a href="https://www.manaus.am.gov.br/immu/wp-content/uploads/sites/14/2026/01/DECRETO-6.616.pdf">DECRETO 6.616</a></h3>



<h3 class="wp-block-heading"><a href="https://www.manaus.am.gov.br/immu/wp-content/uploads/sites/14/2026/03/Idade-Media-da-Frota.pdf">Idade média da frota do sistema de transporte coletivo</a></h3>



<h3 class="wp-block-heading"><a href="https://www.manaus.am.gov.br/immu/wp-content/uploads/sites/14/2026/03/Metodologia-de-calculo-da-remuneracao-junho2025.pdf">Metodologia de cálculo da remuneração da Tarifa</a></h3>



<h3 class="wp-block-heading"><a href="https://www.manaus.am.gov.br/immu/wp-content/uploads/sites/14/2026/03/Total-de-Veiculos-com-Acessibildiade-e-Veiculos-Climatizados.pdf">Informações relativas aos veículos climatizados com acessibilidade</a></h3>



<h3 class="wp-block-heading"><a href="https://www.manaus.am.gov.br/immu/wp-content/uploads/sites/14/2026/03/Valor-da-Tarifa-do-STU-Periodo-de-2018-A-2026.pdf">Valor da Tarifa do STU-Período de 2018 A 2026</a></h3>



<h3 class="wp-block-heading"><a href="https://www.manaus.am.gov.br/immu/wp-content/uploads/sites/14/2026/03/Viagens-Realizadas-2025.pdf">Viagens Realizadas 2025</a></h3>

<!-- This site is optimized with the Yoast SEO plugin v23.0 - https://yoast.com/wordpress/plugins/seo/ -->
<title>Informações Sobre a Tarifa - IMMU</title>
<meta name="robots" content="noindex, follow" />
<meta property="og:locale" content="pt_BR" />
<meta property="og:type" content="article" />
<meta property="og:title" content="Informações Sobre a Tarifa - IMMU" />
<meta property="og:url" content="https://www.manaus.am.gov.br/immu/informacoes-sobre-a-tarifa/" />
<meta property="og:site_name" content="IMMU" />
<meta property="article:modified_time" content="2026-03-24T17:36:22+00:00" />
<meta name="twitter:card" content="summary_large_image" />
<meta name="twitter:label1" content="Est. reading time" />
	<meta name="twitter:data1" content="1 minuto" />
<script type="application/ld+json" class="yoast-schema-graph">{"@context":"https://schema.org","@graph":[{"@type":"WebPage","@id":"https://www.manaus.am.gov.br/immu/informacoes-sobre-a-tarifa/","url":"https://www.manaus.am.gov.br/immu/informacoes-sobre-a-tarifa/","name":"Informações Sobre a Tarifa - IMMU","isPartOf":{"@id":"https://www.manaus.am.gov.br/immu/#website"},"datePublished":"2026-01-13T19:55:15+00:00","dateModified":"2026-03-24T17:36:22+00:00","breadcrumb":{"@id":"https://www.manaus.am.gov.br/immu/informacoes-sobre-a-tarifa/#breadcrumb"},"inLanguage":"pt-BR","potentialAction":[{"@type":"ReadAction","target":["https://www.manaus.am.gov.br/immu/informacoes-sobre-a-tarifa/"]}]},{"@type":"BreadcrumbList","@id":"https://www.manaus.am.gov.br/immu/informacoes-sobre-a-tarifa/#breadcrumb","itemListElement":[{"@type":"ListItem","position":1,"name":"Home","item":"https://www.manaus.am.gov.br/immu/"},{"@type":"ListItem","position":2,"name":"Informações Sobre a Tarifa"}]},{"@type":"WebSite","@id":"https://www.manaus.am.gov.br/immu/#website","url":"https://www.manaus.am.gov.br/immu/","name":"IMMU","description":"Prefeitura de Manaus","potentialAction":[{"@type":"SearchAction","target":{"@type":"EntryPoint","urlTemplate":"https://www.manaus.am.gov.br/immu/?s={search_term_string}"},"query-input":"required name=search_term_string"}],"inLanguage":"pt-BR"}]}</script>
<!-- / Yoast SEO plugin. -->

Informações Sobre a Tarifa - IMMU
