{"id":358,"date":"2023-04-11T11:04:10","date_gmt":"2023-04-11T15:04:10","guid":{"rendered":"https:\/\/www.manaus.am.gov.br\/immu\/?page_id=358"},"modified":"2026-01-06T12:27:12","modified_gmt":"2026-01-06T16:27:12","slug":"parqueamento","status":"publish","type":"page","link":"https:\/\/www.manaus.am.gov.br\/immu\/parqueamento\/","title":{"rendered":"Parqueamento"},"content":{"rendered":"\n<p>Para que seja efetuada a libera\u00e7\u00e3o do ve\u00edculo que se encontra no Parqueamento, o propriet\u00e1rio ou seu procurador legal ter\u00e1 que adotar os seguintes procedimentos:<\/p>\n\n\n\n<ol>\n<li>Dirigir-se diretamente ao Parqueamento (P\u00e1tio Vip &#8211; Rua Visconde de Sinimb\u00fa, 1498 &#8211; Flores) para verificar se o ve\u00edculo apreendido possui d\u00e9bitos com impostos, licenciamento e\/ou multas.<\/li>\n\n\n\n<li>Se possui d\u00e9bitos, o propriet\u00e1rio dever\u00e1 pag\u00e1-los em qualquer ag\u00eancia do Banco do Brasil ou ag\u00eancia dos Correios.<\/li>\n\n\n\n<li>Ap\u00f3s o pagamento das taxas, o propriet\u00e1rio do ve\u00edculo retorna ao P\u00e1tio Vip , apresenta os seguintes documentos, reproduzidos em duas c\u00f3pias:\n<ul>\n<li>Taxas pagas (inclusive despesas com o guincho e perman\u00eancia no parqueamento)<\/li>\n\n\n\n<li>Documento de Identidade ou CNH (Carteira Nacional de Habilita\u00e7\u00e3o);<\/li>\n\n\n\n<li>Certificado de Registro de Ve\u00edculo;<\/li>\n\n\n\n<li>Comprovante de resid\u00eancia;<\/li>\n\n\n\n<li>Procura\u00e7\u00e3o autenticada na qual especifique poderes ao outorgado, junto ao IMMU, quando for o caso de terceiro representar o propriet\u00e1rio.<\/li>\n\n\n\n<li>Ve\u00edculos que estejam em nome de pessoa jur\u00eddica, dever\u00e3o ser apresentados pelo interessado, juntamente com os documentos solicitados acima, a c\u00f3pia autenticada do contrato social da firma e Instrumento P\u00fablico de Procura\u00e7\u00e3o, assinada por pessoa constante do contrato social.<\/li>\n<\/ul>\n<\/li>\n\n\n\n<li>Ap\u00f3s a apresenta\u00e7\u00e3o dos documentos, a Ger\u00eancia de Atendimento expede o Termo de Libera\u00e7\u00e3o do Ve\u00edculo. Com essa autoriza\u00e7\u00e3o, o propriet\u00e1rio ou seu procurador, dever\u00e1 dirigir-se ao Parqueamento do IMMU \u2013 rua Visconde de Sinimb\u00fa, Flores, zona Centro-Sul \u2013 para retirar o ve\u00edculo.<\/li>\n\n\n\n<li>Hor\u00e1rio de funcionamento: IMMU Sede \u2013 De segunda a sexta, das 8 \u00e0s 14 horas.<br>P\u00e1tio Vip \u2013 De segunda a sexta, das 8 \u00e0s 16:30 horas. S\u00e1bado e Domingo n\u00e3o h\u00e1 expediente.<\/li>\n<\/ol>\n\n\n\n<p>ATEN\u00c7\u00c3O \u2013 Apesar de atendidas as exig\u00eancias previstas na legisla\u00e7\u00e3o, o propriet\u00e1rio ainda receber\u00e1, pelos Correios, a multa relativa \u00e0 infra\u00e7\u00e3o cometida.<\/p>\n\n\n\n<p>Ve\u00edculos sem d\u00e9bitos:<br>Para os casos de ve\u00edculos sem d\u00e9bitos ou multas, o propriet\u00e1rio dever\u00e1 apresentar ao MANAUSTRANS os documentos descritos no item 3 e segue a orienta\u00e7\u00e3o no item 4.<\/p>\n\n\n\n<h2 class=\"wp-block-heading\">Casos Especiais<\/h2>\n\n\n\n<ul>\n<li>Ve\u00edculo pertencente a locadoras: locat\u00e1rio deve apresentar o original do Contrato de Loca\u00e7\u00e3o, juntamente com o CNH e os documentos solicitados acima itens 2 e 3 das documenta\u00e7\u00f5es.<\/li>\n\n\n\n<li>Ve\u00edculos financiados que estejam em nome de institui\u00e7\u00e3o financeira: respons\u00e1vel pelo ve\u00edculo deve apresentar c\u00f3pia autenticada do Contrato de financiamento, juntamente com a CNH (Carteira Nacional de Habilita\u00e7\u00e3o) e os documentos solicitados acima itens 2 e 3 das documenta\u00e7\u00f5es.<\/li>\n<\/ul>\n\n\n\n<h2 class=\"wp-block-heading\">Valores<\/h2>\n\n\n\n<p>Guincho: R$ 90,00 (taxa \u00fanica)<\/p>\n\n\n\n<p><\/p>\n\n\n\n<figure class=\"wp-block-table\"><table><tbody><tr><td>Ve\u00edculo\/Ano<\/td><td>UFM<\/td><td>Valor da Taxa\/Perman\u00eancia<\/td><\/tr><tr><td>Motocicleta<\/td><td>0,20<\/td><td>R$ 30,56<\/td><\/tr><tr><td>\u00d4nibus e Caminh\u00e3o<\/td><td>0,81<\/td><td>R$ 123,75<\/td><\/tr><tr><td>Particular com vida \u00fatil de 0 a 3 anos<\/td><td>0,81<\/td><td>R$ 123,75<\/td><\/tr><tr><td>Particular com vida \u00fatil de 4 a 7 anos<\/td><td>0,40<\/td><td>R$ 61,11<\/td><\/tr><tr><td>Particular com vida \u00fatil acima de 7 anos<\/td><td>0,20<\/td><td>R$ 30,56<\/td><\/tr><\/tbody><\/table><\/figure>\n\n\n\n<p><\/p>\n","protected":false},"excerpt":{"rendered":"","protected":false},"author":27,"featured_media":0,"parent":0,"menu_order":0,"comment_status":"closed","ping_status":"closed","template":"templates\/prefeitura.php","meta":{"footnotes":""},"acf":[],"yoast_head":"<!-- This site is optimized with the Yoast SEO plugin v23.0 - https:\/\/yoast.com\/wordpress\/plugins\/seo\/ -->\n<title>Parqueamento - IMMU<\/title>\n<meta name=\"robots\" content=\"noindex, follow\" \/>\n<meta property=\"og:locale\" content=\"pt_BR\" \/>\n<meta property=\"og:type\" content=\"article\" \/>\n<meta property=\"og:title\" content=\"Parqueamento - IMMU\" \/>\n<meta property=\"og:url\" content=\"https:\/\/www.manaus.am.gov.br\/immu\/parqueamento\/\" \/>\n<meta property=\"og:site_name\" content=\"IMMU\" \/>\n<meta property=\"article:modified_time\" content=\"2026-01-06T16:27:12+00:00\" \/>\n<meta name=\"twitter:card\" content=\"summary_large_image\" \/>\n<meta name=\"twitter:label1\" content=\"Est. reading time\" \/>\n\t<meta name=\"twitter:data1\" content=\"3 minutos\" \/>\n<script type=\"application\/ld+json\" class=\"yoast-schema-graph\">{\"@context\":\"https:\/\/schema.org\",\"@graph\":[{\"@type\":\"WebPage\",\"@id\":\"https:\/\/www.manaus.am.gov.br\/immu\/parqueamento\/\",\"url\":\"https:\/\/www.manaus.am.gov.br\/immu\/parqueamento\/\",\"name\":\"Parqueamento - IMMU\",\"isPartOf\":{\"@id\":\"https:\/\/www.manaus.am.gov.br\/immu\/#website\"},\"datePublished\":\"2023-04-11T15:04:10+00:00\",\"dateModified\":\"2026-01-06T16:27:12+00:00\",\"breadcrumb\":{\"@id\":\"https:\/\/www.manaus.am.gov.br\/immu\/parqueamento\/#breadcrumb\"},\"inLanguage\":\"pt-BR\",\"potentialAction\":[{\"@type\":\"ReadAction\",\"target\":[\"https:\/\/www.manaus.am.gov.br\/immu\/parqueamento\/\"]}]},{\"@type\":\"BreadcrumbList\",\"@id\":\"https:\/\/www.manaus.am.gov.br\/immu\/parqueamento\/#breadcrumb\",\"itemListElement\":[{\"@type\":\"ListItem\",\"position\":1,\"name\":\"Home\",\"item\":\"https:\/\/www.manaus.am.gov.br\/immu\/\"},{\"@type\":\"ListItem\",\"position\":2,\"name\":\"Parqueamento\"}]},{\"@type\":\"WebSite\",\"@id\":\"https:\/\/www.manaus.am.gov.br\/immu\/#website\",\"url\":\"https:\/\/www.manaus.am.gov.br\/immu\/\",\"name\":\"IMMU\",\"description\":\"Prefeitura de Manaus\",\"potentialAction\":[{\"@type\":\"SearchAction\",\"target\":{\"@type\":\"EntryPoint\",\"urlTemplate\":\"https:\/\/www.manaus.am.gov.br\/immu\/?s={search_term_string}\"},\"query-input\":\"required name=search_term_string\"}],\"inLanguage\":\"pt-BR\"}]}<\/script>\n<!-- \/ Yoast SEO plugin. -->","yoast_head_json":{"title":"Parqueamento - IMMU","robots":{"index":"noindex","follow":"follow"},"og_locale":"pt_BR","og_type":"article","og_title":"Parqueamento - IMMU","og_url":"https:\/\/www.manaus.am.gov.br\/immu\/parqueamento\/","og_site_name":"IMMU","article_modified_time":"2026-01-06T16:27:12+00:00","twitter_card":"summary_large_image","twitter_misc":{"Est. reading time":"3 minutos"},"schema":{"@context":"https:\/\/schema.org","@graph":[{"@type":"WebPage","@id":"https:\/\/www.manaus.am.gov.br\/immu\/parqueamento\/","url":"https:\/\/www.manaus.am.gov.br\/immu\/parqueamento\/","name":"Parqueamento - IMMU","isPartOf":{"@id":"https:\/\/www.manaus.am.gov.br\/immu\/#website"},"datePublished":"2023-04-11T15:04:10+00:00","dateModified":"2026-01-06T16:27:12+00:00","breadcrumb":{"@id":"https:\/\/www.manaus.am.gov.br\/immu\/parqueamento\/#breadcrumb"},"inLanguage":"pt-BR","potentialAction":[{"@type":"ReadAction","target":["https:\/\/www.manaus.am.gov.br\/immu\/parqueamento\/"]}]},{"@type":"BreadcrumbList","@id":"https:\/\/www.manaus.am.gov.br\/immu\/parqueamento\/#breadcrumb","itemListElement":[{"@type":"ListItem","position":1,"name":"Home","item":"https:\/\/www.manaus.am.gov.br\/immu\/"},{"@type":"ListItem","position":2,"name":"Parqueamento"}]},{"@type":"WebSite","@id":"https:\/\/www.manaus.am.gov.br\/immu\/#website","url":"https:\/\/www.manaus.am.gov.br\/immu\/","name":"IMMU","description":"Prefeitura de Manaus","potentialAction":[{"@type":"SearchAction","target":{"@type":"EntryPoint","urlTemplate":"https:\/\/www.manaus.am.gov.br\/immu\/?s={search_term_string}"},"query-input":"required name=search_term_string"}],"inLanguage":"pt-BR"}]}},"_links":{"self":[{"href":"https:\/\/www.manaus.am.gov.br\/immu\/wp-json\/wp\/v2\/pages\/358"}],"collection":[{"href":"https:\/\/www.manaus.am.gov.br\/immu\/wp-json\/wp\/v2\/pages"}],"about":[{"href":"https:\/\/www.manaus.am.gov.br\/immu\/wp-json\/wp\/v2\/types\/page"}],"author":[{"embeddable":true,"href":"https:\/\/www.manaus.am.gov.br\/immu\/wp-json\/wp\/v2\/users\/27"}],"replies":[{"embeddable":true,"href":"https:\/\/www.manaus.am.gov.br\/immu\/wp-json\/wp\/v2\/comments?post=358"}],"version-history":[{"count":5,"href":"https:\/\/www.manaus.am.gov.br\/immu\/wp-json\/wp\/v2\/pages\/358\/revisions"}],"predecessor-version":[{"id":5016,"href":"https:\/\/www.manaus.am.gov.br\/immu\/wp-json\/wp\/v2\/pages\/358\/revisions\/5016"}],"wp:attachment":[{"href":"https:\/\/www.manaus.am.gov.br\/immu\/wp-json\/wp\/v2\/media?parent=358"}],"curies":[{"name":"wp","href":"https:\/\/api.w.org\/{rel}","templated":true}]}}

<p>Para que seja efetuada a liberação do veículo que se encontra no Parqueamento, o proprietário ou seu procurador legal terá que adotar os seguintes procedimentos:</p>



<ol>
<li>Dirigir-se diretamente ao Parqueamento (Pátio Vip &#8211; Rua Visconde de Sinimbú, 1498 &#8211; Flores) para verificar se o veículo apreendido possui débitos com impostos, licenciamento e/ou multas.</li>



<li>Se possui débitos, o proprietário deverá pagá-los em qualquer agência do Banco do Brasil ou agência dos Correios.</li>



<li>Após o pagamento das taxas, o proprietário do veículo retorna ao Pátio Vip , apresenta os seguintes documentos, reproduzidos em duas cópias:
<ul>
<li>Taxas pagas (inclusive despesas com o guincho e permanência no parqueamento)</li>



<li>Documento de Identidade ou CNH (Carteira Nacional de Habilitação);</li>



<li>Certificado de Registro de Veículo;</li>



<li>Comprovante de residência;</li>



<li>Procuração autenticada na qual especifique poderes ao outorgado, junto ao IMMU, quando for o caso de terceiro representar o proprietário.</li>



<li>Veículos que estejam em nome de pessoa jurídica, deverão ser apresentados pelo interessado, juntamente com os documentos solicitados acima, a cópia autenticada do contrato social da firma e Instrumento Público de Procuração, assinada por pessoa constante do contrato social.</li>
</ul>
</li>



<li>Após a apresentação dos documentos, a Gerência de Atendimento expede o Termo de Liberação do Veículo. Com essa autorização, o proprietário ou seu procurador, deverá dirigir-se ao Parqueamento do IMMU – rua Visconde de Sinimbú, Flores, zona Centro-Sul – para retirar o veículo.</li>



<li>Horário de funcionamento: IMMU Sede – De segunda a sexta, das 8 às 14 horas.<br>Pátio Vip – De segunda a sexta, das 8 às 16:30 horas. Sábado e Domingo não há expediente.</li>
</ol>



<p>ATENÇÃO – Apesar de atendidas as exigências previstas na legislação, o proprietário ainda receberá, pelos Correios, a multa relativa à infração cometida.</p>



<p>Veículos sem débitos:<br>Para os casos de veículos sem débitos ou multas, o proprietário deverá apresentar ao MANAUSTRANS os documentos descritos no item 3 e segue a orientação no item 4.</p>



<h2 class="wp-block-heading">Casos Especiais</h2>



<ul>
<li>Veículo pertencente a locadoras: locatário deve apresentar o original do Contrato de Locação, juntamente com o CNH e os documentos solicitados acima itens 2 e 3 das documentações.</li>



<li>Veículos financiados que estejam em nome de instituição financeira: responsável pelo veículo deve apresentar cópia autenticada do Contrato de financiamento, juntamente com a CNH (Carteira Nacional de Habilitação) e os documentos solicitados acima itens 2 e 3 das documentações.</li>
</ul>



<h2 class="wp-block-heading">Valores</h2>



<p>Guincho: R$ 90,00 (taxa única)</p>



<p></p>



<figure class="wp-block-table"><table><tbody><tr><td>Veículo/Ano</td><td>UFM</td><td>Valor da Taxa/Permanência</td></tr><tr><td>Motocicleta</td><td>0,20</td><td>R$ 30,56</td></tr><tr><td>Ônibus e Caminhão</td><td>0,81</td><td>R$ 123,75</td></tr><tr><td>Particular com vida útil de 0 a 3 anos</td><td>0,81</td><td>R$ 123,75</td></tr><tr><td>Particular com vida útil de 4 a 7 anos</td><td>0,40</td><td>R$ 61,11</td></tr><tr><td>Particular com vida útil acima de 7 anos</td><td>0,20</td><td>R$ 30,56</td></tr></tbody></table></figure>



<p></p>
