{"id":355,"date":"2023-04-11T10:59:25","date_gmt":"2023-04-11T14:59:25","guid":{"rendered":"https:\/\/www.manaus.am.gov.br\/immu\/?page_id=355"},"modified":"2023-04-11T11:21:12","modified_gmt":"2023-04-11T15:21:12","slug":"plano-de-metas","status":"publish","type":"page","link":"https:\/\/www.manaus.am.gov.br\/immu\/transito\/plano-de-metas\/","title":{"rendered":"Plano de Metas"},"content":{"rendered":"\n<h2 class=\"wp-block-heading\">Mobilidade Urbana &#8211; 2020\/2021<\/h2>\n\n\n\n<h3 class=\"wp-block-heading\">A\u00e7\u00f5es Executadas \u2013 Tr\u00e2nsito<\/h3>\n\n\n\n<p>Conserva\u00e7\u00e3o do sistema vi\u00e1rio para a melhoria do tr\u00e2nsito;<br>Educa\u00e7\u00e3o para mobilidade urbana;<br>Gest\u00e3o operacional do tr\u00e2nsito;<br>Implanta\u00e7\u00e3o e\/ou revitaliza\u00e7\u00e3o de ciclorrotas \/ ciclofaixas;<br>Sinaliza\u00e7\u00e3o horizontal;<br>Sinaliza\u00e7\u00e3o semaf\u00f3rica.<\/p>\n\n\n\n<h3 class=\"wp-block-heading\">Principais programas e a\u00e7\u00f5es projetados<\/h3>\n\n\n\n<p>Revisar plano de mobilidade;<br>Implantar faixas preferenciais nos principais corredores de tr\u00e1fego;<br>Requalificar os pontos de parada e padronizar plataformas;<br>Instalar sistema de informa\u00e7\u00e3o virtual e sonora nas esta\u00e7\u00f5es e terminais de integra\u00e7\u00e3o;<br>Promover a integra\u00e7\u00e3o do transporte urbano com a zona rural;<br>Dispositivos auxiliares de sinaliza\u00e7\u00e3o:<br>Dispositivos delimitadores (tachas, balizadores e delineador) \u2013 26.600 unidades.<br>Prote\u00e7\u00e3o cont\u00ednua (defensa) \u2013 4.000 m.<br>Prote\u00e7\u00e3o cont\u00ednua (amortecedor de impacto) \u2013 24 unidades.<br>Implanta\u00e7\u00e3o de fiscaliza\u00e7\u00e3o eletr\u00f4nica;<br>Implanta\u00e7\u00e3o de sistema de sem\u00e1foros inteligentes.<\/p>\n","protected":false},"excerpt":{"rendered":"","protected":false},"author":27,"featured_media":0,"parent":349,"menu_order":3,"comment_status":"closed","ping_status":"closed","template":"templates\/turismo.php","meta":{"footnotes":""},"acf":[],"yoast_head":"<!-- This site is optimized with the Yoast SEO plugin v23.0 - https:\/\/yoast.com\/wordpress\/plugins\/seo\/ -->\n<title>Plano de Metas - IMMU<\/title>\n<meta name=\"robots\" content=\"noindex, follow\" \/>\n<meta property=\"og:locale\" content=\"pt_BR\" \/>\n<meta property=\"og:type\" content=\"article\" \/>\n<meta property=\"og:title\" content=\"Plano de Metas - IMMU\" \/>\n<meta property=\"og:url\" content=\"https:\/\/www.manaus.am.gov.br\/immu\/transito\/plano-de-metas\/\" \/>\n<meta property=\"og:site_name\" content=\"IMMU\" \/>\n<meta property=\"article:modified_time\" content=\"2023-04-11T15:21:12+00:00\" \/>\n<meta name=\"twitter:card\" content=\"summary_large_image\" \/>\n<meta name=\"twitter:label1\" content=\"Est. reading time\" \/>\n\t<meta name=\"twitter:data1\" content=\"1 minuto\" \/>\n<script type=\"application\/ld+json\" class=\"yoast-schema-graph\">{\"@context\":\"https:\/\/schema.org\",\"@graph\":[{\"@type\":\"WebPage\",\"@id\":\"https:\/\/www.manaus.am.gov.br\/immu\/transito\/plano-de-metas\/\",\"url\":\"https:\/\/www.manaus.am.gov.br\/immu\/transito\/plano-de-metas\/\",\"name\":\"Plano de Metas - IMMU\",\"isPartOf\":{\"@id\":\"https:\/\/www.manaus.am.gov.br\/immu\/#website\"},\"datePublished\":\"2023-04-11T14:59:25+00:00\",\"dateModified\":\"2023-04-11T15:21:12+00:00\",\"breadcrumb\":{\"@id\":\"https:\/\/www.manaus.am.gov.br\/immu\/transito\/plano-de-metas\/#breadcrumb\"},\"inLanguage\":\"pt-BR\",\"potentialAction\":[{\"@type\":\"ReadAction\",\"target\":[\"https:\/\/www.manaus.am.gov.br\/immu\/transito\/plano-de-metas\/\"]}]},{\"@type\":\"BreadcrumbList\",\"@id\":\"https:\/\/www.manaus.am.gov.br\/immu\/transito\/plano-de-metas\/#breadcrumb\",\"itemListElement\":[{\"@type\":\"ListItem\",\"position\":1,\"name\":\"Home\",\"item\":\"https:\/\/www.manaus.am.gov.br\/immu\/\"},{\"@type\":\"ListItem\",\"position\":2,\"name\":\"Tr\u00e2nsito\",\"item\":\"https:\/\/www.manaus.am.gov.br\/immu\/transito\/\"},{\"@type\":\"ListItem\",\"position\":3,\"name\":\"Plano de Metas\"}]},{\"@type\":\"WebSite\",\"@id\":\"https:\/\/www.manaus.am.gov.br\/immu\/#website\",\"url\":\"https:\/\/www.manaus.am.gov.br\/immu\/\",\"name\":\"IMMU\",\"description\":\"Prefeitura de Manaus\",\"potentialAction\":[{\"@type\":\"SearchAction\",\"target\":{\"@type\":\"EntryPoint\",\"urlTemplate\":\"https:\/\/www.manaus.am.gov.br\/immu\/?s={search_term_string}\"},\"query-input\":\"required name=search_term_string\"}],\"inLanguage\":\"pt-BR\"}]}<\/script>\n<!-- \/ Yoast SEO plugin. -->","yoast_head_json":{"title":"Plano de Metas - IMMU","robots":{"index":"noindex","follow":"follow"},"og_locale":"pt_BR","og_type":"article","og_title":"Plano de Metas - IMMU","og_url":"https:\/\/www.manaus.am.gov.br\/immu\/transito\/plano-de-metas\/","og_site_name":"IMMU","article_modified_time":"2023-04-11T15:21:12+00:00","twitter_card":"summary_large_image","twitter_misc":{"Est. reading time":"1 minuto"},"schema":{"@context":"https:\/\/schema.org","@graph":[{"@type":"WebPage","@id":"https:\/\/www.manaus.am.gov.br\/immu\/transito\/plano-de-metas\/","url":"https:\/\/www.manaus.am.gov.br\/immu\/transito\/plano-de-metas\/","name":"Plano de Metas - IMMU","isPartOf":{"@id":"https:\/\/www.manaus.am.gov.br\/immu\/#website"},"datePublished":"2023-04-11T14:59:25+00:00","dateModified":"2023-04-11T15:21:12+00:00","breadcrumb":{"@id":"https:\/\/www.manaus.am.gov.br\/immu\/transito\/plano-de-metas\/#breadcrumb"},"inLanguage":"pt-BR","potentialAction":[{"@type":"ReadAction","target":["https:\/\/www.manaus.am.gov.br\/immu\/transito\/plano-de-metas\/"]}]},{"@type":"BreadcrumbList","@id":"https:\/\/www.manaus.am.gov.br\/immu\/transito\/plano-de-metas\/#breadcrumb","itemListElement":[{"@type":"ListItem","position":1,"name":"Home","item":"https:\/\/www.manaus.am.gov.br\/immu\/"},{"@type":"ListItem","position":2,"name":"Tr\u00e2nsito","item":"https:\/\/www.manaus.am.gov.br\/immu\/transito\/"},{"@type":"ListItem","position":3,"name":"Plano de Metas"}]},{"@type":"WebSite","@id":"https:\/\/www.manaus.am.gov.br\/immu\/#website","url":"https:\/\/www.manaus.am.gov.br\/immu\/","name":"IMMU","description":"Prefeitura de Manaus","potentialAction":[{"@type":"SearchAction","target":{"@type":"EntryPoint","urlTemplate":"https:\/\/www.manaus.am.gov.br\/immu\/?s={search_term_string}"},"query-input":"required name=search_term_string"}],"inLanguage":"pt-BR"}]}},"_links":{"self":[{"href":"https:\/\/www.manaus.am.gov.br\/immu\/wp-json\/wp\/v2\/pages\/355"}],"collection":[{"href":"https:\/\/www.manaus.am.gov.br\/immu\/wp-json\/wp\/v2\/pages"}],"about":[{"href":"https:\/\/www.manaus.am.gov.br\/immu\/wp-json\/wp\/v2\/types\/page"}],"author":[{"embeddable":true,"href":"https:\/\/www.manaus.am.gov.br\/immu\/wp-json\/wp\/v2\/users\/27"}],"replies":[{"embeddable":true,"href":"https:\/\/www.manaus.am.gov.br\/immu\/wp-json\/wp\/v2\/comments?post=355"}],"version-history":[{"count":5,"href":"https:\/\/www.manaus.am.gov.br\/immu\/wp-json\/wp\/v2\/pages\/355\/revisions"}],"predecessor-version":[{"id":380,"href":"https:\/\/www.manaus.am.gov.br\/immu\/wp-json\/wp\/v2\/pages\/355\/revisions\/380"}],"up":[{"embeddable":true,"href":"https:\/\/www.manaus.am.gov.br\/immu\/wp-json\/wp\/v2\/pages\/349"}],"wp:attachment":[{"href":"https:\/\/www.manaus.am.gov.br\/immu\/wp-json\/wp\/v2\/media?parent=355"}],"curies":[{"name":"wp","href":"https:\/\/api.w.org\/{rel}","templated":true}]}}