{"id":627,"date":"2023-08-30T14:43:03","date_gmt":"2023-08-30T18:43:03","guid":{"rendered":"https:\/\/www.manaus.am.gov.br\/fms\/?page_id=627"},"modified":"2024-07-08T11:28:09","modified_gmt":"2024-07-08T15:28:09","slug":"edital-2023","status":"publish","type":"page","link":"https:\/\/www.manaus.am.gov.br\/fms\/editais\/edital-2023\/","title":{"rendered":"Edital 2023"},"content":{"rendered":"\n<h2 class=\"wp-block-heading\"><a href=\"https:\/\/www.manaus.am.gov.br\/fms\/wp-content\/uploads\/sites\/16\/2023\/11\/HOMOLOGACAO-DO-RESULTADO-FASE-DE-CELEBRACAO-CONSELHO-CONSULTIVO.pdf\" target=\"_blank\" rel=\"noreferrer noopener\">Homologa\u00e7\u00e3o do Resultado Fase de Celebra\u00e7\u00e3o &#8211; Conselho Consultivo<\/a><\/h2>\n\n\n\n<h2 class=\"wp-block-heading\"><a href=\"https:\/\/www.manaus.am.gov.br\/fms\/wp-content\/uploads\/sites\/16\/2023\/10\/RESULTADO-PRELIMINAR-DA-FASE-DE-SELECAO-DAS-PROPOSTAS-1.pdf\" target=\"_blank\" rel=\"noreferrer noopener\">Resultado Preliminar da Fase de Sele\u00e7\u00e3o das Propostas<\/a><\/h2>\n\n\n\n<h2 class=\"wp-block-heading\"><a href=\"https:\/\/www.manaus.am.gov.br\/fms\/wp-content\/uploads\/sites\/16\/2023\/08\/Edital-01-23-29.08.23-OK-assinado-1.pdf\" target=\"_blank\" rel=\"noreferrer noopener\">Edital de Chamamento P\u00fablico N\u00ba 001\/2023 FMS<\/a><\/h2>\n\n\n\n<h2 class=\"wp-block-heading\"><a href=\"https:\/\/www.manaus.am.gov.br\/fms\/wp-content\/uploads\/sites\/16\/2023\/12\/RESULTADO-DEFINITIVO-DO-EDITAL-DE-CHAMAMENTO-001.2023-FMS.pdf\" target=\"_blank\" rel=\"noreferrer noopener\">Resultado Definitivo do Edital de Chamamento 001\/2023 FMS<\/a><\/h2>\n\n\n\n<p><\/p>\n\n\n\n<h2 class=\"wp-block-heading\">Anexos do Edital N\u00ba 001\/2023 FMS<\/h2>\n\n\n\n<h2 class=\"wp-block-heading\"><a href=\"https:\/\/www.manaus.am.gov.br\/fms\/wp-content\/uploads\/sites\/16\/2023\/08\/ANEXOS-EDITAL-2023-OK.doc\" target=\"_blank\" rel=\"noreferrer noopener\">Anexos I &#8211; VIII<\/a><\/h2>\n\n\n\n<h2 class=\"wp-block-heading\"><a href=\"https:\/\/www.manaus.am.gov.br\/fms\/wp-content\/uploads\/sites\/16\/2023\/03\/manualdecadastrosiged.pdf\" target=\"_blank\" rel=\"noreferrer noopener\">Anexo IX<\/a><\/h2>\n\n\n\n<p><\/p>\n\n\n\n<h2 class=\"wp-block-heading\"><a href=\"https:\/\/www.manaus.am.gov.br\/fms\/wp-content\/uploads\/sites\/16\/2023\/08\/Tutorial-Siged-FMS.mov\" target=\"_blank\" rel=\"noreferrer noopener\">Tutorial SIGED<\/a><\/h2>\n\n\n\n<p><\/p>\n\n\n\n<h2 class=\"wp-block-heading\"><a href=\"https:\/\/www.manaus.am.gov.br\/fms\/wp-content\/uploads\/sites\/16\/2023\/11\/HOMOLOGAC\u0327A\u0303O-RESULTADO-DEFINITIVO-FASE-DE-SELEC\u0327A\u0303O-EDITAL-001-2023-FMS.pdf\" target=\"_blank\" rel=\"noreferrer noopener\">Homologa\u00e7\u00e3o da An\u00e1lise dos Recursos Interpostos<\/a><\/h2>\n\n\n\n<p><\/p>\n\n\n\n<h2 class=\"wp-block-heading\"><a href=\"https:\/\/www.manaus.am.gov.br\/fms\/wp-content\/uploads\/sites\/16\/2023\/11\/RESULTADO-DEFINITIVO-DA-FASE-DE-SELEC\u0327A\u0303O-DAS-PROPOSTAS.pdf\" target=\"_blank\" rel=\"noreferrer noopener\">Resultado Definitivo da Fase de Sele\u00e7\u00e3o das Propostas<\/a><\/h2>\n\n\n\n<p><\/p>\n\n\n\n<p><br><br><br><\/p>\n","protected":false},"excerpt":{"rendered":"","protected":false},"author":8,"featured_media":0,"parent":365,"menu_order":0,"comment_status":"closed","ping_status":"closed","template":"templates\/turismo.php","meta":{"footnotes":""},"acf":[],"yoast_head":"<!-- This site is optimized with the Yoast SEO plugin v23.0 - https:\/\/yoast.com\/wordpress\/plugins\/seo\/ -->\n<title>Edital 2023 - Fundo Manaus Solid\u00e1ria<\/title>\n<meta name=\"robots\" content=\"noindex, follow\" \/>\n<meta property=\"og:locale\" content=\"pt_BR\" \/>\n<meta property=\"og:type\" content=\"article\" \/>\n<meta property=\"og:title\" content=\"Edital 2023 - Fundo Manaus Solid\u00e1ria\" \/>\n<meta property=\"og:url\" content=\"https:\/\/www.manaus.am.gov.br\/fms\/editais\/edital-2023\/\" \/>\n<meta property=\"og:site_name\" content=\"Fundo Manaus Solid\u00e1ria\" \/>\n<meta property=\"article:modified_time\" content=\"2024-07-08T15:28:09+00:00\" \/>\n<meta name=\"twitter:card\" content=\"summary_large_image\" \/>\n<script type=\"application\/ld+json\" class=\"yoast-schema-graph\">{\"@context\":\"https:\/\/schema.org\",\"@graph\":[{\"@type\":\"WebPage\",\"@id\":\"https:\/\/www.manaus.am.gov.br\/fms\/editais\/edital-2023\/\",\"url\":\"https:\/\/www.manaus.am.gov.br\/fms\/editais\/edital-2023\/\",\"name\":\"Edital 2023 - Fundo Manaus Solid\u00e1ria\",\"isPartOf\":{\"@id\":\"https:\/\/www.manaus.am.gov.br\/fms\/#website\"},\"datePublished\":\"2023-08-30T18:43:03+00:00\",\"dateModified\":\"2024-07-08T15:28:09+00:00\",\"breadcrumb\":{\"@id\":\"https:\/\/www.manaus.am.gov.br\/fms\/editais\/edital-2023\/#breadcrumb\"},\"inLanguage\":\"pt-BR\",\"potentialAction\":[{\"@type\":\"ReadAction\",\"target\":[\"https:\/\/www.manaus.am.gov.br\/fms\/editais\/edital-2023\/\"]}]},{\"@type\":\"BreadcrumbList\",\"@id\":\"https:\/\/www.manaus.am.gov.br\/fms\/editais\/edital-2023\/#breadcrumb\",\"itemListElement\":[{\"@type\":\"ListItem\",\"position\":1,\"name\":\"Home\",\"item\":\"https:\/\/www.manaus.am.gov.br\/fms\/\"},{\"@type\":\"ListItem\",\"position\":2,\"name\":\"Editais\",\"item\":\"https:\/\/www.manaus.am.gov.br\/fms\/editais\/\"},{\"@type\":\"ListItem\",\"position\":3,\"name\":\"Edital 2023\"}]},{\"@type\":\"WebSite\",\"@id\":\"https:\/\/www.manaus.am.gov.br\/fms\/#website\",\"url\":\"https:\/\/www.manaus.am.gov.br\/fms\/\",\"name\":\"Fundo Manaus Solid\u00e1ria\",\"description\":\"Prefeitura de Manaus\",\"potentialAction\":[{\"@type\":\"SearchAction\",\"target\":{\"@type\":\"EntryPoint\",\"urlTemplate\":\"https:\/\/www.manaus.am.gov.br\/fms\/?s={search_term_string}\"},\"query-input\":\"required name=search_term_string\"}],\"inLanguage\":\"pt-BR\"}]}<\/script>\n<!-- \/ Yoast SEO plugin. -->","yoast_head_json":{"title":"Edital 2023 - Fundo Manaus Solid\u00e1ria","robots":{"index":"noindex","follow":"follow"},"og_locale":"pt_BR","og_type":"article","og_title":"Edital 2023 - Fundo Manaus Solid\u00e1ria","og_url":"https:\/\/www.manaus.am.gov.br\/fms\/editais\/edital-2023\/","og_site_name":"Fundo Manaus Solid\u00e1ria","article_modified_time":"2024-07-08T15:28:09+00:00","twitter_card":"summary_large_image","schema":{"@context":"https:\/\/schema.org","@graph":[{"@type":"WebPage","@id":"https:\/\/www.manaus.am.gov.br\/fms\/editais\/edital-2023\/","url":"https:\/\/www.manaus.am.gov.br\/fms\/editais\/edital-2023\/","name":"Edital 2023 - Fundo Manaus Solid\u00e1ria","isPartOf":{"@id":"https:\/\/www.manaus.am.gov.br\/fms\/#website"},"datePublished":"2023-08-30T18:43:03+00:00","dateModified":"2024-07-08T15:28:09+00:00","breadcrumb":{"@id":"https:\/\/www.manaus.am.gov.br\/fms\/editais\/edital-2023\/#breadcrumb"},"inLanguage":"pt-BR","potentialAction":[{"@type":"ReadAction","target":["https:\/\/www.manaus.am.gov.br\/fms\/editais\/edital-2023\/"]}]},{"@type":"BreadcrumbList","@id":"https:\/\/www.manaus.am.gov.br\/fms\/editais\/edital-2023\/#breadcrumb","itemListElement":[{"@type":"ListItem","position":1,"name":"Home","item":"https:\/\/www.manaus.am.gov.br\/fms\/"},{"@type":"ListItem","position":2,"name":"Editais","item":"https:\/\/www.manaus.am.gov.br\/fms\/editais\/"},{"@type":"ListItem","position":3,"name":"Edital 2023"}]},{"@type":"WebSite","@id":"https:\/\/www.manaus.am.gov.br\/fms\/#website","url":"https:\/\/www.manaus.am.gov.br\/fms\/","name":"Fundo Manaus Solid\u00e1ria","description":"Prefeitura de Manaus","potentialAction":[{"@type":"SearchAction","target":{"@type":"EntryPoint","urlTemplate":"https:\/\/www.manaus.am.gov.br\/fms\/?s={search_term_string}"},"query-input":"required name=search_term_string"}],"inLanguage":"pt-BR"}]}},"_links":{"self":[{"href":"https:\/\/www.manaus.am.gov.br\/fms\/wp-json\/wp\/v2\/pages\/627"}],"collection":[{"href":"https:\/\/www.manaus.am.gov.br\/fms\/wp-json\/wp\/v2\/pages"}],"about":[{"href":"https:\/\/www.manaus.am.gov.br\/fms\/wp-json\/wp\/v2\/types\/page"}],"author":[{"embeddable":true,"href":"https:\/\/www.manaus.am.gov.br\/fms\/wp-json\/wp\/v2\/users\/8"}],"replies":[{"embeddable":true,"href":"https:\/\/www.manaus.am.gov.br\/fms\/wp-json\/wp\/v2\/comments?post=627"}],"version-history":[{"count":16,"href":"https:\/\/www.manaus.am.gov.br\/fms\/wp-json\/wp\/v2\/pages\/627\/revisions"}],"predecessor-version":[{"id":864,"href":"https:\/\/www.manaus.am.gov.br\/fms\/wp-json\/wp\/v2\/pages\/627\/revisions\/864"}],"up":[{"embeddable":true,"href":"https:\/\/www.manaus.am.gov.br\/fms\/wp-json\/wp\/v2\/pages\/365"}],"wp:attachment":[{"href":"https:\/\/www.manaus.am.gov.br\/fms\/wp-json\/wp\/v2\/media?parent=627"}],"curies":[{"name":"wp","href":"https:\/\/api.w.org\/{rel}","templated":true}]}}

<h2 class="wp-block-heading"><a href="https://www.manaus.am.gov.br/fms/wp-content/uploads/sites/16/2023/11/HOMOLOGACAO-DO-RESULTADO-FASE-DE-CELEBRACAO-CONSELHO-CONSULTIVO.pdf" target="_blank" rel="noreferrer noopener">Homologação do Resultado Fase de Celebração &#8211; Conselho Consultivo</a></h2>



<h2 class="wp-block-heading"><a href="https://www.manaus.am.gov.br/fms/wp-content/uploads/sites/16/2023/10/RESULTADO-PRELIMINAR-DA-FASE-DE-SELECAO-DAS-PROPOSTAS-1.pdf" target="_blank" rel="noreferrer noopener">Resultado Preliminar da Fase de Seleção das Propostas</a></h2>



<h2 class="wp-block-heading"><a href="https://www.manaus.am.gov.br/fms/wp-content/uploads/sites/16/2023/08/Edital-01-23-29.08.23-OK-assinado-1.pdf" target="_blank" rel="noreferrer noopener">Edital de Chamamento Público Nº 001/2023 FMS</a></h2>



<h2 class="wp-block-heading"><a href="https://www.manaus.am.gov.br/fms/wp-content/uploads/sites/16/2023/12/RESULTADO-DEFINITIVO-DO-EDITAL-DE-CHAMAMENTO-001.2023-FMS.pdf" target="_blank" rel="noreferrer noopener">Resultado Definitivo do Edital de Chamamento 001/2023 FMS</a></h2>



<p></p>



<h2 class="wp-block-heading">Anexos do Edital Nº 001/2023 FMS</h2>



<h2 class="wp-block-heading"><a href="https://www.manaus.am.gov.br/fms/wp-content/uploads/sites/16/2023/08/ANEXOS-EDITAL-2023-OK.doc" target="_blank" rel="noreferrer noopener">Anexos I &#8211; VIII</a></h2>



<h2 class="wp-block-heading"><a href="https://www.manaus.am.gov.br/fms/wp-content/uploads/sites/16/2023/03/manualdecadastrosiged.pdf" target="_blank" rel="noreferrer noopener">Anexo IX</a></h2>



<p></p>



<h2 class="wp-block-heading"><a href="https://www.manaus.am.gov.br/fms/wp-content/uploads/sites/16/2023/08/Tutorial-Siged-FMS.mov" target="_blank" rel="noreferrer noopener">Tutorial SIGED</a></h2>



<p></p>



<h2 class="wp-block-heading"><a href="https://www.manaus.am.gov.br/fms/wp-content/uploads/sites/16/2023/11/HOMOLOGAÇÃO-RESULTADO-DEFINITIVO-FASE-DE-SELEÇÃO-EDITAL-001-2023-FMS.pdf" target="_blank" rel="noreferrer noopener">Homologação da Análise dos Recursos Interpostos</a></h2>



<p></p>



<h2 class="wp-block-heading"><a href="https://www.manaus.am.gov.br/fms/wp-content/uploads/sites/16/2023/11/RESULTADO-DEFINITIVO-DA-FASE-DE-SELEÇÃO-DAS-PROPOSTAS.pdf" target="_blank" rel="noreferrer noopener">Resultado Definitivo da Fase de Seleção das Propostas</a></h2>



<p></p>



<p><br><br><br></p>

<!-- This site is optimized with the Yoast SEO plugin v23.0 - https://yoast.com/wordpress/plugins/seo/ -->
<title>Edital 2023 - Fundo Manaus Solidária</title>
<meta name="robots" content="noindex, follow" />
<meta property="og:locale" content="pt_BR" />
<meta property="og:type" content="article" />
<meta property="og:title" content="Edital 2023 - Fundo Manaus Solidária" />
<meta property="og:url" content="https://www.manaus.am.gov.br/fms/editais/edital-2023/" />
<meta property="og:site_name" content="Fundo Manaus Solidária" />
<meta property="article:modified_time" content="2024-07-08T15:28:09+00:00" />
<meta name="twitter:card" content="summary_large_image" />
<script type="application/ld+json" class="yoast-schema-graph">{"@context":"https://schema.org","@graph":[{"@type":"WebPage","@id":"https://www.manaus.am.gov.br/fms/editais/edital-2023/","url":"https://www.manaus.am.gov.br/fms/editais/edital-2023/","name":"Edital 2023 - Fundo Manaus Solidária","isPartOf":{"@id":"https://www.manaus.am.gov.br/fms/#website"},"datePublished":"2023-08-30T18:43:03+00:00","dateModified":"2024-07-08T15:28:09+00:00","breadcrumb":{"@id":"https://www.manaus.am.gov.br/fms/editais/edital-2023/#breadcrumb"},"inLanguage":"pt-BR","potentialAction":[{"@type":"ReadAction","target":["https://www.manaus.am.gov.br/fms/editais/edital-2023/"]}]},{"@type":"BreadcrumbList","@id":"https://www.manaus.am.gov.br/fms/editais/edital-2023/#breadcrumb","itemListElement":[{"@type":"ListItem","position":1,"name":"Home","item":"https://www.manaus.am.gov.br/fms/"},{"@type":"ListItem","position":2,"name":"Editais","item":"https://www.manaus.am.gov.br/fms/editais/"},{"@type":"ListItem","position":3,"name":"Edital 2023"}]},{"@type":"WebSite","@id":"https://www.manaus.am.gov.br/fms/#website","url":"https://www.manaus.am.gov.br/fms/","name":"Fundo Manaus Solidária","description":"Prefeitura de Manaus","potentialAction":[{"@type":"SearchAction","target":{"@type":"EntryPoint","urlTemplate":"https://www.manaus.am.gov.br/fms/?s={search_term_string}"},"query-input":"required name=search_term_string"}],"inLanguage":"pt-BR"}]}</script>
<!-- / Yoast SEO plugin. -->

Edital 2023 - Fundo Manaus Solidária

Fundo Manaus Solidária
