{"id":219,"date":"2023-03-02T09:12:32","date_gmt":"2023-03-02T13:12:32","guid":{"rendered":"https:\/\/www.manaus.am.gov.br\/fms\/?page_id=219"},"modified":"2024-07-11T16:06:08","modified_gmt":"2024-07-11T20:06:08","slug":"prestacao-de-conta","status":"publish","type":"page","link":"https:\/\/www.manaus.am.gov.br\/fms\/editais\/prestacao-de-conta\/","title":{"rendered":"Presta\u00e7\u00e3o de Conta"},"content":{"rendered":"\n<p>As parcerias firmadas entre o Fundo Manaus Solid\u00e1ria e as Organiza\u00e7\u00f5es da Sociedade Civil (OCS&#8217;s), se encontram sob a \u00e9gide da <a class=\"inline\" href=\"https:\/\/www.planalto.gov.br\/ccivil_03\/_ato2011-2014\/2014\/lei\/l13019.htm\" target=\"_blank\" rel=\"noreferrer noopener nofollow\"><strong>LEI N\u00ba 13.019, DE 31 DE JULHO DE 2014<\/strong><\/a>. No tocante aos mecanismos de controle das parcerias com as OSCs, o momento principal, mas n\u00e3o o \u00fanico, \u00e9 a presta\u00e7\u00e3o de contas, quando dever\u00e1 ser demonstrada formalmente toda a aplica\u00e7\u00e3o das verbas p\u00fablicas.<\/p>\n\n\n\n<h2 class=\"wp-block-heading\"><a href=\"https:\/\/www.manaus.am.gov.br\/fms\/wp-content\/uploads\/sites\/16\/2023\/03\/MANUAL02.pdf\" target=\"_blank\" rel=\"noreferrer noopener\">Manual de Presta\u00e7\u00e3o de Contas das Parcerias<\/a><\/h2>\n\n\n\n<p>O presente Manual de Presta\u00e7\u00e3o de Contas das Parceria com as OSC&#8217;s t\u00eam por finalidade estabelecer e ordenar os procedimentos a serem seguidos por Entidades, ante as responsabilidades assumidas quando da celebra\u00e7\u00e3o das parcerias, mediante os quais adquirem as condi\u00e7\u00f5es preconizadas pela legisla\u00e7\u00e3o para receber as transfer\u00eancias financeiras previstas em cada caso, no acompanhamento da execu\u00e7\u00e3o de cada objeto, na realiza\u00e7\u00e3o das an\u00e1lises t\u00e9cnicas e financeiras e na efetiva\u00e7\u00e3o dos devidos registros.<\/p>\n\n\n\n<h2 class=\"wp-block-heading\"><a href=\"https:\/\/siged.manaus.am.gov.br\/cadastrousuarioexterno\/incluir_solicitacao.aspx?cod_orgao=21885&amp;cod_assunto=511&amp;cod_documento_tipo=86&amp;cod_formar_processo=True\" target=\"_blank\" rel=\"noreferrer noopener\">Acesso ao SIGED<\/a><\/h2>\n\n\n\n<div style=\"height:20px\" aria-hidden=\"true\" class=\"wp-block-spacer\"><\/div>\n\n\n\n<h2 class=\"wp-block-heading\">Anexos para presta\u00e7\u00e3o de contas via SIGED:<\/h2>\n\n\n\n<h2 class=\"wp-block-heading\"><a href=\"https:\/\/www.manaus.am.gov.br\/fms\/wp-content\/uploads\/sites\/16\/2023\/03\/12-Anexo-I.docx\" target=\"_blank\" rel=\"noreferrer noopener\">ANEXO I<\/a><\/h2>\n\n\n\n<h2 class=\"wp-block-heading\"><a href=\"https:\/\/www.manaus.am.gov.br\/fms\/wp-content\/uploads\/sites\/16\/2023\/03\/13-Anexo-II.docx\">ANEXO II<\/a><\/h2>\n\n\n\n<h2 class=\"wp-block-heading\"><a href=\"https:\/\/www.manaus.am.gov.br\/fms\/wp-content\/uploads\/sites\/16\/2023\/03\/14-Anexo-III.docx\">ANEXO III<\/a><\/h2>\n\n\n\n<h2 class=\"wp-block-heading\"><a href=\"https:\/\/www.manaus.am.gov.br\/fms\/wp-content\/uploads\/sites\/16\/2023\/03\/15-Anexo-IV.docx\">ANEXO IV<\/a><\/h2>\n\n\n\n<h2 class=\"wp-block-heading\"><a href=\"https:\/\/www.manaus.am.gov.br\/fms\/wp-content\/uploads\/sites\/16\/2023\/03\/16-Anexo-V.docx\" target=\"_blank\" rel=\"noreferrer noopener\">ANEXO V<\/a><\/h2>\n\n\n\n<h2 class=\"wp-block-heading\"><a href=\"https:\/\/www.manaus.am.gov.br\/fms\/wp-content\/uploads\/sites\/16\/2023\/03\/17-Anexo-VI.docx\">ANEXO VI<\/a><\/h2>\n\n\n\n<h2 class=\"wp-block-heading\"><a href=\"https:\/\/www.manaus.am.gov.br\/fms\/wp-content\/uploads\/sites\/16\/2023\/03\/18-Anexo-VII.docx\">ANEXO VII<\/a><\/h2>\n\n\n\n<h2 class=\"wp-block-heading\"><a href=\"https:\/\/www.manaus.am.gov.br\/fms\/wp-content\/uploads\/sites\/16\/2023\/03\/19-Anexo-VIII.docx\">ANEXO VIII<\/a><\/h2>\n\n\n\n<h2 class=\"wp-block-heading\"><a href=\"https:\/\/www.manaus.am.gov.br\/fms\/wp-content\/uploads\/sites\/16\/2023\/03\/20-Anexo-IX.docx\">ANEXO IX<\/a><\/h2>\n\n\n\n<h2 class=\"wp-block-heading\"><a href=\"https:\/\/www.manaus.am.gov.br\/fms\/wp-content\/uploads\/sites\/16\/2023\/03\/21-Anexo-X.docx\">ANEXO X<\/a><\/h2>\n\n\n\n<h2 class=\"wp-block-heading\"><a href=\"https:\/\/www.manaus.am.gov.br\/fms\/wp-content\/uploads\/sites\/16\/2023\/03\/22-Anexo-XI.docx\">ANEXO XI<\/a><\/h2>\n\n\n\n<h2 class=\"wp-block-heading\"><a href=\"https:\/\/www.manaus.am.gov.br\/fms\/wp-content\/uploads\/sites\/16\/2023\/03\/23-Anexo-XII.docx\">ANEXO XII<\/a><\/h2>\n","protected":false},"excerpt":{"rendered":"","protected":false},"author":27,"featured_media":0,"parent":365,"menu_order":0,"comment_status":"closed","ping_status":"closed","template":"templates\/turismo.php","meta":{"footnotes":""},"acf":[],"yoast_head":"<!-- This site is optimized with the Yoast SEO plugin v23.0 - https:\/\/yoast.com\/wordpress\/plugins\/seo\/ -->\n<title>Presta\u00e7\u00e3o de Conta - Fundo Manaus Solid\u00e1ria<\/title>\n<meta name=\"robots\" content=\"noindex, follow\" \/>\n<meta property=\"og:locale\" content=\"pt_BR\" \/>\n<meta property=\"og:type\" content=\"article\" \/>\n<meta property=\"og:title\" content=\"Presta\u00e7\u00e3o de Conta - Fundo Manaus Solid\u00e1ria\" \/>\n<meta property=\"og:url\" content=\"https:\/\/www.manaus.am.gov.br\/fms\/editais\/prestacao-de-conta\/\" \/>\n<meta property=\"og:site_name\" content=\"Fundo Manaus Solid\u00e1ria\" \/>\n<meta property=\"article:modified_time\" content=\"2024-07-11T20:06:08+00:00\" \/>\n<meta name=\"twitter:card\" content=\"summary_large_image\" \/>\n<meta name=\"twitter:label1\" content=\"Est. reading time\" \/>\n\t<meta name=\"twitter:data1\" content=\"1 minuto\" \/>\n<script type=\"application\/ld+json\" class=\"yoast-schema-graph\">{\"@context\":\"https:\/\/schema.org\",\"@graph\":[{\"@type\":\"WebPage\",\"@id\":\"https:\/\/www.manaus.am.gov.br\/fms\/editais\/prestacao-de-conta\/\",\"url\":\"https:\/\/www.manaus.am.gov.br\/fms\/editais\/prestacao-de-conta\/\",\"name\":\"Presta\u00e7\u00e3o de Conta - Fundo Manaus Solid\u00e1ria\",\"isPartOf\":{\"@id\":\"https:\/\/www.manaus.am.gov.br\/fms\/#website\"},\"datePublished\":\"2023-03-02T13:12:32+00:00\",\"dateModified\":\"2024-07-11T20:06:08+00:00\",\"breadcrumb\":{\"@id\":\"https:\/\/www.manaus.am.gov.br\/fms\/editais\/prestacao-de-conta\/#breadcrumb\"},\"inLanguage\":\"pt-BR\",\"potentialAction\":[{\"@type\":\"ReadAction\",\"target\":[\"https:\/\/www.manaus.am.gov.br\/fms\/editais\/prestacao-de-conta\/\"]}]},{\"@type\":\"BreadcrumbList\",\"@id\":\"https:\/\/www.manaus.am.gov.br\/fms\/editais\/prestacao-de-conta\/#breadcrumb\",\"itemListElement\":[{\"@type\":\"ListItem\",\"position\":1,\"name\":\"Home\",\"item\":\"https:\/\/www.manaus.am.gov.br\/fms\/\"},{\"@type\":\"ListItem\",\"position\":2,\"name\":\"Editais\",\"item\":\"https:\/\/www.manaus.am.gov.br\/fms\/editais\/\"},{\"@type\":\"ListItem\",\"position\":3,\"name\":\"Presta\u00e7\u00e3o de Conta\"}]},{\"@type\":\"WebSite\",\"@id\":\"https:\/\/www.manaus.am.gov.br\/fms\/#website\",\"url\":\"https:\/\/www.manaus.am.gov.br\/fms\/\",\"name\":\"Fundo Manaus Solid\u00e1ria\",\"description\":\"Prefeitura de Manaus\",\"potentialAction\":[{\"@type\":\"SearchAction\",\"target\":{\"@type\":\"EntryPoint\",\"urlTemplate\":\"https:\/\/www.manaus.am.gov.br\/fms\/?s={search_term_string}\"},\"query-input\":\"required name=search_term_string\"}],\"inLanguage\":\"pt-BR\"}]}<\/script>\n<!-- \/ Yoast SEO plugin. -->","yoast_head_json":{"title":"Presta\u00e7\u00e3o de Conta - Fundo Manaus Solid\u00e1ria","robots":{"index":"noindex","follow":"follow"},"og_locale":"pt_BR","og_type":"article","og_title":"Presta\u00e7\u00e3o de Conta - Fundo Manaus Solid\u00e1ria","og_url":"https:\/\/www.manaus.am.gov.br\/fms\/editais\/prestacao-de-conta\/","og_site_name":"Fundo Manaus Solid\u00e1ria","article_modified_time":"2024-07-11T20:06:08+00:00","twitter_card":"summary_large_image","twitter_misc":{"Est. reading time":"1 minuto"},"schema":{"@context":"https:\/\/schema.org","@graph":[{"@type":"WebPage","@id":"https:\/\/www.manaus.am.gov.br\/fms\/editais\/prestacao-de-conta\/","url":"https:\/\/www.manaus.am.gov.br\/fms\/editais\/prestacao-de-conta\/","name":"Presta\u00e7\u00e3o de Conta - Fundo Manaus Solid\u00e1ria","isPartOf":{"@id":"https:\/\/www.manaus.am.gov.br\/fms\/#website"},"datePublished":"2023-03-02T13:12:32+00:00","dateModified":"2024-07-11T20:06:08+00:00","breadcrumb":{"@id":"https:\/\/www.manaus.am.gov.br\/fms\/editais\/prestacao-de-conta\/#breadcrumb"},"inLanguage":"pt-BR","potentialAction":[{"@type":"ReadAction","target":["https:\/\/www.manaus.am.gov.br\/fms\/editais\/prestacao-de-conta\/"]}]},{"@type":"BreadcrumbList","@id":"https:\/\/www.manaus.am.gov.br\/fms\/editais\/prestacao-de-conta\/#breadcrumb","itemListElement":[{"@type":"ListItem","position":1,"name":"Home","item":"https:\/\/www.manaus.am.gov.br\/fms\/"},{"@type":"ListItem","position":2,"name":"Editais","item":"https:\/\/www.manaus.am.gov.br\/fms\/editais\/"},{"@type":"ListItem","position":3,"name":"Presta\u00e7\u00e3o de Conta"}]},{"@type":"WebSite","@id":"https:\/\/www.manaus.am.gov.br\/fms\/#website","url":"https:\/\/www.manaus.am.gov.br\/fms\/","name":"Fundo Manaus Solid\u00e1ria","description":"Prefeitura de Manaus","potentialAction":[{"@type":"SearchAction","target":{"@type":"EntryPoint","urlTemplate":"https:\/\/www.manaus.am.gov.br\/fms\/?s={search_term_string}"},"query-input":"required name=search_term_string"}],"inLanguage":"pt-BR"}]}},"_links":{"self":[{"href":"https:\/\/www.manaus.am.gov.br\/fms\/wp-json\/wp\/v2\/pages\/219"}],"collection":[{"href":"https:\/\/www.manaus.am.gov.br\/fms\/wp-json\/wp\/v2\/pages"}],"about":[{"href":"https:\/\/www.manaus.am.gov.br\/fms\/wp-json\/wp\/v2\/types\/page"}],"author":[{"embeddable":true,"href":"https:\/\/www.manaus.am.gov.br\/fms\/wp-json\/wp\/v2\/users\/27"}],"replies":[{"embeddable":true,"href":"https:\/\/www.manaus.am.gov.br\/fms\/wp-json\/wp\/v2\/comments?post=219"}],"version-history":[{"count":12,"href":"https:\/\/www.manaus.am.gov.br\/fms\/wp-json\/wp\/v2\/pages\/219\/revisions"}],"predecessor-version":[{"id":468,"href":"https:\/\/www.manaus.am.gov.br\/fms\/wp-json\/wp\/v2\/pages\/219\/revisions\/468"}],"up":[{"embeddable":true,"href":"https:\/\/www.manaus.am.gov.br\/fms\/wp-json\/wp\/v2\/pages\/365"}],"wp:attachment":[{"href":"https:\/\/www.manaus.am.gov.br\/fms\/wp-json\/wp\/v2\/media?parent=219"}],"curies":[{"name":"wp","href":"https:\/\/api.w.org\/{rel}","templated":true}]}}

Prestação de Conta

<p>As parcerias firmadas entre o Fundo Manaus Solidária e as Organizações da Sociedade Civil (OCS&#8217;s), se encontram sob a égide da <a class="inline" href="https://www.planalto.gov.br/ccivil_03/_ato2011-2014/2014/lei/l13019.htm" target="_blank" rel="noreferrer noopener nofollow"><strong>LEI Nº 13.019, DE 31 DE JULHO DE 2014</strong></a>. No tocante aos mecanismos de controle das parcerias com as OSCs, o momento principal, mas não o único, é a prestação de contas, quando deverá ser demonstrada formalmente toda a aplicação das verbas públicas.</p>



<h2 class="wp-block-heading"><a href="https://www.manaus.am.gov.br/fms/wp-content/uploads/sites/16/2023/03/MANUAL02.pdf" target="_blank" rel="noreferrer noopener">Manual de Prestação de Contas das Parcerias</a></h2>



<p>O presente Manual de Prestação de Contas das Parceria com as OSC&#8217;s têm por finalidade estabelecer e ordenar os procedimentos a serem seguidos por Entidades, ante as responsabilidades assumidas quando da celebração das parcerias, mediante os quais adquirem as condições preconizadas pela legislação para receber as transferências financeiras previstas em cada caso, no acompanhamento da execução de cada objeto, na realização das análises técnicas e financeiras e na efetivação dos devidos registros.</p>



<h2 class="wp-block-heading"><a href="https://siged.manaus.am.gov.br/cadastrousuarioexterno/incluir_solicitacao.aspx?cod_orgao=21885&amp;cod_assunto=511&amp;cod_documento_tipo=86&amp;cod_formar_processo=True" target="_blank" rel="noreferrer noopener">Acesso ao SIGED</a></h2>



<div style="height:20px" aria-hidden="true" class="wp-block-spacer"></div>



<h2 class="wp-block-heading">Anexos para prestação de contas via SIGED:</h2>



<h2 class="wp-block-heading"><a href="https://www.manaus.am.gov.br/fms/wp-content/uploads/sites/16/2023/03/12-Anexo-I.docx" target="_blank" rel="noreferrer noopener">ANEXO I</a></h2>



<h2 class="wp-block-heading"><a href="https://www.manaus.am.gov.br/fms/wp-content/uploads/sites/16/2023/03/13-Anexo-II.docx">ANEXO II</a></h2>



<h2 class="wp-block-heading"><a href="https://www.manaus.am.gov.br/fms/wp-content/uploads/sites/16/2023/03/14-Anexo-III.docx">ANEXO III</a></h2>



<h2 class="wp-block-heading"><a href="https://www.manaus.am.gov.br/fms/wp-content/uploads/sites/16/2023/03/15-Anexo-IV.docx">ANEXO IV</a></h2>



<h2 class="wp-block-heading"><a href="https://www.manaus.am.gov.br/fms/wp-content/uploads/sites/16/2023/03/16-Anexo-V.docx" target="_blank" rel="noreferrer noopener">ANEXO V</a></h2>



<h2 class="wp-block-heading"><a href="https://www.manaus.am.gov.br/fms/wp-content/uploads/sites/16/2023/03/17-Anexo-VI.docx">ANEXO VI</a></h2>



<h2 class="wp-block-heading"><a href="https://www.manaus.am.gov.br/fms/wp-content/uploads/sites/16/2023/03/18-Anexo-VII.docx">ANEXO VII</a></h2>



<h2 class="wp-block-heading"><a href="https://www.manaus.am.gov.br/fms/wp-content/uploads/sites/16/2023/03/19-Anexo-VIII.docx">ANEXO VIII</a></h2>



<h2 class="wp-block-heading"><a href="https://www.manaus.am.gov.br/fms/wp-content/uploads/sites/16/2023/03/20-Anexo-IX.docx">ANEXO IX</a></h2>



<h2 class="wp-block-heading"><a href="https://www.manaus.am.gov.br/fms/wp-content/uploads/sites/16/2023/03/21-Anexo-X.docx">ANEXO X</a></h2>



<h2 class="wp-block-heading"><a href="https://www.manaus.am.gov.br/fms/wp-content/uploads/sites/16/2023/03/22-Anexo-XI.docx">ANEXO XI</a></h2>



<h2 class="wp-block-heading"><a href="https://www.manaus.am.gov.br/fms/wp-content/uploads/sites/16/2023/03/23-Anexo-XII.docx">ANEXO XII</a></h2>

<!-- This site is optimized with the Yoast SEO plugin v23.0 - https://yoast.com/wordpress/plugins/seo/ -->
<title>Prestação de Conta - Fundo Manaus Solidária</title>
<meta name="robots" content="noindex, follow" />
<meta property="og:locale" content="pt_BR" />
<meta property="og:type" content="article" />
<meta property="og:title" content="Prestação de Conta - Fundo Manaus Solidária" />
<meta property="og:url" content="https://www.manaus.am.gov.br/fms/editais/prestacao-de-conta/" />
<meta property="og:site_name" content="Fundo Manaus Solidária" />
<meta property="article:modified_time" content="2024-07-11T20:06:08+00:00" />
<meta name="twitter:card" content="summary_large_image" />
<meta name="twitter:label1" content="Est. reading time" />
	<meta name="twitter:data1" content="1 minuto" />
<script type="application/ld+json" class="yoast-schema-graph">{"@context":"https://schema.org","@graph":[{"@type":"WebPage","@id":"https://www.manaus.am.gov.br/fms/editais/prestacao-de-conta/","url":"https://www.manaus.am.gov.br/fms/editais/prestacao-de-conta/","name":"Prestação de Conta - Fundo Manaus Solidária","isPartOf":{"@id":"https://www.manaus.am.gov.br/fms/#website"},"datePublished":"2023-03-02T13:12:32+00:00","dateModified":"2024-07-11T20:06:08+00:00","breadcrumb":{"@id":"https://www.manaus.am.gov.br/fms/editais/prestacao-de-conta/#breadcrumb"},"inLanguage":"pt-BR","potentialAction":[{"@type":"ReadAction","target":["https://www.manaus.am.gov.br/fms/editais/prestacao-de-conta/"]}]},{"@type":"BreadcrumbList","@id":"https://www.manaus.am.gov.br/fms/editais/prestacao-de-conta/#breadcrumb","itemListElement":[{"@type":"ListItem","position":1,"name":"Home","item":"https://www.manaus.am.gov.br/fms/"},{"@type":"ListItem","position":2,"name":"Editais","item":"https://www.manaus.am.gov.br/fms/editais/"},{"@type":"ListItem","position":3,"name":"Prestação de Conta"}]},{"@type":"WebSite","@id":"https://www.manaus.am.gov.br/fms/#website","url":"https://www.manaus.am.gov.br/fms/","name":"Fundo Manaus Solidária","description":"Prefeitura de Manaus","potentialAction":[{"@type":"SearchAction","target":{"@type":"EntryPoint","urlTemplate":"https://www.manaus.am.gov.br/fms/?s={search_term_string}"},"query-input":"required name=search_term_string"}],"inLanguage":"pt-BR"}]}</script>
<!-- / Yoast SEO plugin. -->

Prestação de Conta - Fundo Manaus Solidária

Fundo Manaus Solidária
