{"id":1822,"date":"2026-03-30T14:54:30","date_gmt":"2026-03-30T18:54:30","guid":{"rendered":"https:\/\/www.manaus.am.gov.br\/fms\/?page_id=1822"},"modified":"2026-03-31T12:52:09","modified_gmt":"2026-03-31T16:52:09","slug":"edital-2026","status":"publish","type":"page","link":"https:\/\/www.manaus.am.gov.br\/fms\/editais\/edital-2026\/","title":{"rendered":"Edital 2026"},"content":{"rendered":"\n<h2 class=\"wp-block-heading\">Sele\u00e7\u00e3o de Organiza\u00e7\u00f5es da Sociedade Civil\u2013OSC\u2019s<\/h2>\n\n\n\n<p><a href=\"https:\/\/www.manaus.am.gov.br\/fms\/wp-content\/uploads\/sites\/16\/2026\/03\/Minuta-Edital-001-2026-FMS_30.03.pdf\" target=\"_blank\" rel=\"noreferrer noopener\">Edital de Chamamento P\u00fablico N\u00ba 001\/2026 FMS<\/a><\/p>\n\n\n\n<p><\/p>\n\n\n\n<p><a href=\"https:\/\/www.manaus.am.gov.br\/fms\/wp-content\/uploads\/sites\/16\/2026\/03\/Edital-2026-ANEXOS.doc\">Anexos do Edital de Chamamento 001\/2026 FMS<\/a><\/p>\n\n\n\n<p><\/p>\n\n\n\n<p><a href=\"https:\/\/siged.manaus.am.gov.br\/\/cadastrousuarioexterno\/incluir_solicitacao.aspx?cod_orgao=21885&amp;cod_assunto=510&amp;cod_documento_tipo=86&amp;cod_formar_processo=True\" target=\"_blank\" rel=\"noreferrer noopener\">Envio das Propostas<\/a><\/p>\n","protected":false},"excerpt":{"rendered":"","protected":false},"author":8,"featured_media":0,"parent":365,"menu_order":0,"comment_status":"closed","ping_status":"closed","template":"","meta":{"footnotes":""},"acf":[],"yoast_head":"<!-- This site is optimized with the Yoast SEO plugin v23.0 - https:\/\/yoast.com\/wordpress\/plugins\/seo\/ -->\n<title>Edital 2026 - Fundo Manaus Solid\u00e1ria<\/title>\n<meta name=\"robots\" content=\"noindex, follow\" \/>\n<meta property=\"og:locale\" content=\"pt_BR\" \/>\n<meta property=\"og:type\" content=\"article\" \/>\n<meta property=\"og:title\" content=\"Edital 2026 - Fundo Manaus Solid\u00e1ria\" \/>\n<meta property=\"og:url\" content=\"https:\/\/www.manaus.am.gov.br\/fms\/editais\/edital-2026\/\" \/>\n<meta property=\"og:site_name\" content=\"Fundo Manaus Solid\u00e1ria\" \/>\n<meta property=\"article:modified_time\" content=\"2026-03-31T16:52:09+00:00\" \/>\n<meta name=\"twitter:card\" content=\"summary_large_image\" \/>\n<meta name=\"twitter:label1\" content=\"Est. reading time\" \/>\n\t<meta name=\"twitter:data1\" content=\"1 minuto\" \/>\n<script type=\"application\/ld+json\" class=\"yoast-schema-graph\">{\"@context\":\"https:\/\/schema.org\",\"@graph\":[{\"@type\":\"WebPage\",\"@id\":\"https:\/\/www.manaus.am.gov.br\/fms\/editais\/edital-2026\/\",\"url\":\"https:\/\/www.manaus.am.gov.br\/fms\/editais\/edital-2026\/\",\"name\":\"Edital 2026 - Fundo Manaus Solid\u00e1ria\",\"isPartOf\":{\"@id\":\"https:\/\/www.manaus.am.gov.br\/fms\/#website\"},\"datePublished\":\"2026-03-30T18:54:30+00:00\",\"dateModified\":\"2026-03-31T16:52:09+00:00\",\"breadcrumb\":{\"@id\":\"https:\/\/www.manaus.am.gov.br\/fms\/editais\/edital-2026\/#breadcrumb\"},\"inLanguage\":\"pt-BR\",\"potentialAction\":[{\"@type\":\"ReadAction\",\"target\":[\"https:\/\/www.manaus.am.gov.br\/fms\/editais\/edital-2026\/\"]}]},{\"@type\":\"BreadcrumbList\",\"@id\":\"https:\/\/www.manaus.am.gov.br\/fms\/editais\/edital-2026\/#breadcrumb\",\"itemListElement\":[{\"@type\":\"ListItem\",\"position\":1,\"name\":\"Home\",\"item\":\"https:\/\/www.manaus.am.gov.br\/fms\/\"},{\"@type\":\"ListItem\",\"position\":2,\"name\":\"Editais\",\"item\":\"https:\/\/www.manaus.am.gov.br\/fms\/editais\/\"},{\"@type\":\"ListItem\",\"position\":3,\"name\":\"Edital 2026\"}]},{\"@type\":\"WebSite\",\"@id\":\"https:\/\/www.manaus.am.gov.br\/fms\/#website\",\"url\":\"https:\/\/www.manaus.am.gov.br\/fms\/\",\"name\":\"Fundo Manaus Solid\u00e1ria\",\"description\":\"Prefeitura de Manaus\",\"potentialAction\":[{\"@type\":\"SearchAction\",\"target\":{\"@type\":\"EntryPoint\",\"urlTemplate\":\"https:\/\/www.manaus.am.gov.br\/fms\/?s={search_term_string}\"},\"query-input\":\"required name=search_term_string\"}],\"inLanguage\":\"pt-BR\"}]}<\/script>\n<!-- \/ Yoast SEO plugin. -->","yoast_head_json":{"title":"Edital 2026 - Fundo Manaus Solid\u00e1ria","robots":{"index":"noindex","follow":"follow"},"og_locale":"pt_BR","og_type":"article","og_title":"Edital 2026 - Fundo Manaus Solid\u00e1ria","og_url":"https:\/\/www.manaus.am.gov.br\/fms\/editais\/edital-2026\/","og_site_name":"Fundo Manaus Solid\u00e1ria","article_modified_time":"2026-03-31T16:52:09+00:00","twitter_card":"summary_large_image","twitter_misc":{"Est. reading time":"1 minuto"},"schema":{"@context":"https:\/\/schema.org","@graph":[{"@type":"WebPage","@id":"https:\/\/www.manaus.am.gov.br\/fms\/editais\/edital-2026\/","url":"https:\/\/www.manaus.am.gov.br\/fms\/editais\/edital-2026\/","name":"Edital 2026 - Fundo Manaus Solid\u00e1ria","isPartOf":{"@id":"https:\/\/www.manaus.am.gov.br\/fms\/#website"},"datePublished":"2026-03-30T18:54:30+00:00","dateModified":"2026-03-31T16:52:09+00:00","breadcrumb":{"@id":"https:\/\/www.manaus.am.gov.br\/fms\/editais\/edital-2026\/#breadcrumb"},"inLanguage":"pt-BR","potentialAction":[{"@type":"ReadAction","target":["https:\/\/www.manaus.am.gov.br\/fms\/editais\/edital-2026\/"]}]},{"@type":"BreadcrumbList","@id":"https:\/\/www.manaus.am.gov.br\/fms\/editais\/edital-2026\/#breadcrumb","itemListElement":[{"@type":"ListItem","position":1,"name":"Home","item":"https:\/\/www.manaus.am.gov.br\/fms\/"},{"@type":"ListItem","position":2,"name":"Editais","item":"https:\/\/www.manaus.am.gov.br\/fms\/editais\/"},{"@type":"ListItem","position":3,"name":"Edital 2026"}]},{"@type":"WebSite","@id":"https:\/\/www.manaus.am.gov.br\/fms\/#website","url":"https:\/\/www.manaus.am.gov.br\/fms\/","name":"Fundo Manaus Solid\u00e1ria","description":"Prefeitura de Manaus","potentialAction":[{"@type":"SearchAction","target":{"@type":"EntryPoint","urlTemplate":"https:\/\/www.manaus.am.gov.br\/fms\/?s={search_term_string}"},"query-input":"required name=search_term_string"}],"inLanguage":"pt-BR"}]}},"_links":{"self":[{"href":"https:\/\/www.manaus.am.gov.br\/fms\/wp-json\/wp\/v2\/pages\/1822"}],"collection":[{"href":"https:\/\/www.manaus.am.gov.br\/fms\/wp-json\/wp\/v2\/pages"}],"about":[{"href":"https:\/\/www.manaus.am.gov.br\/fms\/wp-json\/wp\/v2\/types\/page"}],"author":[{"embeddable":true,"href":"https:\/\/www.manaus.am.gov.br\/fms\/wp-json\/wp\/v2\/users\/8"}],"replies":[{"embeddable":true,"href":"https:\/\/www.manaus.am.gov.br\/fms\/wp-json\/wp\/v2\/comments?post=1822"}],"version-history":[{"count":4,"href":"https:\/\/www.manaus.am.gov.br\/fms\/wp-json\/wp\/v2\/pages\/1822\/revisions"}],"predecessor-version":[{"id":1838,"href":"https:\/\/www.manaus.am.gov.br\/fms\/wp-json\/wp\/v2\/pages\/1822\/revisions\/1838"}],"up":[{"embeddable":true,"href":"https:\/\/www.manaus.am.gov.br\/fms\/wp-json\/wp\/v2\/pages\/365"}],"wp:attachment":[{"href":"https:\/\/www.manaus.am.gov.br\/fms\/wp-json\/wp\/v2\/media?parent=1822"}],"curies":[{"name":"wp","href":"https:\/\/api.w.org\/{rel}","templated":true}]}}