{"id":821,"date":"2023-03-29T17:26:45","date_gmt":"2023-03-29T21:26:45","guid":{"rendered":"https:\/\/www.manaus.am.gov.br\/fdt\/?page_id=821"},"modified":"2023-04-03T18:38:55","modified_gmt":"2023-04-03T22:38:55","slug":"viver-bem-na-terceira-idade","status":"publish","type":"page","link":"https:\/\/www.manaus.am.gov.br\/fdt\/a-fundacao-doutor-thomas\/viver-bem-na-terceira-idade\/","title":{"rendered":"Viver Bem na Terceira Idade"},"content":{"rendered":"\n<p>O Projeto Viver Bem na Terceira Idade tem como objetivo promover lazer e recrea\u00e7\u00e3o, para gerar qualidade de vida, conv\u00edvio social e ocupa\u00e7\u00e3o aos idosos em determinados n\u00facleos &#8211; associa\u00e7\u00f5es e<br>grupos de idosos na cidade de Manaus, para contribuir de forma favor\u00e1vel no processo de envelhecimento.<\/p>\n\n\n\n<p>Cada grupo tem por estimativa de 50 a 60 idosos inscritos, gerando entre 450 a 540 idosos beneficiados por dia.<\/p>\n\n\n\n<p>As atividades oferecidas:<br>Pelo projeto temos as atividades, art\u00edsticas e recreativas em geral, palestras educativas, al\u00e9m de eventos<br>aniversariantes do m\u00eas, bailes e datas festivas Idoso Saud\u00e1vel (JIS), manh\u00e3 recreativa na Ponte esportes adaptados: Voleibol, atletismo, futsal e basquetebol, gin\u00e1stica terap\u00eautica, caminhada orient dan\u00e7as, passeios e jogos de sal\u00e3o: Domin\u00f3, baralho, dama, entre outros.<\/p>\n","protected":false},"excerpt":{"rendered":"","protected":false},"author":27,"featured_media":0,"parent":202,"menu_order":0,"comment_status":"closed","ping_status":"closed","template":"","meta":{"footnotes":""},"acf":[],"yoast_head":"<!-- This site is optimized with the Yoast SEO plugin v23.0 - https:\/\/yoast.com\/wordpress\/plugins\/seo\/ -->\n<title>Viver Bem na Terceira Idade - FDT<\/title>\n<meta name=\"robots\" content=\"index, follow, max-snippet:-1, max-image-preview:large, max-video-preview:-1\" \/>\n<link rel=\"canonical\" href=\"https:\/\/www.manaus.am.gov.br\/fdt\/a-fundacao-doutor-thomas\/viver-bem-na-terceira-idade\/\" \/>\n<meta property=\"og:locale\" content=\"pt_BR\" \/>\n<meta property=\"og:type\" content=\"article\" \/>\n<meta property=\"og:title\" content=\"Viver Bem na Terceira Idade - FDT\" \/>\n<meta property=\"og:url\" content=\"https:\/\/www.manaus.am.gov.br\/fdt\/a-fundacao-doutor-thomas\/viver-bem-na-terceira-idade\/\" \/>\n<meta property=\"og:site_name\" content=\"FDT\" \/>\n<meta property=\"article:modified_time\" content=\"2023-04-03T22:38:55+00:00\" \/>\n<meta name=\"twitter:card\" content=\"summary_large_image\" \/>\n<meta name=\"twitter:label1\" content=\"Est. reading time\" \/>\n\t<meta name=\"twitter:data1\" content=\"1 minuto\" \/>\n<script type=\"application\/ld+json\" class=\"yoast-schema-graph\">{\"@context\":\"https:\/\/schema.org\",\"@graph\":[{\"@type\":\"WebPage\",\"@id\":\"https:\/\/www.manaus.am.gov.br\/fdt\/a-fundacao-doutor-thomas\/viver-bem-na-terceira-idade\/\",\"url\":\"https:\/\/www.manaus.am.gov.br\/fdt\/a-fundacao-doutor-thomas\/viver-bem-na-terceira-idade\/\",\"name\":\"Viver Bem na Terceira Idade - FDT\",\"isPartOf\":{\"@id\":\"https:\/\/www.manaus.am.gov.br\/fdt\/#website\"},\"datePublished\":\"2023-03-29T21:26:45+00:00\",\"dateModified\":\"2023-04-03T22:38:55+00:00\",\"breadcrumb\":{\"@id\":\"https:\/\/www.manaus.am.gov.br\/fdt\/a-fundacao-doutor-thomas\/viver-bem-na-terceira-idade\/#breadcrumb\"},\"inLanguage\":\"pt-BR\",\"potentialAction\":[{\"@type\":\"ReadAction\",\"target\":[\"https:\/\/www.manaus.am.gov.br\/fdt\/a-fundacao-doutor-thomas\/viver-bem-na-terceira-idade\/\"]}]},{\"@type\":\"BreadcrumbList\",\"@id\":\"https:\/\/www.manaus.am.gov.br\/fdt\/a-fundacao-doutor-thomas\/viver-bem-na-terceira-idade\/#breadcrumb\",\"itemListElement\":[{\"@type\":\"ListItem\",\"position\":1,\"name\":\"Home\",\"item\":\"https:\/\/www.manaus.am.gov.br\/fdt\/\"},{\"@type\":\"ListItem\",\"position\":2,\"name\":\"FUNDA\u00c7\u00c3O DOUTOR THOMAS\",\"item\":\"https:\/\/www.manaus.am.gov.br\/fdt\/a-fundacao-doutor-thomas\/\"},{\"@type\":\"ListItem\",\"position\":3,\"name\":\"Viver Bem na Terceira Idade\"}]},{\"@type\":\"WebSite\",\"@id\":\"https:\/\/www.manaus.am.gov.br\/fdt\/#website\",\"url\":\"https:\/\/www.manaus.am.gov.br\/fdt\/\",\"name\":\"FDT\",\"description\":\"Funda\u00e7\u00e3o de Apoio ao Idoso Dr. Thomas\",\"potentialAction\":[{\"@type\":\"SearchAction\",\"target\":{\"@type\":\"EntryPoint\",\"urlTemplate\":\"https:\/\/www.manaus.am.gov.br\/fdt\/?s={search_term_string}\"},\"query-input\":\"required name=search_term_string\"}],\"inLanguage\":\"pt-BR\"}]}<\/script>\n<!-- \/ Yoast SEO plugin. -->","yoast_head_json":{"title":"Viver Bem na Terceira Idade - FDT","robots":{"index":"index","follow":"follow","max-snippet":"max-snippet:-1","max-image-preview":"max-image-preview:large","max-video-preview":"max-video-preview:-1"},"canonical":"https:\/\/www.manaus.am.gov.br\/fdt\/a-fundacao-doutor-thomas\/viver-bem-na-terceira-idade\/","og_locale":"pt_BR","og_type":"article","og_title":"Viver Bem na Terceira Idade - FDT","og_url":"https:\/\/www.manaus.am.gov.br\/fdt\/a-fundacao-doutor-thomas\/viver-bem-na-terceira-idade\/","og_site_name":"FDT","article_modified_time":"2023-04-03T22:38:55+00:00","twitter_card":"summary_large_image","twitter_misc":{"Est. reading time":"1 minuto"},"schema":{"@context":"https:\/\/schema.org","@graph":[{"@type":"WebPage","@id":"https:\/\/www.manaus.am.gov.br\/fdt\/a-fundacao-doutor-thomas\/viver-bem-na-terceira-idade\/","url":"https:\/\/www.manaus.am.gov.br\/fdt\/a-fundacao-doutor-thomas\/viver-bem-na-terceira-idade\/","name":"Viver Bem na Terceira Idade - FDT","isPartOf":{"@id":"https:\/\/www.manaus.am.gov.br\/fdt\/#website"},"datePublished":"2023-03-29T21:26:45+00:00","dateModified":"2023-04-03T22:38:55+00:00","breadcrumb":{"@id":"https:\/\/www.manaus.am.gov.br\/fdt\/a-fundacao-doutor-thomas\/viver-bem-na-terceira-idade\/#breadcrumb"},"inLanguage":"pt-BR","potentialAction":[{"@type":"ReadAction","target":["https:\/\/www.manaus.am.gov.br\/fdt\/a-fundacao-doutor-thomas\/viver-bem-na-terceira-idade\/"]}]},{"@type":"BreadcrumbList","@id":"https:\/\/www.manaus.am.gov.br\/fdt\/a-fundacao-doutor-thomas\/viver-bem-na-terceira-idade\/#breadcrumb","itemListElement":[{"@type":"ListItem","position":1,"name":"Home","item":"https:\/\/www.manaus.am.gov.br\/fdt\/"},{"@type":"ListItem","position":2,"name":"FUNDA\u00c7\u00c3O DOUTOR THOMAS","item":"https:\/\/www.manaus.am.gov.br\/fdt\/a-fundacao-doutor-thomas\/"},{"@type":"ListItem","position":3,"name":"Viver Bem na Terceira Idade"}]},{"@type":"WebSite","@id":"https:\/\/www.manaus.am.gov.br\/fdt\/#website","url":"https:\/\/www.manaus.am.gov.br\/fdt\/","name":"FDT","description":"Funda\u00e7\u00e3o de Apoio ao Idoso Dr. Thomas","potentialAction":[{"@type":"SearchAction","target":{"@type":"EntryPoint","urlTemplate":"https:\/\/www.manaus.am.gov.br\/fdt\/?s={search_term_string}"},"query-input":"required name=search_term_string"}],"inLanguage":"pt-BR"}]}},"_links":{"self":[{"href":"https:\/\/www.manaus.am.gov.br\/fdt\/wp-json\/wp\/v2\/pages\/821"}],"collection":[{"href":"https:\/\/www.manaus.am.gov.br\/fdt\/wp-json\/wp\/v2\/pages"}],"about":[{"href":"https:\/\/www.manaus.am.gov.br\/fdt\/wp-json\/wp\/v2\/types\/page"}],"author":[{"embeddable":true,"href":"https:\/\/www.manaus.am.gov.br\/fdt\/wp-json\/wp\/v2\/users\/27"}],"replies":[{"embeddable":true,"href":"https:\/\/www.manaus.am.gov.br\/fdt\/wp-json\/wp\/v2\/comments?post=821"}],"version-history":[{"count":2,"href":"https:\/\/www.manaus.am.gov.br\/fdt\/wp-json\/wp\/v2\/pages\/821\/revisions"}],"predecessor-version":[{"id":936,"href":"https:\/\/www.manaus.am.gov.br\/fdt\/wp-json\/wp\/v2\/pages\/821\/revisions\/936"}],"up":[{"embeddable":true,"href":"https:\/\/www.manaus.am.gov.br\/fdt\/wp-json\/wp\/v2\/pages\/202"}],"wp:attachment":[{"href":"https:\/\/www.manaus.am.gov.br\/fdt\/wp-json\/wp\/v2\/media?parent=821"}],"curies":[{"name":"wp","href":"https:\/\/api.w.org\/{rel}","templated":true}]}}

<p>O Projeto Viver Bem na Terceira Idade tem como objetivo promover lazer e recreação, para gerar qualidade de vida, convívio social e ocupação aos idosos em determinados núcleos &#8211; associações e<br>grupos de idosos na cidade de Manaus, para contribuir de forma favorável no processo de envelhecimento.</p>



<p>Cada grupo tem por estimativa de 50 a 60 idosos inscritos, gerando entre 450 a 540 idosos beneficiados por dia.</p>



<p>As atividades oferecidas:<br>Pelo projeto temos as atividades, artísticas e recreativas em geral, palestras educativas, além de eventos<br>aniversariantes do mês, bailes e datas festivas Idoso Saudável (JIS), manhã recreativa na Ponte esportes adaptados: Voleibol, atletismo, futsal e basquetebol, ginástica terapêutica, caminhada orient danças, passeios e jogos de salão: Dominó, baralho, dama, entre outros.</p>

<!-- This site is optimized with the Yoast SEO plugin v23.0 - https://yoast.com/wordpress/plugins/seo/ -->
<title>Viver Bem na Terceira Idade - FDT</title>
<meta name="robots" content="index, follow, max-snippet:-1, max-image-preview:large, max-video-preview:-1" />
<link rel="canonical" href="https://www.manaus.am.gov.br/fdt/a-fundacao-doutor-thomas/viver-bem-na-terceira-idade/" />
<meta property="og:locale" content="pt_BR" />
<meta property="og:type" content="article" />
<meta property="og:title" content="Viver Bem na Terceira Idade - FDT" />
<meta property="og:url" content="https://www.manaus.am.gov.br/fdt/a-fundacao-doutor-thomas/viver-bem-na-terceira-idade/" />
<meta property="og:site_name" content="FDT" />
<meta property="article:modified_time" content="2023-04-03T22:38:55+00:00" />
<meta name="twitter:card" content="summary_large_image" />
<meta name="twitter:label1" content="Est. reading time" />
	<meta name="twitter:data1" content="1 minuto" />
<script type="application/ld+json" class="yoast-schema-graph">{"@context":"https://schema.org","@graph":[{"@type":"WebPage","@id":"https://www.manaus.am.gov.br/fdt/a-fundacao-doutor-thomas/viver-bem-na-terceira-idade/","url":"https://www.manaus.am.gov.br/fdt/a-fundacao-doutor-thomas/viver-bem-na-terceira-idade/","name":"Viver Bem na Terceira Idade - FDT","isPartOf":{"@id":"https://www.manaus.am.gov.br/fdt/#website"},"datePublished":"2023-03-29T21:26:45+00:00","dateModified":"2023-04-03T22:38:55+00:00","breadcrumb":{"@id":"https://www.manaus.am.gov.br/fdt/a-fundacao-doutor-thomas/viver-bem-na-terceira-idade/#breadcrumb"},"inLanguage":"pt-BR","potentialAction":[{"@type":"ReadAction","target":["https://www.manaus.am.gov.br/fdt/a-fundacao-doutor-thomas/viver-bem-na-terceira-idade/"]}]},{"@type":"BreadcrumbList","@id":"https://www.manaus.am.gov.br/fdt/a-fundacao-doutor-thomas/viver-bem-na-terceira-idade/#breadcrumb","itemListElement":[{"@type":"ListItem","position":1,"name":"Home","item":"https://www.manaus.am.gov.br/fdt/"},{"@type":"ListItem","position":2,"name":"FUNDAÇÃO DOUTOR THOMAS","item":"https://www.manaus.am.gov.br/fdt/a-fundacao-doutor-thomas/"},{"@type":"ListItem","position":3,"name":"Viver Bem na Terceira Idade"}]},{"@type":"WebSite","@id":"https://www.manaus.am.gov.br/fdt/#website","url":"https://www.manaus.am.gov.br/fdt/","name":"FDT","description":"Fundação de Apoio ao Idoso Dr. Thomas","potentialAction":[{"@type":"SearchAction","target":{"@type":"EntryPoint","urlTemplate":"https://www.manaus.am.gov.br/fdt/?s={search_term_string}"},"query-input":"required name=search_term_string"}],"inLanguage":"pt-BR"}]}</script>
<!-- / Yoast SEO plugin. -->

FUNDAÇÃO DOUTOR THOMAS

Fundação de Apoio ao Idoso Dr. Thomas
