{"id":2906,"date":"2025-10-09T13:08:10","date_gmt":"2025-10-09T17:08:10","guid":{"rendered":"https:\/\/www.manaus.am.gov.br\/fmdpi\/?page_id=2906"},"modified":"2025-10-09T13:08:21","modified_gmt":"2025-10-09T17:08:21","slug":"doacoes","status":"publish","type":"page","link":"https:\/\/www.manaus.am.gov.br\/fdt\/fundo-municipal-do-idoso\/doacoes\/","title":{"rendered":"Doa\u00e7\u00f5es"},"content":{"rendered":"\n<h2 class=\"wp-block-heading\" style=\"text-transform:uppercase\">Como doar?<\/h2>\n\n\n\n<p>A doa\u00e7\u00e3o poder\u00e1 ser realizada em qualquer m\u00eas do ano, mas somente poder\u00e1 ser deduzia do Imposto de Renda devido quando o contribuinte realizar a Declara\u00e7\u00e3o de Ajuste Anual (referente ao ano-calend\u00e1rio em que a doa\u00e7\u00e3o ocorrer), efetuada apenas no ano seguinte. A titulo de exemplifica\u00e7\u00e3o imagine que o contribuinte X realizou doa\u00e7\u00e3o ao Fundo no dia 30 de janeiro de 2016.<\/p>\n\n\n\n<p>A doa\u00e7\u00e3o s\u00f3 poder\u00e1 ser deduzida na Declara\u00e7\u00e3o de Ajuste Anual de 2017 (que acontece no final de abril), referente ao ano-calend\u00e1rio de 2016. Portanto, como a doa\u00e7\u00e3o ocorre antes de doador (pessoa f\u00edsica ou jur\u00eddica) apurar o imposto devido, \u00e9 essencial que, antes da doa\u00e7\u00e3o, o contribuinte fa\u00e7a uma estimativa do valor do imposto devido, para que o valor doado seja o mais pr\u00f3ximo poss\u00edvel do percentual legal que poder\u00e1 ser devido.<\/p>\n\n\n\n<p>A participa\u00e7\u00e3o, por meio de contribui\u00e7\u00f5es em valores, poder\u00e1 ocorrer, a crit\u00e9rio do doador, na forma de m\u00faltiplas doa\u00e7\u00f5es durante o ano ou por uma \u00fanica contribui\u00e7\u00e3o anual. Contudo, qualquer doa\u00e7\u00e3o que ultrapasse os limites legais estabelecidos n\u00e3o poder\u00e1 ser deduzida nas declara\u00e7\u00f5es posteriores do  imposto de Renda.<\/p>\n\n\n\n<h2 class=\"wp-block-heading\" style=\"text-transform:uppercase\">Passos para doa\u00e7\u00e3o<\/h2>\n\n\n\n<p>O contribuinte poder\u00e1 efetuar a doa\u00e7\u00e3o por meio de dep\u00f3sito em conta corrente do Fundo, DOC ou TED,  que dever\u00e1 ser preenchido com os seguintes dados:<\/p>\n\n\n\n<p>Banco do Brasil (001)<br>Ag\u00eancia: 3563-7<br>Conta Corrente: 8539-1<br>Favorecimento: Fundo Municipal de Direitos do Idoso<br>CNPJ: 13.154.654\/001-11<\/p>\n\n\n\n<h2 class=\"wp-block-heading\" style=\"text-transform:uppercase\">Quem pode doar?<\/h2>\n\n\n\n<p>As pessoas f\u00edsicas podem doar e deduzir do imposto de renda devido \u00e0s contribui\u00e7\u00f5es feitas aos referidos  fundos, observando-se o limite de dedu\u00e7\u00e3o global de 6%.<\/p>\n\n\n\n<p>Importante ressaltar que, para abater o Imposto de Renda devido, o contribuinte precisa fazer as doa\u00e7\u00f5es no ano-base do tributo. Ou seja, as dedu\u00e7\u00f5es poss\u00edveis na declara\u00e7\u00e3o de 2018 dever\u00e3o ser desembolsadas no curso de 2017.<\/p>\n\n\n\n<p>As pessoas jur\u00eddicas, optantes pelo Lucro Real, podem doar e deduzir do imposto de rendo devido, em cada per\u00edodo de apura\u00e7\u00e3o, o total das doa\u00e7\u00f5es feitas aos referidos Fundos, no entanto \u00e9 vedada a  dedu\u00e7\u00e3o como despesa operacional.<\/p>\n\n\n\n<p>Tal dedu\u00e7\u00e3o, todavia, n\u00e3o pode ultrapassar 1% do imposto devido.<\/p>\n\n\n\n<p>Os procedimentos para obten\u00e7\u00e3o das dedu\u00e7\u00f5es foram definidos como publica\u00e7\u00e3o da Institui\u00e7\u00e3o Normativa RB 1.131\/2011.<\/p>\n\n\n\n<p>As pessoas jur\u00eddicas e f\u00edsicas, que possuem certa frequ\u00eancia no pagamento do IRPJ e do IRPF, podem ir realizando pequenas destina\u00e7\u00f5es mensais ao fundo, mantendo uma margem de seguran\u00e7a que permita a absor\u00e7\u00e3o integral da doa\u00e7\u00e3o no ajuste anual do imposto.<\/p>\n\n\n\n<h2 class=\"wp-block-heading\" style=\"text-transform:uppercase\">Vantagens de doar<\/h2>\n\n\n\n<p>Nos termos da Lei n\u00ba 12.2013, de 20\/01\/2010, a pessoa f\u00edsica faz Declara\u00e7\u00e3o pelo modelo completo e a pessoa jur\u00eddica que apura imposto pelo Lucro Real tem direito de doar parte do Imposto de Renda em benef\u00edcio dos idosos e deduzir o valor doado do imposto devido. O que para o contribuinte \u00e9 incentivo fiscal, para a pessoa idosa \u00e9 benef\u00edcio e para a Uni\u00e3o \u00e9 ren\u00fancia fiscal.<\/p>\n\n\n\n<p>A doa\u00e7\u00e3o poder\u00e1 ser realizada em qualquer m\u00eas do ano, mas somente poder\u00e1 ser deduzida no Imposto de Renda devido quando o contribuinte realizar a Declara\u00e7\u00e3o de Ajuste Anual (referente ao ano calend\u00e1rio em que a doa\u00e7\u00e3o ocorrer), efetuada apenas no ano seguinte.<\/p>\n","protected":false},"excerpt":{"rendered":"","protected":false},"author":8,"featured_media":0,"parent":274,"menu_order":0,"comment_status":"closed","ping_status":"closed","template":"templates\/turismo.php","meta":{"footnotes":""},"acf":[],"yoast_head":"<!-- This site is optimized with the Yoast SEO plugin v23.0 - https:\/\/yoast.com\/wordpress\/plugins\/seo\/ -->\n<title>Doa\u00e7\u00f5es - FDT<\/title>\n<meta name=\"robots\" content=\"index, follow, max-snippet:-1, max-image-preview:large, max-video-preview:-1\" \/>\n<link rel=\"canonical\" href=\"https:\/\/www.manaus.am.gov.br\/fdt\/fundo-municipal-do-idoso\/doacoes\/\" \/>\n<meta property=\"og:locale\" content=\"pt_BR\" \/>\n<meta property=\"og:type\" content=\"article\" \/>\n<meta property=\"og:title\" content=\"Doa\u00e7\u00f5es - FDT\" \/>\n<meta property=\"og:url\" content=\"https:\/\/www.manaus.am.gov.br\/fdt\/fundo-municipal-do-idoso\/doacoes\/\" \/>\n<meta property=\"og:site_name\" content=\"FDT\" \/>\n<meta property=\"article:modified_time\" content=\"2025-10-09T17:08:21+00:00\" \/>\n<meta name=\"twitter:card\" content=\"summary_large_image\" \/>\n<meta name=\"twitter:label1\" content=\"Est. reading time\" \/>\n\t<meta name=\"twitter:data1\" content=\"3 minutos\" \/>\n<script type=\"application\/ld+json\" class=\"yoast-schema-graph\">{\"@context\":\"https:\/\/schema.org\",\"@graph\":[{\"@type\":\"WebPage\",\"@id\":\"https:\/\/www.manaus.am.gov.br\/fdt\/fundo-municipal-do-idoso\/doacoes\/\",\"url\":\"https:\/\/www.manaus.am.gov.br\/fdt\/fundo-municipal-do-idoso\/doacoes\/\",\"name\":\"Doa\u00e7\u00f5es - FDT\",\"isPartOf\":{\"@id\":\"https:\/\/www.manaus.am.gov.br\/fdt\/#website\"},\"datePublished\":\"2025-10-09T17:08:10+00:00\",\"dateModified\":\"2025-10-09T17:08:21+00:00\",\"breadcrumb\":{\"@id\":\"https:\/\/www.manaus.am.gov.br\/fdt\/fundo-municipal-do-idoso\/doacoes\/#breadcrumb\"},\"inLanguage\":\"pt-BR\",\"potentialAction\":[{\"@type\":\"ReadAction\",\"target\":[\"https:\/\/www.manaus.am.gov.br\/fdt\/fundo-municipal-do-idoso\/doacoes\/\"]}]},{\"@type\":\"BreadcrumbList\",\"@id\":\"https:\/\/www.manaus.am.gov.br\/fdt\/fundo-municipal-do-idoso\/doacoes\/#breadcrumb\",\"itemListElement\":[{\"@type\":\"ListItem\",\"position\":1,\"name\":\"Home\",\"item\":\"https:\/\/www.manaus.am.gov.br\/fdt\/\"},{\"@type\":\"ListItem\",\"position\":2,\"name\":\"Fundo Municipal do Idoso\",\"item\":\"https:\/\/www.manaus.am.gov.br\/fdt\/fundo-municipal-do-idoso\/\"},{\"@type\":\"ListItem\",\"position\":3,\"name\":\"Doa\u00e7\u00f5es\"}]},{\"@type\":\"WebSite\",\"@id\":\"https:\/\/www.manaus.am.gov.br\/fdt\/#website\",\"url\":\"https:\/\/www.manaus.am.gov.br\/fdt\/\",\"name\":\"FDT\",\"description\":\"Funda\u00e7\u00e3o de Apoio ao Idoso Dr. Thomas\",\"potentialAction\":[{\"@type\":\"SearchAction\",\"target\":{\"@type\":\"EntryPoint\",\"urlTemplate\":\"https:\/\/www.manaus.am.gov.br\/fdt\/?s={search_term_string}\"},\"query-input\":\"required name=search_term_string\"}],\"inLanguage\":\"pt-BR\"}]}<\/script>\n<!-- \/ Yoast SEO plugin. -->","yoast_head_json":{"title":"Doa\u00e7\u00f5es - FDT","robots":{"index":"index","follow":"follow","max-snippet":"max-snippet:-1","max-image-preview":"max-image-preview:large","max-video-preview":"max-video-preview:-1"},"canonical":"https:\/\/www.manaus.am.gov.br\/fdt\/fundo-municipal-do-idoso\/doacoes\/","og_locale":"pt_BR","og_type":"article","og_title":"Doa\u00e7\u00f5es - FDT","og_url":"https:\/\/www.manaus.am.gov.br\/fdt\/fundo-municipal-do-idoso\/doacoes\/","og_site_name":"FDT","article_modified_time":"2025-10-09T17:08:21+00:00","twitter_card":"summary_large_image","twitter_misc":{"Est. reading time":"3 minutos"},"schema":{"@context":"https:\/\/schema.org","@graph":[{"@type":"WebPage","@id":"https:\/\/www.manaus.am.gov.br\/fdt\/fundo-municipal-do-idoso\/doacoes\/","url":"https:\/\/www.manaus.am.gov.br\/fdt\/fundo-municipal-do-idoso\/doacoes\/","name":"Doa\u00e7\u00f5es - FDT","isPartOf":{"@id":"https:\/\/www.manaus.am.gov.br\/fdt\/#website"},"datePublished":"2025-10-09T17:08:10+00:00","dateModified":"2025-10-09T17:08:21+00:00","breadcrumb":{"@id":"https:\/\/www.manaus.am.gov.br\/fdt\/fundo-municipal-do-idoso\/doacoes\/#breadcrumb"},"inLanguage":"pt-BR","potentialAction":[{"@type":"ReadAction","target":["https:\/\/www.manaus.am.gov.br\/fdt\/fundo-municipal-do-idoso\/doacoes\/"]}]},{"@type":"BreadcrumbList","@id":"https:\/\/www.manaus.am.gov.br\/fdt\/fundo-municipal-do-idoso\/doacoes\/#breadcrumb","itemListElement":[{"@type":"ListItem","position":1,"name":"Home","item":"https:\/\/www.manaus.am.gov.br\/fdt\/"},{"@type":"ListItem","position":2,"name":"Fundo Municipal do Idoso","item":"https:\/\/www.manaus.am.gov.br\/fdt\/fundo-municipal-do-idoso\/"},{"@type":"ListItem","position":3,"name":"Doa\u00e7\u00f5es"}]},{"@type":"WebSite","@id":"https:\/\/www.manaus.am.gov.br\/fdt\/#website","url":"https:\/\/www.manaus.am.gov.br\/fdt\/","name":"FDT","description":"Funda\u00e7\u00e3o de Apoio ao Idoso Dr. Thomas","potentialAction":[{"@type":"SearchAction","target":{"@type":"EntryPoint","urlTemplate":"https:\/\/www.manaus.am.gov.br\/fdt\/?s={search_term_string}"},"query-input":"required name=search_term_string"}],"inLanguage":"pt-BR"}]}},"_links":{"self":[{"href":"https:\/\/www.manaus.am.gov.br\/fdt\/wp-json\/wp\/v2\/pages\/2906"}],"collection":[{"href":"https:\/\/www.manaus.am.gov.br\/fdt\/wp-json\/wp\/v2\/pages"}],"about":[{"href":"https:\/\/www.manaus.am.gov.br\/fdt\/wp-json\/wp\/v2\/types\/page"}],"author":[{"embeddable":true,"href":"https:\/\/www.manaus.am.gov.br\/fdt\/wp-json\/wp\/v2\/users\/8"}],"replies":[{"embeddable":true,"href":"https:\/\/www.manaus.am.gov.br\/fdt\/wp-json\/wp\/v2\/comments?post=2906"}],"version-history":[{"count":2,"href":"https:\/\/www.manaus.am.gov.br\/fdt\/wp-json\/wp\/v2\/pages\/2906\/revisions"}],"predecessor-version":[{"id":2914,"href":"https:\/\/www.manaus.am.gov.br\/fdt\/wp-json\/wp\/v2\/pages\/2906\/revisions\/2914"}],"up":[{"embeddable":true,"href":"https:\/\/www.manaus.am.gov.br\/fdt\/wp-json\/wp\/v2\/pages\/274"}],"wp:attachment":[{"href":"https:\/\/www.manaus.am.gov.br\/fdt\/wp-json\/wp\/v2\/media?parent=2906"}],"curies":[{"name":"wp","href":"https:\/\/api.w.org\/{rel}","templated":true}]}}