{"id":2094,"date":"2024-09-02T14:09:02","date_gmt":"2024-09-02T18:09:02","guid":{"rendered":"https:\/\/www.manaus.am.gov.br\/fdt\/?page_id=2094"},"modified":"2025-10-08T11:33:59","modified_gmt":"2025-10-08T15:33:59","slug":"dispensa-e-inexigibilidade-de-licitacao-2024","status":"publish","type":"page","link":"https:\/\/www.manaus.am.gov.br\/fdt\/transparencia-fdt\/dispensa-e-inexigibilidade-de-licitacao\/dispensa-e-inexigibilidade-de-licitacao-2024\/","title":{"rendered":"Dispensa e Inexigibilidade de Licita\u00e7\u00e3o &#8211; 2024"},"content":{"rendered":"\n<h3 class=\"wp-block-heading\"><a href=\"https:\/\/www.manaus.am.gov.br\/fdt\/wp-content\/uploads\/sites\/18\/2024\/09\/1.202427000270220014847_LDNTECH_Art.-75-II-Lei-14.133_Compra-Direta.pdf\">1 202427000270220014847_LDNTECH_Art. 75- II-Lei -14.133_Compra-Direta<\/a><\/h3>\n\n\n\n<h3 class=\"wp-block-heading\"><a href=\"https:\/\/www.manaus.am.gov.br\/fmdpi\/wp-content\/uploads\/sites\/18\/2025\/10\/2.202427000270220010915_Rufo-Servicos_Art.-75-VIII-Lei-14.133_Dispensa-Licitacao.pdf\">2.202427000270220010915_Rufo Servi\u00e7os_Art. 75- VIII-Lei -14.133_Dispensa-Licita\u00e7\u00e3o<\/a><\/h3>\n\n\n\n<h3 class=\"wp-block-heading\"><a href=\"https:\/\/www.manaus.am.gov.br\/fmdpi\/wp-content\/uploads\/sites\/18\/2025\/10\/3.202427000270220016850_Qualinorte_Art.-75-II-Lei-14.133_Compra-Direta.pdf\">3.202427000270220016850_Qualinorte_Art. 75- II-Lei -14.133_Compra-Direta<\/a><\/h3>\n\n\n\n<h3 class=\"wp-block-heading\"><a href=\"https:\/\/www.manaus.am.gov.br\/fmdpi\/wp-content\/uploads\/sites\/18\/2025\/10\/4.202427000270220021309_Instrumental-Tecnico_Art.-75-II-Lei-14.133_Compra-Direta.pdf\">4.202427000270220021309_Instrumental Tecnico_Art. 75- II-Lei -14.133_Compra-Direta<\/a><\/h3>\n\n\n\n<h3 class=\"wp-block-heading\"><a href=\"https:\/\/www.manaus.am.gov.br\/fmdpi\/wp-content\/uploads\/sites\/18\/2025\/10\/5.202427000270220021396_P-H-Comercio_Art.-75-II-Lei-14.133_Compra-Direta.pdf\">5.202427000270220021396_P H Comercio_Art. 75- II-Lei -14.133_Compra-Direta<\/a><\/h3>\n\n\n\n<h3 class=\"wp-block-heading\"><a href=\"https:\/\/www.manaus.am.gov.br\/fmdpi\/wp-content\/uploads\/sites\/18\/2025\/10\/6.202427000270220019666_Wheligton-Salomao_Art.-75-II-Lei-14.133_Compra-Direta.pdf\">6.202427000270220019666_Wheligton Salom\u00e3o_Art. 75- II-Lei -14.133_Compra-Direta<\/a><\/h3>\n\n\n\n<h3 class=\"wp-block-heading\"><a href=\"https:\/\/www.manaus.am.gov.br\/fmdpi\/wp-content\/uploads\/sites\/18\/2025\/10\/7.202427000270220023218_Kaely-Certificacao_Art.-75-II-Lei-14.133_Compra-Direta.pdf\">7.202427000270220023218_Kaely Certifica\u00e7\u00e3o_Art. 75- II-Lei -14.133_Compra-Direta<\/a><\/h3>\n\n\n\n<h3 class=\"wp-block-heading\"><a href=\"https:\/\/www.manaus.am.gov.br\/fmdpi\/wp-content\/uploads\/sites\/18\/2025\/10\/8.202427000270220025025_Araujo-Comercio_Art.-75-II-Lei-14.133_Compra-Direta.pdf\">8.202427000270220025025_Araujo Com\u00e9rcio_Art. 75- II-Lei -14.133_Compra-Direta<\/a><\/h3>\n\n\n\n<h3 class=\"wp-block-heading\"><a href=\"https:\/\/www.manaus.am.gov.br\/fmdpi\/wp-content\/uploads\/sites\/18\/2025\/10\/9.202427000270220027014_EFIRE_Art.-75-II-Lei-14.133_Compra-Direta.pdf\">9.202427000270220027014_EFIRE_Art. 75- II-Lei -14.133_Compra-Direta<\/a><\/h3>\n\n\n\n<h3 class=\"wp-block-heading\"><a href=\"https:\/\/www.manaus.am.gov.br\/fmdpi\/wp-content\/uploads\/sites\/18\/2025\/10\/10.202427000270220027239_C.C.R.-de-Oliveira_Art.-75-II-Lei-14.133_Compra-Direta.pdf\">10.202427000270220027239_C.C.R. de Oliveira_Art. 75- II-Lei -14.133_Compra-Direta<\/a><\/h3>\n\n\n\n<h3 class=\"wp-block-heading\"><a href=\"https:\/\/www.manaus.am.gov.br\/fmdpi\/wp-content\/uploads\/sites\/18\/2025\/10\/11.202427000270220029479_Marca-Comercio_Art.-75-II-Lei-14.133_Compra-Direta.pdf\">11.202427000270220029479_Marca Comercio_Art. 75- II-Lei -14.133_Compra-Direta<\/a><\/h3>\n\n\n\n<h3 class=\"wp-block-heading\"><a href=\"https:\/\/www.manaus.am.gov.br\/fmdpi\/wp-content\/uploads\/sites\/18\/2025\/10\/12.202427000270220029588_Tawrus-Conservacao_Dispensa-Licitacao.pdf\">12.202427000270220029588_Tawrus Conserva\u00e7\u00e3o_Dispensa-Licita\u00e7\u00e3o<\/a><\/h3>\n\n\n\n<h3 class=\"wp-block-heading\"><a href=\"https:\/\/www.manaus.am.gov.br\/fmdpi\/wp-content\/uploads\/sites\/18\/2025\/10\/13.202427000270220030009_Tawrus-Seguranca_Dispensa-Licitacao.pdf\">13.202427000270220030009_Tawrus Seguran\u00e7a_Dispensa-Licita\u00e7\u00e3o<\/a><\/h3>\n\n\n\n<h3 class=\"wp-block-heading\"><a href=\"https:\/\/www.manaus.am.gov.br\/fmdpi\/wp-content\/uploads\/sites\/18\/2025\/10\/14.202427000270220030191_CEREALISTA_Art.-75-II-Lei-14.133_Compra-Direta.pdf\">14.202427000270220030191_CEREALISTA_Art. 75- II-Lei -14.133_Compra-Direta<\/a><\/h3>\n","protected":false},"excerpt":{"rendered":"","protected":false},"author":8,"featured_media":0,"parent":279,"menu_order":0,"comment_status":"closed","ping_status":"closed","template":"templates\/turismo.php","meta":{"footnotes":""},"acf":[],"yoast_head":"<!-- This site is optimized with the Yoast SEO plugin v23.0 - https:\/\/yoast.com\/wordpress\/plugins\/seo\/ -->\n<title>Dispensa e Inexigibilidade de Licita\u00e7\u00e3o - 2024 - FDT<\/title>\n<meta name=\"robots\" content=\"index, follow, max-snippet:-1, max-image-preview:large, max-video-preview:-1\" \/>\n<link rel=\"canonical\" href=\"https:\/\/www.manaus.am.gov.br\/fdt\/transparencia-fdt\/dispensa-e-inexigibilidade-de-licitacao\/dispensa-e-inexigibilidade-de-licitacao-2024\/\" \/>\n<meta property=\"og:locale\" content=\"pt_BR\" \/>\n<meta property=\"og:type\" content=\"article\" \/>\n<meta property=\"og:title\" content=\"Dispensa e Inexigibilidade de Licita\u00e7\u00e3o - 2024 - FDT\" \/>\n<meta property=\"og:url\" content=\"https:\/\/www.manaus.am.gov.br\/fdt\/transparencia-fdt\/dispensa-e-inexigibilidade-de-licitacao\/dispensa-e-inexigibilidade-de-licitacao-2024\/\" \/>\n<meta property=\"og:site_name\" content=\"FDT\" \/>\n<meta property=\"article:modified_time\" content=\"2025-10-08T15:33:59+00:00\" \/>\n<meta name=\"twitter:card\" content=\"summary_large_image\" \/>\n<meta name=\"twitter:label1\" content=\"Est. reading time\" \/>\n\t<meta name=\"twitter:data1\" content=\"1 minuto\" \/>\n<script type=\"application\/ld+json\" class=\"yoast-schema-graph\">{\"@context\":\"https:\/\/schema.org\",\"@graph\":[{\"@type\":\"WebPage\",\"@id\":\"https:\/\/www.manaus.am.gov.br\/fdt\/transparencia-fdt\/dispensa-e-inexigibilidade-de-licitacao\/dispensa-e-inexigibilidade-de-licitacao-2024\/\",\"url\":\"https:\/\/www.manaus.am.gov.br\/fdt\/transparencia-fdt\/dispensa-e-inexigibilidade-de-licitacao\/dispensa-e-inexigibilidade-de-licitacao-2024\/\",\"name\":\"Dispensa e Inexigibilidade de Licita\u00e7\u00e3o - 2024 - FDT\",\"isPartOf\":{\"@id\":\"https:\/\/www.manaus.am.gov.br\/fdt\/#website\"},\"datePublished\":\"2024-09-02T18:09:02+00:00\",\"dateModified\":\"2025-10-08T15:33:59+00:00\",\"breadcrumb\":{\"@id\":\"https:\/\/www.manaus.am.gov.br\/fdt\/transparencia-fdt\/dispensa-e-inexigibilidade-de-licitacao\/dispensa-e-inexigibilidade-de-licitacao-2024\/#breadcrumb\"},\"inLanguage\":\"pt-BR\",\"potentialAction\":[{\"@type\":\"ReadAction\",\"target\":[\"https:\/\/www.manaus.am.gov.br\/fdt\/transparencia-fdt\/dispensa-e-inexigibilidade-de-licitacao\/dispensa-e-inexigibilidade-de-licitacao-2024\/\"]}]},{\"@type\":\"BreadcrumbList\",\"@id\":\"https:\/\/www.manaus.am.gov.br\/fdt\/transparencia-fdt\/dispensa-e-inexigibilidade-de-licitacao\/dispensa-e-inexigibilidade-de-licitacao-2024\/#breadcrumb\",\"itemListElement\":[{\"@type\":\"ListItem\",\"position\":1,\"name\":\"Home\",\"item\":\"https:\/\/www.manaus.am.gov.br\/fdt\/\"},{\"@type\":\"ListItem\",\"position\":2,\"name\":\"Transpar\u00eancia &#8211; FMDPI\",\"item\":\"https:\/\/www.manaus.am.gov.br\/fdt\/transparencia-fdt\/\"},{\"@type\":\"ListItem\",\"position\":3,\"name\":\"Dispensa e Inexigibilidade de Licita\u00e7\u00e3o\",\"item\":\"https:\/\/www.manaus.am.gov.br\/fdt\/transparencia-fdt\/dispensa-e-inexigibilidade-de-licitacao\/\"},{\"@type\":\"ListItem\",\"position\":4,\"name\":\"Dispensa e Inexigibilidade de Licita\u00e7\u00e3o &#8211; 2024\"}]},{\"@type\":\"WebSite\",\"@id\":\"https:\/\/www.manaus.am.gov.br\/fdt\/#website\",\"url\":\"https:\/\/www.manaus.am.gov.br\/fdt\/\",\"name\":\"FDT\",\"description\":\"Funda\u00e7\u00e3o de Apoio ao Idoso Dr. Thomas\",\"potentialAction\":[{\"@type\":\"SearchAction\",\"target\":{\"@type\":\"EntryPoint\",\"urlTemplate\":\"https:\/\/www.manaus.am.gov.br\/fdt\/?s={search_term_string}\"},\"query-input\":\"required name=search_term_string\"}],\"inLanguage\":\"pt-BR\"}]}<\/script>\n<!-- \/ Yoast SEO plugin. -->","yoast_head_json":{"title":"Dispensa e Inexigibilidade de Licita\u00e7\u00e3o - 2024 - FDT","robots":{"index":"index","follow":"follow","max-snippet":"max-snippet:-1","max-image-preview":"max-image-preview:large","max-video-preview":"max-video-preview:-1"},"canonical":"https:\/\/www.manaus.am.gov.br\/fdt\/transparencia-fdt\/dispensa-e-inexigibilidade-de-licitacao\/dispensa-e-inexigibilidade-de-licitacao-2024\/","og_locale":"pt_BR","og_type":"article","og_title":"Dispensa e Inexigibilidade de Licita\u00e7\u00e3o - 2024 - FDT","og_url":"https:\/\/www.manaus.am.gov.br\/fdt\/transparencia-fdt\/dispensa-e-inexigibilidade-de-licitacao\/dispensa-e-inexigibilidade-de-licitacao-2024\/","og_site_name":"FDT","article_modified_time":"2025-10-08T15:33:59+00:00","twitter_card":"summary_large_image","twitter_misc":{"Est. reading time":"1 minuto"},"schema":{"@context":"https:\/\/schema.org","@graph":[{"@type":"WebPage","@id":"https:\/\/www.manaus.am.gov.br\/fdt\/transparencia-fdt\/dispensa-e-inexigibilidade-de-licitacao\/dispensa-e-inexigibilidade-de-licitacao-2024\/","url":"https:\/\/www.manaus.am.gov.br\/fdt\/transparencia-fdt\/dispensa-e-inexigibilidade-de-licitacao\/dispensa-e-inexigibilidade-de-licitacao-2024\/","name":"Dispensa e Inexigibilidade de Licita\u00e7\u00e3o - 2024 - FDT","isPartOf":{"@id":"https:\/\/www.manaus.am.gov.br\/fdt\/#website"},"datePublished":"2024-09-02T18:09:02+00:00","dateModified":"2025-10-08T15:33:59+00:00","breadcrumb":{"@id":"https:\/\/www.manaus.am.gov.br\/fdt\/transparencia-fdt\/dispensa-e-inexigibilidade-de-licitacao\/dispensa-e-inexigibilidade-de-licitacao-2024\/#breadcrumb"},"inLanguage":"pt-BR","potentialAction":[{"@type":"ReadAction","target":["https:\/\/www.manaus.am.gov.br\/fdt\/transparencia-fdt\/dispensa-e-inexigibilidade-de-licitacao\/dispensa-e-inexigibilidade-de-licitacao-2024\/"]}]},{"@type":"BreadcrumbList","@id":"https:\/\/www.manaus.am.gov.br\/fdt\/transparencia-fdt\/dispensa-e-inexigibilidade-de-licitacao\/dispensa-e-inexigibilidade-de-licitacao-2024\/#breadcrumb","itemListElement":[{"@type":"ListItem","position":1,"name":"Home","item":"https:\/\/www.manaus.am.gov.br\/fdt\/"},{"@type":"ListItem","position":2,"name":"Transpar\u00eancia &#8211; FMDPI","item":"https:\/\/www.manaus.am.gov.br\/fdt\/transparencia-fdt\/"},{"@type":"ListItem","position":3,"name":"Dispensa e Inexigibilidade de Licita\u00e7\u00e3o","item":"https:\/\/www.manaus.am.gov.br\/fdt\/transparencia-fdt\/dispensa-e-inexigibilidade-de-licitacao\/"},{"@type":"ListItem","position":4,"name":"Dispensa e Inexigibilidade de Licita\u00e7\u00e3o &#8211; 2024"}]},{"@type":"WebSite","@id":"https:\/\/www.manaus.am.gov.br\/fdt\/#website","url":"https:\/\/www.manaus.am.gov.br\/fdt\/","name":"FDT","description":"Funda\u00e7\u00e3o de Apoio ao Idoso Dr. Thomas","potentialAction":[{"@type":"SearchAction","target":{"@type":"EntryPoint","urlTemplate":"https:\/\/www.manaus.am.gov.br\/fdt\/?s={search_term_string}"},"query-input":"required name=search_term_string"}],"inLanguage":"pt-BR"}]}},"_links":{"self":[{"href":"https:\/\/www.manaus.am.gov.br\/fdt\/wp-json\/wp\/v2\/pages\/2094"}],"collection":[{"href":"https:\/\/www.manaus.am.gov.br\/fdt\/wp-json\/wp\/v2\/pages"}],"about":[{"href":"https:\/\/www.manaus.am.gov.br\/fdt\/wp-json\/wp\/v2\/types\/page"}],"author":[{"embeddable":true,"href":"https:\/\/www.manaus.am.gov.br\/fdt\/wp-json\/wp\/v2\/users\/8"}],"replies":[{"embeddable":true,"href":"https:\/\/www.manaus.am.gov.br\/fdt\/wp-json\/wp\/v2\/comments?post=2094"}],"version-history":[{"count":4,"href":"https:\/\/www.manaus.am.gov.br\/fdt\/wp-json\/wp\/v2\/pages\/2094\/revisions"}],"predecessor-version":[{"id":2843,"href":"https:\/\/www.manaus.am.gov.br\/fdt\/wp-json\/wp\/v2\/pages\/2094\/revisions\/2843"}],"up":[{"embeddable":true,"href":"https:\/\/www.manaus.am.gov.br\/fdt\/wp-json\/wp\/v2\/pages\/279"}],"wp:attachment":[{"href":"https:\/\/www.manaus.am.gov.br\/fdt\/wp-json\/wp\/v2\/media?parent=2094"}],"curies":[{"name":"wp","href":"https:\/\/api.w.org\/{rel}","templated":true}]}}