{"id":2081,"date":"2024-09-02T14:07:50","date_gmt":"2024-09-02T18:07:50","guid":{"rendered":"https:\/\/www.manaus.am.gov.br\/fdt\/?page_id=2081"},"modified":"2024-09-03T14:28:40","modified_gmt":"2024-09-03T18:28:40","slug":"dispensa-e-inexigibilidade-de-licitacao-2023","status":"publish","type":"page","link":"https:\/\/www.manaus.am.gov.br\/fdt\/transparencia-fdt\/dispensa-e-inexigibilidade-de-licitacao\/dispensa-e-inexigibilidade-de-licitacao-2023\/","title":{"rendered":"Dispensa e Inexigibilidade de Licita\u00e7\u00e3o &#8211; 2023"},"content":{"rendered":"\n<h3 class=\"wp-block-heading\"><a href=\"https:\/\/www.manaus.am.gov.br\/fdt\/wp-content\/uploads\/sites\/18\/2024\/09\/12.202227000270390011450_IBADE_-Concurso-Publico_Art.-24-XIII_Dispensa-Licitacao.pdf\">12 202227000270390011450_IBADE_ Concurso P\u00fablico_Art.-24-XIII_Dispensa-Licita\u00e7\u00e3o<\/a><\/h3>\n\n\n\n<h3 class=\"wp-block-heading\"><a href=\"https:\/\/www.manaus.am.gov.br\/fdt\/wp-content\/uploads\/sites\/18\/2024\/09\/13.202327000270220007880_Lux-Tecnologia_Art.-24-IV_Dispensa-Licitacao.pdf\">13 202327000270220007880_Lux Tecnologia_Art.-24-IV_Dispensa-Licita\u00e7\u00e3o<\/a><\/h3>\n\n\n\n<h3 class=\"wp-block-heading\"><a href=\"https:\/\/www.manaus.am.gov.br\/fdt\/wp-content\/uploads\/sites\/18\/2024\/09\/14.202327000270200021642_P-Cardoso_Art.-24-II_Compra-Direta.pdf\">14 202327000270200021642_P Cardoso_Art.-24-II_Compra-Direta<\/a><\/h3>\n\n\n\n<h3 class=\"wp-block-heading\"><a href=\"https:\/\/www.manaus.am.gov.br\/fdt\/wp-content\/uploads\/sites\/18\/2024\/09\/15.202327000270220024284_A-W-G-Engenharia_Art.-24-II_Compra-Direta.pdf\">15 202327000270220024284_A W G Engenharia_Art.-24-II_Compra-Direta<\/a><\/h3>\n\n\n\n<h3 class=\"wp-block-heading\"><a href=\"https:\/\/www.manaus.am.gov.br\/fdt\/wp-content\/uploads\/sites\/18\/2024\/09\/16.202327000270220030456_Sergio-F-Braga_Art.-24-II_Compra-Direta.pdf\">16 202327000270220030456_Sergio F Braga_Art.-24-II_Compra-Direta<\/a><\/h3>\n\n\n\n<h3 class=\"wp-block-heading\"><a href=\"https:\/\/www.manaus.am.gov.br\/fdt\/wp-content\/uploads\/sites\/18\/2024\/09\/17.202327000270220028209_Rufo-Servicos_Art.-24-IV_Dispensa-Licitacao.pdf\">17 202327000270220028209_Rufo Servi\u00e7os_Art.-24-IV_Dispensa-Licita\u00e7\u00e3o<\/a><\/h3>\n\n\n\n<h3 class=\"wp-block-heading\"><a href=\"https:\/\/www.manaus.am.gov.br\/fdt\/wp-content\/uploads\/sites\/18\/2024\/09\/18.202327000270220029829_C.C.R._Art.-24-II_Compra-Direta.pdf\">18 202327000270220029829_C.C.R._Art.-24-II_Compra-Direta<\/a><\/h3>\n\n\n\n<h3 class=\"wp-block-heading\"><a href=\"https:\/\/www.manaus.am.gov.br\/fdt\/wp-content\/uploads\/sites\/18\/2024\/09\/19.202327000270220031746_A-W-G-Engenharia_Art.-24-II_Compra-Direta.pdf\">19 202327000270220031746_A W G Engenharia_Art.-24-II_Compra-Direta<\/a><\/h3>\n","protected":false},"excerpt":{"rendered":"","protected":false},"author":8,"featured_media":0,"parent":279,"menu_order":0,"comment_status":"closed","ping_status":"closed","template":"templates\/turismo.php","meta":{"footnotes":""},"acf":[],"yoast_head":"<!-- This site is optimized with the Yoast SEO plugin v23.0 - https:\/\/yoast.com\/wordpress\/plugins\/seo\/ -->\n<title>Dispensa e Inexigibilidade de Licita\u00e7\u00e3o - 2023 - FDT<\/title>\n<meta name=\"robots\" content=\"index, follow, max-snippet:-1, max-image-preview:large, max-video-preview:-1\" \/>\n<link rel=\"canonical\" href=\"https:\/\/www.manaus.am.gov.br\/fdt\/transparencia-fdt\/dispensa-e-inexigibilidade-de-licitacao\/dispensa-e-inexigibilidade-de-licitacao-2023\/\" \/>\n<meta property=\"og:locale\" content=\"pt_BR\" \/>\n<meta property=\"og:type\" content=\"article\" \/>\n<meta property=\"og:title\" content=\"Dispensa e Inexigibilidade de Licita\u00e7\u00e3o - 2023 - FDT\" \/>\n<meta property=\"og:url\" content=\"https:\/\/www.manaus.am.gov.br\/fdt\/transparencia-fdt\/dispensa-e-inexigibilidade-de-licitacao\/dispensa-e-inexigibilidade-de-licitacao-2023\/\" \/>\n<meta property=\"og:site_name\" content=\"FDT\" \/>\n<meta property=\"article:modified_time\" content=\"2024-09-03T18:28:40+00:00\" \/>\n<meta name=\"twitter:card\" content=\"summary_large_image\" \/>\n<meta name=\"twitter:label1\" content=\"Est. reading time\" \/>\n\t<meta name=\"twitter:data1\" content=\"1 minuto\" \/>\n<script type=\"application\/ld+json\" class=\"yoast-schema-graph\">{\"@context\":\"https:\/\/schema.org\",\"@graph\":[{\"@type\":\"WebPage\",\"@id\":\"https:\/\/www.manaus.am.gov.br\/fdt\/transparencia-fdt\/dispensa-e-inexigibilidade-de-licitacao\/dispensa-e-inexigibilidade-de-licitacao-2023\/\",\"url\":\"https:\/\/www.manaus.am.gov.br\/fdt\/transparencia-fdt\/dispensa-e-inexigibilidade-de-licitacao\/dispensa-e-inexigibilidade-de-licitacao-2023\/\",\"name\":\"Dispensa e Inexigibilidade de Licita\u00e7\u00e3o - 2023 - FDT\",\"isPartOf\":{\"@id\":\"https:\/\/www.manaus.am.gov.br\/fdt\/#website\"},\"datePublished\":\"2024-09-02T18:07:50+00:00\",\"dateModified\":\"2024-09-03T18:28:40+00:00\",\"breadcrumb\":{\"@id\":\"https:\/\/www.manaus.am.gov.br\/fdt\/transparencia-fdt\/dispensa-e-inexigibilidade-de-licitacao\/dispensa-e-inexigibilidade-de-licitacao-2023\/#breadcrumb\"},\"inLanguage\":\"pt-BR\",\"potentialAction\":[{\"@type\":\"ReadAction\",\"target\":[\"https:\/\/www.manaus.am.gov.br\/fdt\/transparencia-fdt\/dispensa-e-inexigibilidade-de-licitacao\/dispensa-e-inexigibilidade-de-licitacao-2023\/\"]}]},{\"@type\":\"BreadcrumbList\",\"@id\":\"https:\/\/www.manaus.am.gov.br\/fdt\/transparencia-fdt\/dispensa-e-inexigibilidade-de-licitacao\/dispensa-e-inexigibilidade-de-licitacao-2023\/#breadcrumb\",\"itemListElement\":[{\"@type\":\"ListItem\",\"position\":1,\"name\":\"Home\",\"item\":\"https:\/\/www.manaus.am.gov.br\/fdt\/\"},{\"@type\":\"ListItem\",\"position\":2,\"name\":\"Transpar\u00eancia &#8211; FMDPI\",\"item\":\"https:\/\/www.manaus.am.gov.br\/fdt\/transparencia-fdt\/\"},{\"@type\":\"ListItem\",\"position\":3,\"name\":\"Dispensa e Inexigibilidade de Licita\u00e7\u00e3o\",\"item\":\"https:\/\/www.manaus.am.gov.br\/fdt\/transparencia-fdt\/dispensa-e-inexigibilidade-de-licitacao\/\"},{\"@type\":\"ListItem\",\"position\":4,\"name\":\"Dispensa e Inexigibilidade de Licita\u00e7\u00e3o &#8211; 2023\"}]},{\"@type\":\"WebSite\",\"@id\":\"https:\/\/www.manaus.am.gov.br\/fdt\/#website\",\"url\":\"https:\/\/www.manaus.am.gov.br\/fdt\/\",\"name\":\"FDT\",\"description\":\"Funda\u00e7\u00e3o de Apoio ao Idoso Dr. Thomas\",\"potentialAction\":[{\"@type\":\"SearchAction\",\"target\":{\"@type\":\"EntryPoint\",\"urlTemplate\":\"https:\/\/www.manaus.am.gov.br\/fdt\/?s={search_term_string}\"},\"query-input\":\"required name=search_term_string\"}],\"inLanguage\":\"pt-BR\"}]}<\/script>\n<!-- \/ Yoast SEO plugin. -->","yoast_head_json":{"title":"Dispensa e Inexigibilidade de Licita\u00e7\u00e3o - 2023 - FDT","robots":{"index":"index","follow":"follow","max-snippet":"max-snippet:-1","max-image-preview":"max-image-preview:large","max-video-preview":"max-video-preview:-1"},"canonical":"https:\/\/www.manaus.am.gov.br\/fdt\/transparencia-fdt\/dispensa-e-inexigibilidade-de-licitacao\/dispensa-e-inexigibilidade-de-licitacao-2023\/","og_locale":"pt_BR","og_type":"article","og_title":"Dispensa e Inexigibilidade de Licita\u00e7\u00e3o - 2023 - FDT","og_url":"https:\/\/www.manaus.am.gov.br\/fdt\/transparencia-fdt\/dispensa-e-inexigibilidade-de-licitacao\/dispensa-e-inexigibilidade-de-licitacao-2023\/","og_site_name":"FDT","article_modified_time":"2024-09-03T18:28:40+00:00","twitter_card":"summary_large_image","twitter_misc":{"Est. reading time":"1 minuto"},"schema":{"@context":"https:\/\/schema.org","@graph":[{"@type":"WebPage","@id":"https:\/\/www.manaus.am.gov.br\/fdt\/transparencia-fdt\/dispensa-e-inexigibilidade-de-licitacao\/dispensa-e-inexigibilidade-de-licitacao-2023\/","url":"https:\/\/www.manaus.am.gov.br\/fdt\/transparencia-fdt\/dispensa-e-inexigibilidade-de-licitacao\/dispensa-e-inexigibilidade-de-licitacao-2023\/","name":"Dispensa e Inexigibilidade de Licita\u00e7\u00e3o - 2023 - FDT","isPartOf":{"@id":"https:\/\/www.manaus.am.gov.br\/fdt\/#website"},"datePublished":"2024-09-02T18:07:50+00:00","dateModified":"2024-09-03T18:28:40+00:00","breadcrumb":{"@id":"https:\/\/www.manaus.am.gov.br\/fdt\/transparencia-fdt\/dispensa-e-inexigibilidade-de-licitacao\/dispensa-e-inexigibilidade-de-licitacao-2023\/#breadcrumb"},"inLanguage":"pt-BR","potentialAction":[{"@type":"ReadAction","target":["https:\/\/www.manaus.am.gov.br\/fdt\/transparencia-fdt\/dispensa-e-inexigibilidade-de-licitacao\/dispensa-e-inexigibilidade-de-licitacao-2023\/"]}]},{"@type":"BreadcrumbList","@id":"https:\/\/www.manaus.am.gov.br\/fdt\/transparencia-fdt\/dispensa-e-inexigibilidade-de-licitacao\/dispensa-e-inexigibilidade-de-licitacao-2023\/#breadcrumb","itemListElement":[{"@type":"ListItem","position":1,"name":"Home","item":"https:\/\/www.manaus.am.gov.br\/fdt\/"},{"@type":"ListItem","position":2,"name":"Transpar\u00eancia &#8211; FMDPI","item":"https:\/\/www.manaus.am.gov.br\/fdt\/transparencia-fdt\/"},{"@type":"ListItem","position":3,"name":"Dispensa e Inexigibilidade de Licita\u00e7\u00e3o","item":"https:\/\/www.manaus.am.gov.br\/fdt\/transparencia-fdt\/dispensa-e-inexigibilidade-de-licitacao\/"},{"@type":"ListItem","position":4,"name":"Dispensa e Inexigibilidade de Licita\u00e7\u00e3o &#8211; 2023"}]},{"@type":"WebSite","@id":"https:\/\/www.manaus.am.gov.br\/fdt\/#website","url":"https:\/\/www.manaus.am.gov.br\/fdt\/","name":"FDT","description":"Funda\u00e7\u00e3o de Apoio ao Idoso Dr. Thomas","potentialAction":[{"@type":"SearchAction","target":{"@type":"EntryPoint","urlTemplate":"https:\/\/www.manaus.am.gov.br\/fdt\/?s={search_term_string}"},"query-input":"required name=search_term_string"}],"inLanguage":"pt-BR"}]}},"_links":{"self":[{"href":"https:\/\/www.manaus.am.gov.br\/fdt\/wp-json\/wp\/v2\/pages\/2081"}],"collection":[{"href":"https:\/\/www.manaus.am.gov.br\/fdt\/wp-json\/wp\/v2\/pages"}],"about":[{"href":"https:\/\/www.manaus.am.gov.br\/fdt\/wp-json\/wp\/v2\/types\/page"}],"author":[{"embeddable":true,"href":"https:\/\/www.manaus.am.gov.br\/fdt\/wp-json\/wp\/v2\/users\/8"}],"replies":[{"embeddable":true,"href":"https:\/\/www.manaus.am.gov.br\/fdt\/wp-json\/wp\/v2\/comments?post=2081"}],"version-history":[{"count":3,"href":"https:\/\/www.manaus.am.gov.br\/fdt\/wp-json\/wp\/v2\/pages\/2081\/revisions"}],"predecessor-version":[{"id":2223,"href":"https:\/\/www.manaus.am.gov.br\/fdt\/wp-json\/wp\/v2\/pages\/2081\/revisions\/2223"}],"up":[{"embeddable":true,"href":"https:\/\/www.manaus.am.gov.br\/fdt\/wp-json\/wp\/v2\/pages\/279"}],"wp:attachment":[{"href":"https:\/\/www.manaus.am.gov.br\/fdt\/wp-json\/wp\/v2\/media?parent=2081"}],"curies":[{"name":"wp","href":"https:\/\/api.w.org\/{rel}","templated":true}]}}

Dispensa e Inexigibilidade de Licitação &#8211; 2023

<h3 class="wp-block-heading"><a href="https://www.manaus.am.gov.br/fdt/wp-content/uploads/sites/18/2024/09/12.202227000270390011450_IBADE_-Concurso-Publico_Art.-24-XIII_Dispensa-Licitacao.pdf">12 202227000270390011450_IBADE_ Concurso Público_Art.-24-XIII_Dispensa-Licitação</a></h3>



<h3 class="wp-block-heading"><a href="https://www.manaus.am.gov.br/fdt/wp-content/uploads/sites/18/2024/09/13.202327000270220007880_Lux-Tecnologia_Art.-24-IV_Dispensa-Licitacao.pdf">13 202327000270220007880_Lux Tecnologia_Art.-24-IV_Dispensa-Licitação</a></h3>



<h3 class="wp-block-heading"><a href="https://www.manaus.am.gov.br/fdt/wp-content/uploads/sites/18/2024/09/14.202327000270200021642_P-Cardoso_Art.-24-II_Compra-Direta.pdf">14 202327000270200021642_P Cardoso_Art.-24-II_Compra-Direta</a></h3>



<h3 class="wp-block-heading"><a href="https://www.manaus.am.gov.br/fdt/wp-content/uploads/sites/18/2024/09/15.202327000270220024284_A-W-G-Engenharia_Art.-24-II_Compra-Direta.pdf">15 202327000270220024284_A W G Engenharia_Art.-24-II_Compra-Direta</a></h3>



<h3 class="wp-block-heading"><a href="https://www.manaus.am.gov.br/fdt/wp-content/uploads/sites/18/2024/09/16.202327000270220030456_Sergio-F-Braga_Art.-24-II_Compra-Direta.pdf">16 202327000270220030456_Sergio F Braga_Art.-24-II_Compra-Direta</a></h3>



<h3 class="wp-block-heading"><a href="https://www.manaus.am.gov.br/fdt/wp-content/uploads/sites/18/2024/09/17.202327000270220028209_Rufo-Servicos_Art.-24-IV_Dispensa-Licitacao.pdf">17 202327000270220028209_Rufo Serviços_Art.-24-IV_Dispensa-Licitação</a></h3>



<h3 class="wp-block-heading"><a href="https://www.manaus.am.gov.br/fdt/wp-content/uploads/sites/18/2024/09/18.202327000270220029829_C.C.R._Art.-24-II_Compra-Direta.pdf">18 202327000270220029829_C.C.R._Art.-24-II_Compra-Direta</a></h3>



<h3 class="wp-block-heading"><a href="https://www.manaus.am.gov.br/fdt/wp-content/uploads/sites/18/2024/09/19.202327000270220031746_A-W-G-Engenharia_Art.-24-II_Compra-Direta.pdf">19 202327000270220031746_A W G Engenharia_Art.-24-II_Compra-Direta</a></h3>

<!-- This site is optimized with the Yoast SEO plugin v23.0 - https://yoast.com/wordpress/plugins/seo/ -->
<title>Dispensa e Inexigibilidade de Licitação - 2023 - FDT</title>
<meta name="robots" content="index, follow, max-snippet:-1, max-image-preview:large, max-video-preview:-1" />
<link rel="canonical" href="https://www.manaus.am.gov.br/fdt/transparencia-fdt/dispensa-e-inexigibilidade-de-licitacao/dispensa-e-inexigibilidade-de-licitacao-2023/" />
<meta property="og:locale" content="pt_BR" />
<meta property="og:type" content="article" />
<meta property="og:title" content="Dispensa e Inexigibilidade de Licitação - 2023 - FDT" />
<meta property="og:url" content="https://www.manaus.am.gov.br/fdt/transparencia-fdt/dispensa-e-inexigibilidade-de-licitacao/dispensa-e-inexigibilidade-de-licitacao-2023/" />
<meta property="og:site_name" content="FDT" />
<meta property="article:modified_time" content="2024-09-03T18:28:40+00:00" />
<meta name="twitter:card" content="summary_large_image" />
<meta name="twitter:label1" content="Est. reading time" />
	<meta name="twitter:data1" content="1 minuto" />
<script type="application/ld+json" class="yoast-schema-graph">{"@context":"https://schema.org","@graph":[{"@type":"WebPage","@id":"https://www.manaus.am.gov.br/fdt/transparencia-fdt/dispensa-e-inexigibilidade-de-licitacao/dispensa-e-inexigibilidade-de-licitacao-2023/","url":"https://www.manaus.am.gov.br/fdt/transparencia-fdt/dispensa-e-inexigibilidade-de-licitacao/dispensa-e-inexigibilidade-de-licitacao-2023/","name":"Dispensa e Inexigibilidade de Licitação - 2023 - FDT","isPartOf":{"@id":"https://www.manaus.am.gov.br/fdt/#website"},"datePublished":"2024-09-02T18:07:50+00:00","dateModified":"2024-09-03T18:28:40+00:00","breadcrumb":{"@id":"https://www.manaus.am.gov.br/fdt/transparencia-fdt/dispensa-e-inexigibilidade-de-licitacao/dispensa-e-inexigibilidade-de-licitacao-2023/#breadcrumb"},"inLanguage":"pt-BR","potentialAction":[{"@type":"ReadAction","target":["https://www.manaus.am.gov.br/fdt/transparencia-fdt/dispensa-e-inexigibilidade-de-licitacao/dispensa-e-inexigibilidade-de-licitacao-2023/"]}]},{"@type":"BreadcrumbList","@id":"https://www.manaus.am.gov.br/fdt/transparencia-fdt/dispensa-e-inexigibilidade-de-licitacao/dispensa-e-inexigibilidade-de-licitacao-2023/#breadcrumb","itemListElement":[{"@type":"ListItem","position":1,"name":"Home","item":"https://www.manaus.am.gov.br/fdt/"},{"@type":"ListItem","position":2,"name":"Transparência &#8211; FMDPI","item":"https://www.manaus.am.gov.br/fdt/transparencia-fdt/"},{"@type":"ListItem","position":3,"name":"Dispensa e Inexigibilidade de Licitação","item":"https://www.manaus.am.gov.br/fdt/transparencia-fdt/dispensa-e-inexigibilidade-de-licitacao/"},{"@type":"ListItem","position":4,"name":"Dispensa e Inexigibilidade de Licitação &#8211; 2023"}]},{"@type":"WebSite","@id":"https://www.manaus.am.gov.br/fdt/#website","url":"https://www.manaus.am.gov.br/fdt/","name":"FDT","description":"Fundação de Apoio ao Idoso Dr. Thomas","potentialAction":[{"@type":"SearchAction","target":{"@type":"EntryPoint","urlTemplate":"https://www.manaus.am.gov.br/fdt/?s={search_term_string}"},"query-input":"required name=search_term_string"}],"inLanguage":"pt-BR"}]}</script>
<!-- / Yoast SEO plugin. -->

Dispensa e Inexigibilidade de Licitação - 2023 - FDT

Transparência &#8211; FMDPI

Dispensa e Inexigibilidade de Licitação

Fundação de Apoio ao Idoso Dr. Thomas
