{"id":1877,"date":"2024-09-02T09:56:50","date_gmt":"2024-09-02T13:56:50","guid":{"rendered":"https:\/\/www.manaus.am.gov.br\/fdt\/?page_id=1877"},"modified":"2024-09-02T11:17:13","modified_gmt":"2024-09-02T15:17:13","slug":"balancos-anuais-2021","status":"publish","type":"page","link":"https:\/\/www.manaus.am.gov.br\/fdt\/transparencia-fdt\/balancos-anuais\/balancos-anuais-2021\/","title":{"rendered":"Balan\u00e7o Anual &#8211; 2021"},"content":{"rendered":"\n<h3 class=\"wp-block-heading\"><a href=\"https:\/\/www.manaus.am.gov.br\/fdt\/wp-content\/uploads\/sites\/18\/2023\/03\/01-Balanco-Financeiro-4.pdf\" target=\"_blank\" rel=\"noreferrer noopener\">01 Balan\u00e7o Financeiro<\/a><\/h3>\n\n\n\n<h3 class=\"wp-block-heading\"><a href=\"https:\/\/www.manaus.am.gov.br\/fdt\/wp-content\/uploads\/sites\/18\/2023\/03\/02-Balanco-Orcamentario-4.pdf\" target=\"_blank\" rel=\"noreferrer noopener\">02 Balan\u00e7o Or\u00e7ament\u00e1rio<\/a><\/h3>\n\n\n\n<h3 class=\"wp-block-heading\"><a href=\"https:\/\/www.manaus.am.gov.br\/fdt\/wp-content\/uploads\/sites\/18\/2023\/03\/03-Balanco-Patrimonial-4.pdf\" target=\"_blank\" rel=\"noreferrer noopener\">03 Balan\u00e7o Patrimonial<\/a><\/h3>\n\n\n\n<h3 class=\"wp-block-heading\"><a href=\"https:\/\/www.manaus.am.gov.br\/fdt\/wp-content\/uploads\/sites\/18\/2023\/03\/04-Variacoes-Patrimoniais-4.pdf\" target=\"_blank\" rel=\"noreferrer noopener\">04 Varia\u00e7\u00f5es Patrimoniais<\/a><\/h3>\n\n\n\n<h3 class=\"wp-block-heading\"><a href=\"https:\/\/www.manaus.am.gov.br\/fdt\/wp-content\/uploads\/sites\/18\/2023\/03\/05-Fluxo-de-Caixa-4.pdf\" target=\"_blank\" rel=\"noreferrer noopener\">05 Fluxo De Caixa<\/a><\/h3>\n\n\n\n<h3 class=\"wp-block-heading\"><a href=\"https:\/\/www.manaus.am.gov.br\/fdt\/wp-content\/uploads\/sites\/18\/2023\/03\/06-Relatorio-Notas-Explicativas-FDT-4.pdf\" target=\"_blank\" rel=\"noreferrer noopener\">06 Relat\u00f3rio Notas Explicativas-FDT<\/a><\/h3>\n\n\n\n<h3 class=\"wp-block-heading\"><a href=\"https:\/\/www.manaus.am.gov.br\/fdt\/wp-content\/uploads\/sites\/18\/2023\/03\/07-Relatorio-Financeiro-Patrimonial-e-Orcamentario_FDT-4.pdf\" target=\"_blank\" rel=\"noreferrer noopener\">07 Relat\u00f3rio Financeiro, Patrimonial E Or\u00e7ament\u00e1rio FDT<\/a><\/h3>\n","protected":false},"excerpt":{"rendered":"","protected":false},"author":8,"featured_media":0,"parent":1840,"menu_order":0,"comment_status":"closed","ping_status":"closed","template":"templates\/turismo.php","meta":{"footnotes":""},"acf":[],"yoast_head":"<!-- This site is optimized with the Yoast SEO plugin v23.0 - https:\/\/yoast.com\/wordpress\/plugins\/seo\/ -->\n<title>Balan\u00e7o Anual - 2021 - FDT<\/title>\n<meta name=\"robots\" content=\"index, follow, max-snippet:-1, max-image-preview:large, max-video-preview:-1\" \/>\n<link rel=\"canonical\" href=\"https:\/\/www.manaus.am.gov.br\/fdt\/transparencia-fdt\/balancos-anuais\/balancos-anuais-2021\/\" \/>\n<meta property=\"og:locale\" content=\"pt_BR\" \/>\n<meta property=\"og:type\" content=\"article\" \/>\n<meta property=\"og:title\" content=\"Balan\u00e7o Anual - 2021 - FDT\" \/>\n<meta property=\"og:url\" content=\"https:\/\/www.manaus.am.gov.br\/fdt\/transparencia-fdt\/balancos-anuais\/balancos-anuais-2021\/\" \/>\n<meta property=\"og:site_name\" content=\"FDT\" \/>\n<meta property=\"article:modified_time\" content=\"2024-09-02T15:17:13+00:00\" \/>\n<meta name=\"twitter:card\" content=\"summary_large_image\" \/>\n<meta name=\"twitter:label1\" content=\"Est. reading time\" \/>\n\t<meta name=\"twitter:data1\" content=\"1 minuto\" \/>\n<script type=\"application\/ld+json\" class=\"yoast-schema-graph\">{\"@context\":\"https:\/\/schema.org\",\"@graph\":[{\"@type\":\"WebPage\",\"@id\":\"https:\/\/www.manaus.am.gov.br\/fdt\/transparencia-fdt\/balancos-anuais\/balancos-anuais-2021\/\",\"url\":\"https:\/\/www.manaus.am.gov.br\/fdt\/transparencia-fdt\/balancos-anuais\/balancos-anuais-2021\/\",\"name\":\"Balan\u00e7o Anual - 2021 - FDT\",\"isPartOf\":{\"@id\":\"https:\/\/www.manaus.am.gov.br\/fdt\/#website\"},\"datePublished\":\"2024-09-02T13:56:50+00:00\",\"dateModified\":\"2024-09-02T15:17:13+00:00\",\"breadcrumb\":{\"@id\":\"https:\/\/www.manaus.am.gov.br\/fdt\/transparencia-fdt\/balancos-anuais\/balancos-anuais-2021\/#breadcrumb\"},\"inLanguage\":\"pt-BR\",\"potentialAction\":[{\"@type\":\"ReadAction\",\"target\":[\"https:\/\/www.manaus.am.gov.br\/fdt\/transparencia-fdt\/balancos-anuais\/balancos-anuais-2021\/\"]}]},{\"@type\":\"BreadcrumbList\",\"@id\":\"https:\/\/www.manaus.am.gov.br\/fdt\/transparencia-fdt\/balancos-anuais\/balancos-anuais-2021\/#breadcrumb\",\"itemListElement\":[{\"@type\":\"ListItem\",\"position\":1,\"name\":\"Home\",\"item\":\"https:\/\/www.manaus.am.gov.br\/fdt\/\"},{\"@type\":\"ListItem\",\"position\":2,\"name\":\"Transpar\u00eancia &#8211; FMDPI\",\"item\":\"https:\/\/www.manaus.am.gov.br\/fdt\/transparencia-fdt\/\"},{\"@type\":\"ListItem\",\"position\":3,\"name\":\"Balan\u00e7o Anual\",\"item\":\"https:\/\/www.manaus.am.gov.br\/fdt\/transparencia-fdt\/balancos-anuais\/\"},{\"@type\":\"ListItem\",\"position\":4,\"name\":\"Balan\u00e7o Anual &#8211; 2021\"}]},{\"@type\":\"WebSite\",\"@id\":\"https:\/\/www.manaus.am.gov.br\/fdt\/#website\",\"url\":\"https:\/\/www.manaus.am.gov.br\/fdt\/\",\"name\":\"FDT\",\"description\":\"Funda\u00e7\u00e3o de Apoio ao Idoso Dr. Thomas\",\"potentialAction\":[{\"@type\":\"SearchAction\",\"target\":{\"@type\":\"EntryPoint\",\"urlTemplate\":\"https:\/\/www.manaus.am.gov.br\/fdt\/?s={search_term_string}\"},\"query-input\":\"required name=search_term_string\"}],\"inLanguage\":\"pt-BR\"}]}<\/script>\n<!-- \/ Yoast SEO plugin. -->","yoast_head_json":{"title":"Balan\u00e7o Anual - 2021 - FDT","robots":{"index":"index","follow":"follow","max-snippet":"max-snippet:-1","max-image-preview":"max-image-preview:large","max-video-preview":"max-video-preview:-1"},"canonical":"https:\/\/www.manaus.am.gov.br\/fdt\/transparencia-fdt\/balancos-anuais\/balancos-anuais-2021\/","og_locale":"pt_BR","og_type":"article","og_title":"Balan\u00e7o Anual - 2021 - FDT","og_url":"https:\/\/www.manaus.am.gov.br\/fdt\/transparencia-fdt\/balancos-anuais\/balancos-anuais-2021\/","og_site_name":"FDT","article_modified_time":"2024-09-02T15:17:13+00:00","twitter_card":"summary_large_image","twitter_misc":{"Est. reading time":"1 minuto"},"schema":{"@context":"https:\/\/schema.org","@graph":[{"@type":"WebPage","@id":"https:\/\/www.manaus.am.gov.br\/fdt\/transparencia-fdt\/balancos-anuais\/balancos-anuais-2021\/","url":"https:\/\/www.manaus.am.gov.br\/fdt\/transparencia-fdt\/balancos-anuais\/balancos-anuais-2021\/","name":"Balan\u00e7o Anual - 2021 - FDT","isPartOf":{"@id":"https:\/\/www.manaus.am.gov.br\/fdt\/#website"},"datePublished":"2024-09-02T13:56:50+00:00","dateModified":"2024-09-02T15:17:13+00:00","breadcrumb":{"@id":"https:\/\/www.manaus.am.gov.br\/fdt\/transparencia-fdt\/balancos-anuais\/balancos-anuais-2021\/#breadcrumb"},"inLanguage":"pt-BR","potentialAction":[{"@type":"ReadAction","target":["https:\/\/www.manaus.am.gov.br\/fdt\/transparencia-fdt\/balancos-anuais\/balancos-anuais-2021\/"]}]},{"@type":"BreadcrumbList","@id":"https:\/\/www.manaus.am.gov.br\/fdt\/transparencia-fdt\/balancos-anuais\/balancos-anuais-2021\/#breadcrumb","itemListElement":[{"@type":"ListItem","position":1,"name":"Home","item":"https:\/\/www.manaus.am.gov.br\/fdt\/"},{"@type":"ListItem","position":2,"name":"Transpar\u00eancia &#8211; FMDPI","item":"https:\/\/www.manaus.am.gov.br\/fdt\/transparencia-fdt\/"},{"@type":"ListItem","position":3,"name":"Balan\u00e7o Anual","item":"https:\/\/www.manaus.am.gov.br\/fdt\/transparencia-fdt\/balancos-anuais\/"},{"@type":"ListItem","position":4,"name":"Balan\u00e7o Anual &#8211; 2021"}]},{"@type":"WebSite","@id":"https:\/\/www.manaus.am.gov.br\/fdt\/#website","url":"https:\/\/www.manaus.am.gov.br\/fdt\/","name":"FDT","description":"Funda\u00e7\u00e3o de Apoio ao Idoso Dr. Thomas","potentialAction":[{"@type":"SearchAction","target":{"@type":"EntryPoint","urlTemplate":"https:\/\/www.manaus.am.gov.br\/fdt\/?s={search_term_string}"},"query-input":"required name=search_term_string"}],"inLanguage":"pt-BR"}]}},"_links":{"self":[{"href":"https:\/\/www.manaus.am.gov.br\/fdt\/wp-json\/wp\/v2\/pages\/1877"}],"collection":[{"href":"https:\/\/www.manaus.am.gov.br\/fdt\/wp-json\/wp\/v2\/pages"}],"about":[{"href":"https:\/\/www.manaus.am.gov.br\/fdt\/wp-json\/wp\/v2\/types\/page"}],"author":[{"embeddable":true,"href":"https:\/\/www.manaus.am.gov.br\/fdt\/wp-json\/wp\/v2\/users\/8"}],"replies":[{"embeddable":true,"href":"https:\/\/www.manaus.am.gov.br\/fdt\/wp-json\/wp\/v2\/comments?post=1877"}],"version-history":[{"count":3,"href":"https:\/\/www.manaus.am.gov.br\/fdt\/wp-json\/wp\/v2\/pages\/1877\/revisions"}],"predecessor-version":[{"id":2024,"href":"https:\/\/www.manaus.am.gov.br\/fdt\/wp-json\/wp\/v2\/pages\/1877\/revisions\/2024"}],"up":[{"embeddable":true,"href":"https:\/\/www.manaus.am.gov.br\/fdt\/wp-json\/wp\/v2\/pages\/1840"}],"wp:attachment":[{"href":"https:\/\/www.manaus.am.gov.br\/fdt\/wp-json\/wp\/v2\/media?parent=1877"}],"curies":[{"name":"wp","href":"https:\/\/api.w.org\/{rel}","templated":true}]}}

Balanço Anual &#8211; 2021

<h3 class="wp-block-heading"><a href="https://www.manaus.am.gov.br/fdt/wp-content/uploads/sites/18/2023/03/01-Balanco-Financeiro-4.pdf" target="_blank" rel="noreferrer noopener">01 Balanço Financeiro</a></h3>



<h3 class="wp-block-heading"><a href="https://www.manaus.am.gov.br/fdt/wp-content/uploads/sites/18/2023/03/02-Balanco-Orcamentario-4.pdf" target="_blank" rel="noreferrer noopener">02 Balanço Orçamentário</a></h3>



<h3 class="wp-block-heading"><a href="https://www.manaus.am.gov.br/fdt/wp-content/uploads/sites/18/2023/03/03-Balanco-Patrimonial-4.pdf" target="_blank" rel="noreferrer noopener">03 Balanço Patrimonial</a></h3>



<h3 class="wp-block-heading"><a href="https://www.manaus.am.gov.br/fdt/wp-content/uploads/sites/18/2023/03/04-Variacoes-Patrimoniais-4.pdf" target="_blank" rel="noreferrer noopener">04 Variações Patrimoniais</a></h3>



<h3 class="wp-block-heading"><a href="https://www.manaus.am.gov.br/fdt/wp-content/uploads/sites/18/2023/03/05-Fluxo-de-Caixa-4.pdf" target="_blank" rel="noreferrer noopener">05 Fluxo De Caixa</a></h3>



<h3 class="wp-block-heading"><a href="https://www.manaus.am.gov.br/fdt/wp-content/uploads/sites/18/2023/03/06-Relatorio-Notas-Explicativas-FDT-4.pdf" target="_blank" rel="noreferrer noopener">06 Relatório Notas Explicativas-FDT</a></h3>



<h3 class="wp-block-heading"><a href="https://www.manaus.am.gov.br/fdt/wp-content/uploads/sites/18/2023/03/07-Relatorio-Financeiro-Patrimonial-e-Orcamentario_FDT-4.pdf" target="_blank" rel="noreferrer noopener">07 Relatório Financeiro, Patrimonial E Orçamentário FDT</a></h3>

<!-- This site is optimized with the Yoast SEO plugin v23.0 - https://yoast.com/wordpress/plugins/seo/ -->
<title>Balanço Anual - 2021 - FDT</title>
<meta name="robots" content="index, follow, max-snippet:-1, max-image-preview:large, max-video-preview:-1" />
<link rel="canonical" href="https://www.manaus.am.gov.br/fdt/transparencia-fdt/balancos-anuais/balancos-anuais-2021/" />
<meta property="og:locale" content="pt_BR" />
<meta property="og:type" content="article" />
<meta property="og:title" content="Balanço Anual - 2021 - FDT" />
<meta property="og:url" content="https://www.manaus.am.gov.br/fdt/transparencia-fdt/balancos-anuais/balancos-anuais-2021/" />
<meta property="og:site_name" content="FDT" />
<meta property="article:modified_time" content="2024-09-02T15:17:13+00:00" />
<meta name="twitter:card" content="summary_large_image" />
<meta name="twitter:label1" content="Est. reading time" />
	<meta name="twitter:data1" content="1 minuto" />
<script type="application/ld+json" class="yoast-schema-graph">{"@context":"https://schema.org","@graph":[{"@type":"WebPage","@id":"https://www.manaus.am.gov.br/fdt/transparencia-fdt/balancos-anuais/balancos-anuais-2021/","url":"https://www.manaus.am.gov.br/fdt/transparencia-fdt/balancos-anuais/balancos-anuais-2021/","name":"Balanço Anual - 2021 - FDT","isPartOf":{"@id":"https://www.manaus.am.gov.br/fdt/#website"},"datePublished":"2024-09-02T13:56:50+00:00","dateModified":"2024-09-02T15:17:13+00:00","breadcrumb":{"@id":"https://www.manaus.am.gov.br/fdt/transparencia-fdt/balancos-anuais/balancos-anuais-2021/#breadcrumb"},"inLanguage":"pt-BR","potentialAction":[{"@type":"ReadAction","target":["https://www.manaus.am.gov.br/fdt/transparencia-fdt/balancos-anuais/balancos-anuais-2021/"]}]},{"@type":"BreadcrumbList","@id":"https://www.manaus.am.gov.br/fdt/transparencia-fdt/balancos-anuais/balancos-anuais-2021/#breadcrumb","itemListElement":[{"@type":"ListItem","position":1,"name":"Home","item":"https://www.manaus.am.gov.br/fdt/"},{"@type":"ListItem","position":2,"name":"Transparência &#8211; FMDPI","item":"https://www.manaus.am.gov.br/fdt/transparencia-fdt/"},{"@type":"ListItem","position":3,"name":"Balanço Anual","item":"https://www.manaus.am.gov.br/fdt/transparencia-fdt/balancos-anuais/"},{"@type":"ListItem","position":4,"name":"Balanço Anual &#8211; 2021"}]},{"@type":"WebSite","@id":"https://www.manaus.am.gov.br/fdt/#website","url":"https://www.manaus.am.gov.br/fdt/","name":"FDT","description":"Fundação de Apoio ao Idoso Dr. Thomas","potentialAction":[{"@type":"SearchAction","target":{"@type":"EntryPoint","urlTemplate":"https://www.manaus.am.gov.br/fdt/?s={search_term_string}"},"query-input":"required name=search_term_string"}],"inLanguage":"pt-BR"}]}</script>
<!-- / Yoast SEO plugin. -->

Balanço Anual - 2021 - FDT

Transparência &#8211; FMDPI

Balanço Anual

Fundação de Apoio ao Idoso Dr. Thomas
