{"id":1707,"date":"2024-06-17T10:18:34","date_gmt":"2024-06-17T14:18:34","guid":{"rendered":"https:\/\/www.manaus.am.gov.br\/cgm\/?page_id=1707"},"modified":"2025-10-08T12:08:41","modified_gmt":"2025-10-08T16:08:41","slug":"acordos-nao-onerosos","status":"publish","type":"page","link":"https:\/\/www.manaus.am.gov.br\/cgm\/acordos-nao-onerosos\/","title":{"rendered":"Acordos n\u00e3o Onerosos"},"content":{"rendered":"\n<h2 class=\"wp-block-heading\">Semef<\/h2>\n\n\n\n<div class=\"wp-block-file\"><a id=\"wp-block-file--media-c4958c92-8f71-44c5-8429-6257eec9f48b\" href=\"https:\/\/www.manaus.am.gov.br\/cgm\/wp-content\/uploads\/sites\/9\/2025\/05\/ACORDOS-E-TERMOS-DE-COOPERACAO-TECNICA-VIGENTES-2025.pdf\">ACORDOS E TERMOS DE COOPERA\u00c7\u00c3O TECNICA VIGENTES 2025<\/a><\/div>\n\n\n\n<div class=\"wp-block-file\"><a id=\"wp-block-file--media-e8232eb1-5079-43aa-aa9d-90f53bf48fba\" href=\"https:\/\/www.manaus.am.gov.br\/cgm\/wp-content\/uploads\/sites\/9\/2025\/05\/ACT-001-2024-AMAZONAS-ENERGIA.pdf\">ACT 001-2024 AMAZONAS ENERGIA<\/a><\/div>\n\n\n\n<div class=\"wp-block-file\"><a id=\"wp-block-file--media-49291ec3-48d6-4751-9e8c-fd18dec23e91\" href=\"https:\/\/www.manaus.am.gov.br\/cgm\/wp-content\/uploads\/sites\/9\/2025\/05\/ACT-002-2024-SEMEF-FUNDACAO-TIDE-AZEVEDO-SETUBAL.pdf\">ACT 002-2024 SEMEF FUNDACAO TIDE AZEVEDO SETUBAL<\/a><\/div>\n\n\n\n<div class=\"wp-block-file\"><a id=\"wp-block-file--media-da74063d-53b8-4e57-88a5-ea9691bb6c4b\" href=\"https:\/\/www.manaus.am.gov.br\/cgm\/wp-content\/uploads\/sites\/9\/2025\/05\/SEI_3250737_Acordo_Nao_Oneroso___ACT_34.pdf\">SEI 3250737 Acordo N\u00e3o Oneroso ACT 34<\/a><\/div>\n\n\n\n<div class=\"wp-block-file\"><a id=\"wp-block-file--media-dae27be2-1cfa-4261-bde0-e190145b1c9f\" href=\"https:\/\/www.manaus.am.gov.br\/cgm\/wp-content\/uploads\/sites\/9\/2024\/06\/TERMO-DE-COOPERACAO-TECNICA-No004-2021-SEFAZ.pdf\">TERMO DE COOPERA\u00c7\u00c3O TECNICA N\u00ba004-2021 SEFAZ<\/a><\/div>\n\n\n\n<div class=\"wp-block-file\"><a id=\"wp-block-file--media-18100d0f-fa0f-45ab-bc31-292c963acff6\" href=\"https:\/\/www.manaus.am.gov.br\/cgm\/wp-content\/uploads\/sites\/9\/2024\/06\/CRC-TERMO-2022.pdf\">CRC 2022<\/a><\/div>\n\n\n\n<div class=\"wp-block-file\"><a id=\"wp-block-file--media-6f40fb09-b458-4310-9549-d87aa05f0b8c\" href=\"https:\/\/www.manaus.am.gov.br\/cgm\/wp-content\/uploads\/sites\/9\/2024\/06\/ACT-SEMEF-MP-ASSINADO.pdf\">ACT<\/a><\/div>\n\n\n\n<div class=\"wp-block-file\"><a id=\"wp-block-file--media-47b6c1f0-6b6a-40e5-9f58-3c5d848f7f09\" href=\"https:\/\/www.manaus.am.gov.br\/cgm\/wp-content\/uploads\/sites\/9\/2024\/06\/ACORDOS-E-TERMOS-DE-COOPERACAO-TECNICA-VIGENTES-2024.pdf\">ACORDOS E TERMOS DE COOPERA\u00c7\u00c3O T\u00c9CNICA VIGENTES 2024<\/a><\/div>\n\n\n\n<p><\/p>\n\n\n\n<h2 class=\"wp-block-heading\">Seminf<\/h2>\n\n\n\n<div class=\"wp-block-file\"><a id=\"wp-block-file--media-37d47b38-0a40-490d-ae43-1d35eff19ee3\" href=\"https:\/\/www.manaus.am.gov.br\/cgm\/wp-content\/uploads\/sites\/9\/2024\/06\/CONVENIO-SEMINF-SEM-REPASSE-FINANCEIRO.docx\">CONV\u00caNIO SEM REPASSE FINANCEIRO<\/a><\/div>\n\n\n\n<p><\/p>\n\n\n\n<h2 class=\"wp-block-heading\">Semed<\/h2>\n\n\n\n<div class=\"wp-block-file\"><a id=\"wp-block-file--media-b9a25665-1a94-4be4-a5a0-64f33990785f\" href=\"https:\/\/www.manaus.am.gov.br\/cgm\/wp-content\/uploads\/sites\/9\/2024\/06\/TABELA-CONVENIO-GERAL-CGM-1.xls\">TABELA CONVENIO<\/a><\/div>\n\n\n\n<p><\/p>\n\n\n\n<h2 class=\"wp-block-heading\">Semsa<\/h2>\n\n\n\n<div class=\"wp-block-file\"><a id=\"wp-block-file--media-031cc1ad-fd91-4238-b302-0af56b6044f1\" href=\"https:\/\/www.manaus.am.gov.br\/cgm\/wp-content\/uploads\/sites\/9\/2025\/10\/Termo-de-Compromiso-e-Adesao.pdf\">Termo de Compromisso e Ades\u00e3o<\/a><\/div>\n\n\n\n<div class=\"wp-block-file\"><a id=\"wp-block-file--media-e2a170a4-7927-4dc6-862e-659ea3f4a768\" href=\"https:\/\/www.manaus.am.gov.br\/cgm\/wp-content\/uploads\/sites\/9\/2025\/10\/ACT-003-2025-FME.pdf\">ACT 003-2025 &#8211; FME<\/a><\/div>\n\n\n\n<div class=\"wp-block-file\"><a id=\"wp-block-file--media-eb9233ca-89bb-4764-a863-ff79152b03fd\" href=\"https:\/\/www.manaus.am.gov.br\/cgm\/wp-content\/uploads\/sites\/9\/2025\/10\/ACT-95-2025-ILMD.pdf\">ACT 95-2025 &#8211; ILMD<\/a><\/div>\n\n\n\n<div class=\"wp-block-file\"><a id=\"wp-block-file--media-96cb1fa6-d8b4-4918-b2b9-b50132353326\" href=\"https:\/\/www.manaus.am.gov.br\/cgm\/wp-content\/uploads\/sites\/9\/2025\/10\/Termo-de-Convenio-002-2025.pdf\">Termo de Conv\u00eanio 002-2025<\/a><\/div>\n\n\n\n<div class=\"wp-block-file\"><a id=\"wp-block-file--media-34b1771f-25d4-4850-a237-d48354ddc8ad\" href=\"https:\/\/www.manaus.am.gov.br\/cgm\/wp-content\/uploads\/sites\/9\/2025\/10\/ACT-001-2025-EARA.pdf\">ACT 001-2025 &#8211; EARA<\/a><\/div>\n\n\n\n<div class=\"wp-block-file\"><a id=\"wp-block-file--media-c9b4d406-4dca-460c-9bb2-e6d30be04af3\" href=\"https:\/\/www.manaus.am.gov.br\/cgm\/wp-content\/uploads\/sites\/9\/2025\/10\/TCCE-005-2025-ESTACIO-DE-SA.pdf\">TCCE 005-2025 &#8211; EST\u00c1CIO DE S\u00c1<\/a><\/div>\n\n\n\n<div class=\"wp-block-file\"><a id=\"wp-block-file--media-2dcfae08-b87a-48ba-ba51-49a4b0baf14b\" href=\"https:\/\/www.manaus.am.gov.br\/cgm\/wp-content\/uploads\/sites\/9\/2025\/10\/Convenio-004-2025-AFYA.pdf\">Conv\u00eanio 004-2025 &#8211; AFYA<\/a><\/div>\n\n\n\n<p><\/p>\n\n\n\n<h2 class=\"wp-block-heading\">AGEMAN<\/h2>\n\n\n\n<div class=\"wp-block-file\"><a id=\"wp-block-file--media-c6360216-5a9a-4e35-b326-8a2ddcf44cb4\" href=\"https:\/\/www.manaus.am.gov.br\/cgm\/wp-content\/uploads\/sites\/9\/2025\/10\/Extrato-do-Termo-de-Cooperacao-Tecnica-AGEMAN-x-IMMU.pdf\">Extrato do Termo de Coopera\u00e7\u00e3o T\u00e9cnica (AGEMAN x IMMU)<\/a><\/div>\n\n\n\n<div class=\"wp-block-file\"><a id=\"wp-block-file--media-c48c6529-b64a-43ee-b43f-134c64362c6d\" href=\"https:\/\/www.manaus.am.gov.br\/cgm\/wp-content\/uploads\/sites\/9\/2025\/10\/Termo-de-Cooperacao-Tecnica-n\u00b001.2025-AGEMAN-e-PROCON.pdf\">Termo de Coopera\u00e7\u00e3o Tecnica n\u00b001.2025 AGEMAN e PROCON<\/a><\/div>\n\n\n\n<div class=\"wp-block-file\"><a id=\"wp-block-file--media-9983ad90-1aa6-47d7-9e07-3234181a98ec\" href=\"https:\/\/www.manaus.am.gov.br\/cgm\/wp-content\/uploads\/sites\/9\/2025\/10\/TERMO-DE-COOPERACAO-TECNICA-No002.2025-AGEMAN-e-IMMU.pdf\">TERMO DE COOPERA\u00c7\u00c3O T\u00c9CNICA N\u00ba002.2025 (AGEMAN e IMMU)<\/a><\/div>\n\n\n\n<p><\/p>\n\n\n\n<h2 class=\"wp-block-heading\">FMDPI &#8211; Doutor Thomas<\/h2>\n\n\n\n<div class=\"wp-block-file\"><a id=\"wp-block-file--media-361c14b6-5b78-4383-986e-f8da569d617e\" href=\"https:\/\/www.manaus.am.gov.br\/cgm\/wp-content\/uploads\/sites\/9\/2025\/10\/TCpT-no-01-2025_Proc-2025_031946_DEP-AM.pdf\">TCpT n\u00ba 01-2025_Proc 2025_031946_DEP-AM<\/a><\/div>\n\n\n\n<div class=\"wp-block-file\"><a id=\"wp-block-file--media-753b53b9-92cd-4051-8e7a-d389bc0ac24d\" href=\"https:\/\/www.manaus.am.gov.br\/cgm\/wp-content\/uploads\/sites\/9\/2025\/10\/TCpT-no-02-2025_Proc-2025_005867_MANAUSPREV.pdf\">TCpT n\u00ba 02-2025_Proc 2025_005867_MANAUSPREV<\/a><\/div>\n","protected":false},"excerpt":{"rendered":"","protected":false},"author":8,"featured_media":0,"parent":0,"menu_order":0,"comment_status":"closed","ping_status":"closed","template":"","meta":{"footnotes":""},"acf":[],"yoast_head":"<!-- This site is optimized with the Yoast SEO plugin v23.0 - https:\/\/yoast.com\/wordpress\/plugins\/seo\/ -->\n<title>Acordos n\u00e3o Onerosos - CGM<\/title>\n<meta name=\"robots\" content=\"index, follow, max-snippet:-1, max-image-preview:large, max-video-preview:-1\" \/>\n<link rel=\"canonical\" href=\"https:\/\/www.manaus.am.gov.br\/cgm\/acordos-nao-onerosos\/\" \/>\n<meta property=\"og:locale\" content=\"pt_BR\" \/>\n<meta property=\"og:type\" content=\"article\" \/>\n<meta property=\"og:title\" content=\"Acordos n\u00e3o Onerosos - CGM\" \/>\n<meta property=\"og:url\" content=\"https:\/\/www.manaus.am.gov.br\/cgm\/acordos-nao-onerosos\/\" \/>\n<meta property=\"og:site_name\" content=\"CGM\" \/>\n<meta property=\"article:publisher\" content=\"https:\/\/www.facebook.com\/cgmmanaus\" \/>\n<meta property=\"article:modified_time\" content=\"2025-10-08T16:08:41+00:00\" \/>\n<meta property=\"og:image\" content=\"https:\/\/www.manaus.am.gov.br\/cgm\/wp-content\/uploads\/sites\/9\/2024\/07\/thumb-default-2.png\" \/>\n\t<meta property=\"og:image:width\" content=\"966\" \/>\n\t<meta property=\"og:image:height\" content=\"520\" \/>\n\t<meta property=\"og:image:type\" content=\"image\/png\" \/>\n<meta name=\"twitter:card\" content=\"summary_large_image\" \/>\n<meta name=\"twitter:label1\" content=\"Est. reading time\" \/>\n\t<meta name=\"twitter:data1\" content=\"1 minuto\" \/>\n<script type=\"application\/ld+json\" class=\"yoast-schema-graph\">{\"@context\":\"https:\/\/schema.org\",\"@graph\":[{\"@type\":\"WebPage\",\"@id\":\"https:\/\/www.manaus.am.gov.br\/cgm\/acordos-nao-onerosos\/\",\"url\":\"https:\/\/www.manaus.am.gov.br\/cgm\/acordos-nao-onerosos\/\",\"name\":\"Acordos n\u00e3o Onerosos - CGM\",\"isPartOf\":{\"@id\":\"https:\/\/www.manaus.am.gov.br\/cgm\/#website\"},\"datePublished\":\"2024-06-17T14:18:34+00:00\",\"dateModified\":\"2025-10-08T16:08:41+00:00\",\"inLanguage\":\"pt-BR\",\"potentialAction\":[{\"@type\":\"ReadAction\",\"target\":[\"https:\/\/www.manaus.am.gov.br\/cgm\/acordos-nao-onerosos\/\"]}]},{\"@type\":\"WebSite\",\"@id\":\"https:\/\/www.manaus.am.gov.br\/cgm\/#website\",\"url\":\"https:\/\/www.manaus.am.gov.br\/cgm\/\",\"name\":\"CGM\",\"description\":\"Controladoria Geral do Munic\u00edpio\",\"publisher\":{\"@id\":\"https:\/\/www.manaus.am.gov.br\/cgm\/#organization\"},\"alternateName\":\"Controladoria-Geral do Munic\u00edpio\",\"potentialAction\":[{\"@type\":\"SearchAction\",\"target\":{\"@type\":\"EntryPoint\",\"urlTemplate\":\"https:\/\/www.manaus.am.gov.br\/cgm\/?s={search_term_string}\"},\"query-input\":\"required name=search_term_string\"}],\"inLanguage\":\"pt-BR\"},{\"@type\":\"Organization\",\"@id\":\"https:\/\/www.manaus.am.gov.br\/cgm\/#organization\",\"name\":\"Prefeitura de Manaus\",\"alternateName\":\"Prefeitura Municipal de Manaus\",\"url\":\"https:\/\/www.manaus.am.gov.br\/cgm\/\",\"logo\":{\"@type\":\"ImageObject\",\"inLanguage\":\"pt-BR\",\"@id\":\"https:\/\/www.manaus.am.gov.br\/cgm\/#\/schema\/logo\/image\/\",\"url\":\"https:\/\/www.manaus.am.gov.br\/cgm\/wp-content\/uploads\/sites\/9\/2024\/06\/favicon.png\",\"contentUrl\":\"https:\/\/www.manaus.am.gov.br\/cgm\/wp-content\/uploads\/sites\/9\/2024\/06\/favicon.png\",\"width\":300,\"height\":300,\"caption\":\"Prefeitura de Manaus\"},\"image\":{\"@id\":\"https:\/\/www.manaus.am.gov.br\/cgm\/#\/schema\/logo\/image\/\"},\"sameAs\":[\"https:\/\/www.facebook.com\/cgmmanaus\",\"https:\/\/www.instagram.com\/cgmmanaus\/\"]}]}<\/script>\n<!-- \/ Yoast SEO plugin. -->","yoast_head_json":{"title":"Acordos n\u00e3o Onerosos - CGM","robots":{"index":"index","follow":"follow","max-snippet":"max-snippet:-1","max-image-preview":"max-image-preview:large","max-video-preview":"max-video-preview:-1"},"canonical":"https:\/\/www.manaus.am.gov.br\/cgm\/acordos-nao-onerosos\/","og_locale":"pt_BR","og_type":"article","og_title":"Acordos n\u00e3o Onerosos - CGM","og_url":"https:\/\/www.manaus.am.gov.br\/cgm\/acordos-nao-onerosos\/","og_site_name":"CGM","article_publisher":"https:\/\/www.facebook.com\/cgmmanaus","article_modified_time":"2025-10-08T16:08:41+00:00","og_image":[{"width":966,"height":520,"url":"https:\/\/www.manaus.am.gov.br\/cgm\/wp-content\/uploads\/sites\/9\/2024\/07\/thumb-default-2.png","type":"image\/png"}],"twitter_card":"summary_large_image","twitter_misc":{"Est. reading time":"1 minuto"},"schema":{"@context":"https:\/\/schema.org","@graph":[{"@type":"WebPage","@id":"https:\/\/www.manaus.am.gov.br\/cgm\/acordos-nao-onerosos\/","url":"https:\/\/www.manaus.am.gov.br\/cgm\/acordos-nao-onerosos\/","name":"Acordos n\u00e3o Onerosos - CGM","isPartOf":{"@id":"https:\/\/www.manaus.am.gov.br\/cgm\/#website"},"datePublished":"2024-06-17T14:18:34+00:00","dateModified":"2025-10-08T16:08:41+00:00","inLanguage":"pt-BR","potentialAction":[{"@type":"ReadAction","target":["https:\/\/www.manaus.am.gov.br\/cgm\/acordos-nao-onerosos\/"]}]},{"@type":"WebSite","@id":"https:\/\/www.manaus.am.gov.br\/cgm\/#website","url":"https:\/\/www.manaus.am.gov.br\/cgm\/","name":"CGM","description":"Controladoria Geral do Munic\u00edpio","publisher":{"@id":"https:\/\/www.manaus.am.gov.br\/cgm\/#organization"},"alternateName":"Controladoria-Geral do Munic\u00edpio","potentialAction":[{"@type":"SearchAction","target":{"@type":"EntryPoint","urlTemplate":"https:\/\/www.manaus.am.gov.br\/cgm\/?s={search_term_string}"},"query-input":"required name=search_term_string"}],"inLanguage":"pt-BR"},{"@type":"Organization","@id":"https:\/\/www.manaus.am.gov.br\/cgm\/#organization","name":"Prefeitura de Manaus","alternateName":"Prefeitura Municipal de Manaus","url":"https:\/\/www.manaus.am.gov.br\/cgm\/","logo":{"@type":"ImageObject","inLanguage":"pt-BR","@id":"https:\/\/www.manaus.am.gov.br\/cgm\/#\/schema\/logo\/image\/","url":"https:\/\/www.manaus.am.gov.br\/cgm\/wp-content\/uploads\/sites\/9\/2024\/06\/favicon.png","contentUrl":"https:\/\/www.manaus.am.gov.br\/cgm\/wp-content\/uploads\/sites\/9\/2024\/06\/favicon.png","width":300,"height":300,"caption":"Prefeitura de Manaus"},"image":{"@id":"https:\/\/www.manaus.am.gov.br\/cgm\/#\/schema\/logo\/image\/"},"sameAs":["https:\/\/www.facebook.com\/cgmmanaus","https:\/\/www.instagram.com\/cgmmanaus\/"]}]}},"_links":{"self":[{"href":"https:\/\/www.manaus.am.gov.br\/cgm\/wp-json\/wp\/v2\/pages\/1707"}],"collection":[{"href":"https:\/\/www.manaus.am.gov.br\/cgm\/wp-json\/wp\/v2\/pages"}],"about":[{"href":"https:\/\/www.manaus.am.gov.br\/cgm\/wp-json\/wp\/v2\/types\/page"}],"author":[{"embeddable":true,"href":"https:\/\/www.manaus.am.gov.br\/cgm\/wp-json\/wp\/v2\/users\/8"}],"replies":[{"embeddable":true,"href":"https:\/\/www.manaus.am.gov.br\/cgm\/wp-json\/wp\/v2\/comments?post=1707"}],"version-history":[{"count":10,"href":"https:\/\/www.manaus.am.gov.br\/cgm\/wp-json\/wp\/v2\/pages\/1707\/revisions"}],"predecessor-version":[{"id":2721,"href":"https:\/\/www.manaus.am.gov.br\/cgm\/wp-json\/wp\/v2\/pages\/1707\/revisions\/2721"}],"wp:attachment":[{"href":"https:\/\/www.manaus.am.gov.br\/cgm\/wp-json\/wp\/v2\/media?parent=1707"}],"curies":[{"name":"wp","href":"https:\/\/api.w.org\/{rel}","templated":true}]}}