{"id":1466,"date":"2024-02-02T09:15:31","date_gmt":"2024-02-02T13:15:31","guid":{"rendered":"https:\/\/www.manaus.am.gov.br\/cgm\/?page_id=1466"},"modified":"2026-01-26T10:18:11","modified_gmt":"2026-01-26T14:18:11","slug":"integridade-compliance","status":"publish","type":"page","link":"https:\/\/www.manaus.am.gov.br\/cgm\/integridade-compliance\/","title":{"rendered":"Integridade e Compliance"},"content":{"rendered":"\n<h2 class=\"wp-block-heading\">Arcabou\u00e7o Legal<\/h2>\n\n\n\n<ul>\n<li><a href=\"https:\/\/www.manaus.am.gov.br\/cgm\/wp-content\/uploads\/sites\/9\/2024\/02\/Decreto-5436-2022-de-Manaus-AM.pdf\" target=\"_blank\" rel=\"noreferrer noopener\">Decreto n\u00ba 5.436\/2022<\/a><\/li>\n\n\n\n<li><a href=\"https:\/\/www.manaus.am.gov.br\/cgm\/wp-content\/uploads\/sites\/9\/2024\/02\/Decreto-5437-2022-de-Manaus-AM.pdf\" target=\"_blank\" rel=\"noreferrer noopener\">Decreto n\u00ba 5.437\/2022<\/a><\/li>\n\n\n\n<li><a href=\"https:\/\/www.manaus.am.gov.br\/cgm\/wp-content\/uploads\/sites\/9\/2024\/02\/Decreto-5438-2022-de-Manaus-AM.pdf\" target=\"_blank\" rel=\"noreferrer noopener\">Decreto n\u00ba 5.438\/2022<\/a><\/li>\n\n\n\n<li><a href=\"https:\/\/www.manaus.am.gov.br\/cgm\/wp-content\/uploads\/sites\/9\/2025\/06\/Codigo-de-Conduta-Etica.pdf\">C\u00f3digo de Conduta \u00c9tica do Agente P\u00fablico e da Alta Administra\u00e7\u00e3o do Munic\u00edpio&nbsp;de&nbsp;Manaus<\/a><\/li>\n<\/ul>\n\n\n\n<p><\/p>\n\n\n\n<h2 class=\"wp-block-heading\">Comit\u00ea de Governan\u00e7a P\u00fablica (Cgov)<\/h2>\n\n\n\n<h3 class=\"wp-block-heading\"><a href=\"https:\/\/www.manaus.am.gov.br\/cgm\/wp-content\/uploads\/sites\/9\/2024\/08\/Portaria027_2024-RegimentoInternodoCGov-.pdf\" target=\"_blank\" rel=\"noreferrer noopener\">Regimento Interno<\/a><\/h3>\n\n\n\n<h3 class=\"wp-block-heading\"><a href=\"https:\/\/www.manaus.am.gov.br\/cgm\/integridade-compliance\/ic2026\/\">2026<\/a><\/h3>\n\n\n\n<h3 class=\"wp-block-heading\"><a href=\"https:\/\/www.manaus.am.gov.br\/cgm\/integridade-compliance\/ic2025\/\">2025<\/a><\/h3>\n\n\n\n<h3 class=\"wp-block-heading\"><a href=\"https:\/\/www.manaus.am.gov.br\/cgm\/integridade-compliance\/ic2024\/\">2024<\/a><\/h3>\n\n\n\n<h3 class=\"wp-block-heading\"><a href=\"https:\/\/www.manaus.am.gov.br\/cgm\/integridade-compliance\/ic2023\/\">2023<\/a><\/h3>\n\n\n\n<p><\/p>\n\n\n\n<h2 class=\"wp-block-heading\">Reposit\u00f3rio<\/h2>\n\n\n\n<h3 class=\"wp-block-heading\">Cartilhas<\/h3>\n\n\n\n<div class=\"wp-block-columns is-layout-flex wp-container-core-columns-layout-1 wp-block-columns-is-layout-flex\">\n<div class=\"wp-block-column is-layout-flow wp-block-column-is-layout-flow\"><div class=\"wp-block-image\">\n<figure class=\"aligncenter size-large is-resized\"><a href=\"https:\/\/heyzine.com\/flip-book\/4cde8d0909.html\" target=\"_blank\" rel=\"noreferrer noopener\"><img loading=\"lazy\" decoding=\"async\" width=\"724\" height=\"1024\" src=\"https:\/\/www.manaus.am.gov.br\/cgm\/wp-content\/uploads\/sites\/9\/2024\/06\/CARTILHA-SOBRE-AS-CONDUTAS-VEDADAS-AOS-AGENTES-PUBLICOS-EM-ANO-ELEITORAL-724x1024.jpg\" alt=\"\" class=\"wp-image-1785\" style=\"width:314px;height:auto\" srcset=\"https:\/\/www.manaus.am.gov.br\/cgm\/wp-content\/uploads\/sites\/9\/2024\/06\/CARTILHA-SOBRE-AS-CONDUTAS-VEDADAS-AOS-AGENTES-PUBLICOS-EM-ANO-ELEITORAL-724x1024.jpg 724w, https:\/\/www.manaus.am.gov.br\/cgm\/wp-content\/uploads\/sites\/9\/2024\/06\/CARTILHA-SOBRE-AS-CONDUTAS-VEDADAS-AOS-AGENTES-PUBLICOS-EM-ANO-ELEITORAL-212x300.jpg 212w, https:\/\/www.manaus.am.gov.br\/cgm\/wp-content\/uploads\/sites\/9\/2024\/06\/CARTILHA-SOBRE-AS-CONDUTAS-VEDADAS-AOS-AGENTES-PUBLICOS-EM-ANO-ELEITORAL-768x1086.jpg 768w, https:\/\/www.manaus.am.gov.br\/cgm\/wp-content\/uploads\/sites\/9\/2024\/06\/CARTILHA-SOBRE-AS-CONDUTAS-VEDADAS-AOS-AGENTES-PUBLICOS-EM-ANO-ELEITORAL.jpg 990w\" sizes=\"(max-width: 724px) 100vw, 724px\" \/><\/a><\/figure><\/div><\/div>\n\n\n\n<div class=\"wp-block-column is-layout-flow wp-block-column-is-layout-flow\"><div class=\"wp-block-image is-style-default\">\n<figure class=\"aligncenter size-full is-resized\"><a href=\"https:\/\/heyzine.com\/flip-book\/000296d1fd.html\" target=\"_blank\" rel=\"noreferrer noopener\"><img loading=\"lazy\" decoding=\"async\" width=\"496\" height=\"702\" src=\"https:\/\/www.manaus.am.gov.br\/cgm\/wp-content\/uploads\/sites\/9\/2024\/06\/CARTILHA-DE-PREVENCAO-E-COMBATE-AO-ASSEDIO.pdf.png\" alt=\"\" class=\"wp-image-1771\" style=\"width:314px;height:auto\" srcset=\"https:\/\/www.manaus.am.gov.br\/cgm\/wp-content\/uploads\/sites\/9\/2024\/06\/CARTILHA-DE-PREVENCAO-E-COMBATE-AO-ASSEDIO.pdf.png 496w, https:\/\/www.manaus.am.gov.br\/cgm\/wp-content\/uploads\/sites\/9\/2024\/06\/CARTILHA-DE-PREVENCAO-E-COMBATE-AO-ASSEDIO.pdf-212x300.png 212w\" sizes=\"(max-width: 496px) 100vw, 496px\" \/><\/a><\/figure><\/div><\/div>\n<\/div>\n\n\n\n<p><\/p>\n\n\n\n<h3 class=\"wp-block-heading\">Guias e Planos<\/h3>\n\n\n\n<div class=\"wp-block-columns is-layout-flex wp-container-core-columns-layout-2 wp-block-columns-is-layout-flex\">\n<div class=\"wp-block-column is-layout-flow wp-block-column-is-layout-flow\"><div class=\"wp-block-image\">\n<figure class=\"aligncenter size-large is-resized\"><a href=\"https:\/\/heyzine.com\/flip-book\/5c89b53c61.html\" target=\"_blank\" rel=\"noreferrer noopener\"><img loading=\"lazy\" decoding=\"async\" width=\"724\" height=\"1024\" src=\"https:\/\/www.manaus.am.gov.br\/cgm\/wp-content\/uploads\/sites\/9\/2024\/04\/Guia-Pratico-de-Implementacao-da-Integridade-724x1024.png\" alt=\"\" class=\"wp-image-1586\" style=\"width:314px;height:auto\" srcset=\"https:\/\/www.manaus.am.gov.br\/cgm\/wp-content\/uploads\/sites\/9\/2024\/04\/Guia-Pratico-de-Implementacao-da-Integridade-724x1024.png 724w, https:\/\/www.manaus.am.gov.br\/cgm\/wp-content\/uploads\/sites\/9\/2024\/04\/Guia-Pratico-de-Implementacao-da-Integridade-212x300.png 212w, https:\/\/www.manaus.am.gov.br\/cgm\/wp-content\/uploads\/sites\/9\/2024\/04\/Guia-Pratico-de-Implementacao-da-Integridade-768x1086.png 768w, https:\/\/www.manaus.am.gov.br\/cgm\/wp-content\/uploads\/sites\/9\/2024\/04\/Guia-Pratico-de-Implementacao-da-Integridade-1086x1536.png 1086w, https:\/\/www.manaus.am.gov.br\/cgm\/wp-content\/uploads\/sites\/9\/2024\/04\/Guia-Pratico-de-Implementacao-da-Integridade-1448x2048.png 1448w\" sizes=\"(max-width: 724px) 100vw, 724px\" \/><\/a><\/figure><\/div><\/div>\n\n\n\n<div class=\"wp-block-column is-layout-flow wp-block-column-is-layout-flow\"><div class=\"wp-block-image\">\n<figure class=\"aligncenter size-full is-resized\"><a href=\"https:\/\/heyzine.com\/flip-book\/199cf47858.html\" target=\"_blank\" rel=\"noreferrer noopener\"><img loading=\"lazy\" decoding=\"async\" width=\"555\" height=\"785\" src=\"https:\/\/www.manaus.am.gov.br\/cgm\/wp-content\/uploads\/sites\/9\/2025\/05\/PLANO-DE-INTEGRIDADE-DA-CGM.png\" alt=\"\" class=\"wp-image-2336\" style=\"width:314px;height:auto\" srcset=\"https:\/\/www.manaus.am.gov.br\/cgm\/wp-content\/uploads\/sites\/9\/2025\/05\/PLANO-DE-INTEGRIDADE-DA-CGM.png 555w, https:\/\/www.manaus.am.gov.br\/cgm\/wp-content\/uploads\/sites\/9\/2025\/05\/PLANO-DE-INTEGRIDADE-DA-CGM-212x300.png 212w\" sizes=\"(max-width: 555px) 100vw, 555px\" \/><\/a><\/figure><\/div><\/div>\n<\/div>\n\n\n\n<h3 class=\"wp-block-heading\">Manuais<\/h3>\n\n\n\n<div class=\"wp-block-columns is-layout-flex wp-container-core-columns-layout-3 wp-block-columns-is-layout-flex\">\n<div class=\"wp-block-column is-layout-flow wp-block-column-is-layout-flow\"><div class=\"wp-block-image\">\n<figure class=\"aligncenter is-resized\"><a href=\"https:\/\/heyzine.com\/flip-book\/ddcbd846d7.html\" target=\"_blank\" rel=\"noreferrer noopener\"><img loading=\"lazy\" decoding=\"async\" width=\"723\" height=\"1024\" src=\"https:\/\/www.manaus.am.gov.br\/cgm\/wp-content\/uploads\/sites\/9\/2024\/03\/METODOLOGIA-DE-GESTAO-DE-RISCOS-DE-INTEGRIDADE-CAPA-723x1024.png\" alt=\"Gest\u00e3o de Riscos de Integridade\" class=\"wp-image-1541\" style=\"width:191px;height:auto\" srcset=\"https:\/\/www.manaus.am.gov.br\/cgm\/wp-content\/uploads\/sites\/9\/2024\/03\/METODOLOGIA-DE-GESTAO-DE-RISCOS-DE-INTEGRIDADE-CAPA-723x1024.png 723w, https:\/\/www.manaus.am.gov.br\/cgm\/wp-content\/uploads\/sites\/9\/2024\/03\/METODOLOGIA-DE-GESTAO-DE-RISCOS-DE-INTEGRIDADE-CAPA-212x300.png 212w, https:\/\/www.manaus.am.gov.br\/cgm\/wp-content\/uploads\/sites\/9\/2024\/03\/METODOLOGIA-DE-GESTAO-DE-RISCOS-DE-INTEGRIDADE-CAPA-768x1087.png 768w, https:\/\/www.manaus.am.gov.br\/cgm\/wp-content\/uploads\/sites\/9\/2024\/03\/METODOLOGIA-DE-GESTAO-DE-RISCOS-DE-INTEGRIDADE-CAPA-1085x1536.png 1085w, https:\/\/www.manaus.am.gov.br\/cgm\/wp-content\/uploads\/sites\/9\/2024\/03\/METODOLOGIA-DE-GESTAO-DE-RISCOS-DE-INTEGRIDADE-CAPA-1447x2048.png 1447w\" sizes=\"(max-width: 723px) 100vw, 723px\" \/><\/a><\/figure><\/div><\/div>\n\n\n\n<div class=\"wp-block-column is-layout-flow wp-block-column-is-layout-flow\"><div class=\"wp-block-image\">\n<figure class=\"aligncenter size-full is-resized\"><a href=\"https:\/\/heyzine.com\/flip-book\/067b889077.html\" target=\"_blank\" rel=\"noreferrer noopener\"><img loading=\"lazy\" decoding=\"async\" width=\"556\" height=\"786\" src=\"https:\/\/www.manaus.am.gov.br\/cgm\/wp-content\/uploads\/sites\/9\/2024\/06\/MANUAL-DE-GOVERNANCA-GESTAO-DE-RISCOS-E-CONTROLES-INTERNOS.png\" alt=\"\" class=\"wp-image-1728\" style=\"width:193px;height:auto\" srcset=\"https:\/\/www.manaus.am.gov.br\/cgm\/wp-content\/uploads\/sites\/9\/2024\/06\/MANUAL-DE-GOVERNANCA-GESTAO-DE-RISCOS-E-CONTROLES-INTERNOS.png 556w, https:\/\/www.manaus.am.gov.br\/cgm\/wp-content\/uploads\/sites\/9\/2024\/06\/MANUAL-DE-GOVERNANCA-GESTAO-DE-RISCOS-E-CONTROLES-INTERNOS-212x300.png 212w\" sizes=\"(max-width: 556px) 100vw, 556px\" \/><\/a><\/figure><\/div><\/div>\n\n\n\n<div class=\"wp-block-column is-layout-flow wp-block-column-is-layout-flow\"><div class=\"wp-block-image\">\n<figure class=\"aligncenter size-full is-resized\"><a href=\"https:\/\/heyzine.com\/flip-book\/693ee3488c.html\" target=\"_blank\" rel=\"noreferrer noopener\"><img loading=\"lazy\" decoding=\"async\" width=\"556\" height=\"786\" src=\"https:\/\/www.manaus.am.gov.br\/cgm\/wp-content\/uploads\/sites\/9\/2024\/06\/MANUAL-DE-TRANSPARENCIA-E-O-COMPLIANCE-UM-PACTO-PELA-INTEGRIDADE.png\" alt=\"\" class=\"wp-image-1734\" style=\"width:193px;height:auto\" srcset=\"https:\/\/www.manaus.am.gov.br\/cgm\/wp-content\/uploads\/sites\/9\/2024\/06\/MANUAL-DE-TRANSPARENCIA-E-O-COMPLIANCE-UM-PACTO-PELA-INTEGRIDADE.png 556w, https:\/\/www.manaus.am.gov.br\/cgm\/wp-content\/uploads\/sites\/9\/2024\/06\/MANUAL-DE-TRANSPARENCIA-E-O-COMPLIANCE-UM-PACTO-PELA-INTEGRIDADE-212x300.png 212w\" sizes=\"(max-width: 556px) 100vw, 556px\" \/><\/a><\/figure><\/div><\/div>\n<\/div>\n\n\n\n<div class=\"wp-block-columns is-layout-flex wp-container-core-columns-layout-4 wp-block-columns-is-layout-flex\">\n<div class=\"wp-block-column is-layout-flow wp-block-column-is-layout-flow\"><div class=\"wp-block-image\">\n<figure class=\"aligncenter size-full is-resized\"><a href=\"https:\/\/heyzine.com\/flip-book\/55813f18a3.html\" target=\"_blank\" rel=\"noreferrer noopener\"><img loading=\"lazy\" decoding=\"async\" width=\"556\" height=\"786\" src=\"https:\/\/www.manaus.am.gov.br\/cgm\/wp-content\/uploads\/sites\/9\/2025\/05\/METODOLOGIA-DO-INDICE-DE-INTEGRIDADE.png\" alt=\"\" class=\"wp-image-2335\" style=\"width:191px;height:auto\" srcset=\"https:\/\/www.manaus.am.gov.br\/cgm\/wp-content\/uploads\/sites\/9\/2025\/05\/METODOLOGIA-DO-INDICE-DE-INTEGRIDADE.png 556w, https:\/\/www.manaus.am.gov.br\/cgm\/wp-content\/uploads\/sites\/9\/2025\/05\/METODOLOGIA-DO-INDICE-DE-INTEGRIDADE-212x300.png 212w\" sizes=\"(max-width: 556px) 100vw, 556px\" \/><\/a><\/figure><\/div><\/div>\n\n\n\n<div class=\"wp-block-column is-layout-flow wp-block-column-is-layout-flow\"><div class=\"wp-block-image\">\n<figure class=\"aligncenter size-full is-resized\"><a href=\"https:\/\/heyzine.com\/flip-book\/745d1c9f80.html\" target=\"_blank\" rel=\"noreferrer noopener\"><img loading=\"lazy\" decoding=\"async\" width=\"406\" height=\"574\" src=\"https:\/\/www.manaus.am.gov.br\/cgm\/wp-content\/uploads\/sites\/9\/2025\/05\/manual-gestao-de-riscos-de-integridade.png\" alt=\"\" class=\"wp-image-2354\" style=\"width:191px;height:auto\" srcset=\"https:\/\/www.manaus.am.gov.br\/cgm\/wp-content\/uploads\/sites\/9\/2025\/05\/manual-gestao-de-riscos-de-integridade.png 406w, https:\/\/www.manaus.am.gov.br\/cgm\/wp-content\/uploads\/sites\/9\/2025\/05\/manual-gestao-de-riscos-de-integridade-212x300.png 212w\" sizes=\"(max-width: 406px) 100vw, 406px\" \/><\/a><\/figure><\/div><\/div>\n\n\n\n<div class=\"wp-block-column is-layout-flow wp-block-column-is-layout-flow\"><div class=\"wp-block-image\">\n<figure class=\"aligncenter size-full\"><a href=\"https:\/\/heyzine.com\/flip-book\/c5eaa7effa.html\" target=\"_blank\" rel=\"noreferrer noopener\"><img loading=\"lazy\" decoding=\"async\" width=\"198\" height=\"280\" src=\"https:\/\/www.manaus.am.gov.br\/cgm\/wp-content\/uploads\/sites\/9\/2025\/06\/Manual-de-Conduta-Etica.jpg\" alt=\"\" class=\"wp-image-2451\"\/><\/a><\/figure><\/div><\/div>\n<\/div>\n\n\n\n<div class=\"wp-block-columns is-layout-flex wp-container-core-columns-layout-5 wp-block-columns-is-layout-flex\">\n<div class=\"wp-block-column is-layout-flow wp-block-column-is-layout-flow\"><div class=\"wp-block-image\">\n<figure class=\"aligncenter size-full is-resized\"><a href=\"https:\/\/heyzine.com\/flip-book\/50dc8cae86.html\" target=\"_blank\" rel=\"noreferrer noopener\"><img loading=\"lazy\" decoding=\"async\" width=\"1655\" height=\"2340\" src=\"https:\/\/www.manaus.am.gov.br\/cgm\/wp-content\/uploads\/sites\/9\/2025\/10\/Manual-de-Controle-Interno.png\" alt=\"\" class=\"wp-image-2732\" style=\"width:191px;height:auto\" srcset=\"https:\/\/www.manaus.am.gov.br\/cgm\/wp-content\/uploads\/sites\/9\/2025\/10\/Manual-de-Controle-Interno.png 1655w, https:\/\/www.manaus.am.gov.br\/cgm\/wp-content\/uploads\/sites\/9\/2025\/10\/Manual-de-Controle-Interno-212x300.png 212w, https:\/\/www.manaus.am.gov.br\/cgm\/wp-content\/uploads\/sites\/9\/2025\/10\/Manual-de-Controle-Interno-724x1024.png 724w, https:\/\/www.manaus.am.gov.br\/cgm\/wp-content\/uploads\/sites\/9\/2025\/10\/Manual-de-Controle-Interno-768x1086.png 768w, https:\/\/www.manaus.am.gov.br\/cgm\/wp-content\/uploads\/sites\/9\/2025\/10\/Manual-de-Controle-Interno-1086x1536.png 1086w, https:\/\/www.manaus.am.gov.br\/cgm\/wp-content\/uploads\/sites\/9\/2025\/10\/Manual-de-Controle-Interno-1448x2048.png 1448w\" sizes=\"(max-width: 1655px) 100vw, 1655px\" \/><\/a><\/figure><\/div><\/div>\n\n\n\n<div class=\"wp-block-column is-layout-flow wp-block-column-is-layout-flow\"><div class=\"wp-block-image\">\n<figure class=\"aligncenter size-full is-resized\"><a href=\"https:\/\/heyzine.com\/flip-book\/7c4c77381d.html\" target=\"_blank\" rel=\"noreferrer noopener\"><img loading=\"lazy\" decoding=\"async\" width=\"1655\" height=\"2340\" src=\"https:\/\/www.manaus.am.gov.br\/cgm\/wp-content\/uploads\/sites\/9\/2025\/10\/Manual-de-Melhoria-dos-Processos.png\" alt=\"\" class=\"wp-image-2734\" style=\"width:191px;height:auto\" srcset=\"https:\/\/www.manaus.am.gov.br\/cgm\/wp-content\/uploads\/sites\/9\/2025\/10\/Manual-de-Melhoria-dos-Processos.png 1655w, https:\/\/www.manaus.am.gov.br\/cgm\/wp-content\/uploads\/sites\/9\/2025\/10\/Manual-de-Melhoria-dos-Processos-212x300.png 212w, https:\/\/www.manaus.am.gov.br\/cgm\/wp-content\/uploads\/sites\/9\/2025\/10\/Manual-de-Melhoria-dos-Processos-724x1024.png 724w, https:\/\/www.manaus.am.gov.br\/cgm\/wp-content\/uploads\/sites\/9\/2025\/10\/Manual-de-Melhoria-dos-Processos-768x1086.png 768w, https:\/\/www.manaus.am.gov.br\/cgm\/wp-content\/uploads\/sites\/9\/2025\/10\/Manual-de-Melhoria-dos-Processos-1086x1536.png 1086w, https:\/\/www.manaus.am.gov.br\/cgm\/wp-content\/uploads\/sites\/9\/2025\/10\/Manual-de-Melhoria-dos-Processos-1448x2048.png 1448w\" sizes=\"(max-width: 1655px) 100vw, 1655px\" \/><\/a><\/figure><\/div><\/div>\n\n\n\n<div class=\"wp-block-column is-layout-flow wp-block-column-is-layout-flow\"><\/div>\n<\/div>\n","protected":false},"excerpt":{"rendered":"","protected":false},"author":8,"featured_media":1541,"parent":0,"menu_order":0,"comment_status":"closed","ping_status":"closed","template":"","meta":{"footnotes":""},"acf":[],"yoast_head":"<!-- This site is optimized with the Yoast SEO plugin v23.0 - https:\/\/yoast.com\/wordpress\/plugins\/seo\/ -->\n<title>Integridade e Compliance - CGM<\/title>\n<meta name=\"robots\" content=\"index, follow, max-snippet:-1, max-image-preview:large, max-video-preview:-1\" \/>\n<link rel=\"canonical\" href=\"https:\/\/www.manaus.am.gov.br\/cgm\/integridade-compliance\/\" \/>\n<meta property=\"og:locale\" content=\"pt_BR\" \/>\n<meta property=\"og:type\" content=\"article\" \/>\n<meta property=\"og:title\" content=\"Integridade e Compliance - CGM\" \/>\n<meta property=\"og:url\" content=\"https:\/\/www.manaus.am.gov.br\/cgm\/integridade-compliance\/\" \/>\n<meta property=\"og:site_name\" content=\"CGM\" \/>\n<meta property=\"article:publisher\" content=\"https:\/\/www.facebook.com\/cgmmanaus\" \/>\n<meta property=\"article:modified_time\" content=\"2026-01-26T14:18:11+00:00\" \/>\n<meta property=\"og:image\" content=\"https:\/\/www.manaus.am.gov.br\/cgm\/wp-content\/uploads\/sites\/9\/2024\/03\/METODOLOGIA-DE-GESTAO-DE-RISCOS-DE-INTEGRIDADE-CAPA.png\" \/>\n\t<meta property=\"og:image:width\" content=\"2479\" \/>\n\t<meta property=\"og:image:height\" content=\"3509\" \/>\n\t<meta property=\"og:image:type\" content=\"image\/png\" \/>\n<meta name=\"twitter:card\" content=\"summary_large_image\" \/>\n<meta name=\"twitter:label1\" content=\"Est. reading time\" \/>\n\t<meta name=\"twitter:data1\" content=\"3 minutos\" \/>\n<script type=\"application\/ld+json\" class=\"yoast-schema-graph\">{\"@context\":\"https:\/\/schema.org\",\"@graph\":[{\"@type\":\"WebPage\",\"@id\":\"https:\/\/www.manaus.am.gov.br\/cgm\/integridade-compliance\/\",\"url\":\"https:\/\/www.manaus.am.gov.br\/cgm\/integridade-compliance\/\",\"name\":\"Integridade e Compliance - CGM\",\"isPartOf\":{\"@id\":\"https:\/\/www.manaus.am.gov.br\/cgm\/#website\"},\"primaryImageOfPage\":{\"@id\":\"https:\/\/www.manaus.am.gov.br\/cgm\/integridade-compliance\/#primaryimage\"},\"image\":{\"@id\":\"https:\/\/www.manaus.am.gov.br\/cgm\/integridade-compliance\/#primaryimage\"},\"thumbnailUrl\":\"https:\/\/www.manaus.am.gov.br\/cgm\/wp-content\/uploads\/sites\/9\/2024\/03\/METODOLOGIA-DE-GESTAO-DE-RISCOS-DE-INTEGRIDADE-CAPA.png\",\"datePublished\":\"2024-02-02T13:15:31+00:00\",\"dateModified\":\"2026-01-26T14:18:11+00:00\",\"inLanguage\":\"pt-BR\",\"potentialAction\":[{\"@type\":\"ReadAction\",\"target\":[\"https:\/\/www.manaus.am.gov.br\/cgm\/integridade-compliance\/\"]}]},{\"@type\":\"ImageObject\",\"inLanguage\":\"pt-BR\",\"@id\":\"https:\/\/www.manaus.am.gov.br\/cgm\/integridade-compliance\/#primaryimage\",\"url\":\"https:\/\/www.manaus.am.gov.br\/cgm\/wp-content\/uploads\/sites\/9\/2024\/03\/METODOLOGIA-DE-GESTAO-DE-RISCOS-DE-INTEGRIDADE-CAPA.png\",\"contentUrl\":\"https:\/\/www.manaus.am.gov.br\/cgm\/wp-content\/uploads\/sites\/9\/2024\/03\/METODOLOGIA-DE-GESTAO-DE-RISCOS-DE-INTEGRIDADE-CAPA.png\",\"width\":2479,\"height\":3509,\"caption\":\"Gest\u00e3o de Riscos de Integridade\"},{\"@type\":\"WebSite\",\"@id\":\"https:\/\/www.manaus.am.gov.br\/cgm\/#website\",\"url\":\"https:\/\/www.manaus.am.gov.br\/cgm\/\",\"name\":\"CGM\",\"description\":\"Controladoria Geral do Munic\u00edpio\",\"publisher\":{\"@id\":\"https:\/\/www.manaus.am.gov.br\/cgm\/#organization\"},\"alternateName\":\"Controladoria-Geral do Munic\u00edpio\",\"potentialAction\":[{\"@type\":\"SearchAction\",\"target\":{\"@type\":\"EntryPoint\",\"urlTemplate\":\"https:\/\/www.manaus.am.gov.br\/cgm\/?s={search_term_string}\"},\"query-input\":\"required name=search_term_string\"}],\"inLanguage\":\"pt-BR\"},{\"@type\":\"Organization\",\"@id\":\"https:\/\/www.manaus.am.gov.br\/cgm\/#organization\",\"name\":\"Prefeitura de Manaus\",\"alternateName\":\"Prefeitura Municipal de Manaus\",\"url\":\"https:\/\/www.manaus.am.gov.br\/cgm\/\",\"logo\":{\"@type\":\"ImageObject\",\"inLanguage\":\"pt-BR\",\"@id\":\"https:\/\/www.manaus.am.gov.br\/cgm\/#\/schema\/logo\/image\/\",\"url\":\"https:\/\/www.manaus.am.gov.br\/cgm\/wp-content\/uploads\/sites\/9\/2024\/06\/favicon.png\",\"contentUrl\":\"https:\/\/www.manaus.am.gov.br\/cgm\/wp-content\/uploads\/sites\/9\/2024\/06\/favicon.png\",\"width\":300,\"height\":300,\"caption\":\"Prefeitura de Manaus\"},\"image\":{\"@id\":\"https:\/\/www.manaus.am.gov.br\/cgm\/#\/schema\/logo\/image\/\"},\"sameAs\":[\"https:\/\/www.facebook.com\/cgmmanaus\",\"https:\/\/www.instagram.com\/cgmmanaus\/\"]}]}<\/script>\n<!-- \/ Yoast SEO plugin. -->","yoast_head_json":{"title":"Integridade e Compliance - CGM","robots":{"index":"index","follow":"follow","max-snippet":"max-snippet:-1","max-image-preview":"max-image-preview:large","max-video-preview":"max-video-preview:-1"},"canonical":"https:\/\/www.manaus.am.gov.br\/cgm\/integridade-compliance\/","og_locale":"pt_BR","og_type":"article","og_title":"Integridade e Compliance - CGM","og_url":"https:\/\/www.manaus.am.gov.br\/cgm\/integridade-compliance\/","og_site_name":"CGM","article_publisher":"https:\/\/www.facebook.com\/cgmmanaus","article_modified_time":"2026-01-26T14:18:11+00:00","og_image":[{"width":2479,"height":3509,"url":"https:\/\/www.manaus.am.gov.br\/cgm\/wp-content\/uploads\/sites\/9\/2024\/03\/METODOLOGIA-DE-GESTAO-DE-RISCOS-DE-INTEGRIDADE-CAPA.png","type":"image\/png"}],"twitter_card":"summary_large_image","twitter_misc":{"Est. reading time":"3 minutos"},"schema":{"@context":"https:\/\/schema.org","@graph":[{"@type":"WebPage","@id":"https:\/\/www.manaus.am.gov.br\/cgm\/integridade-compliance\/","url":"https:\/\/www.manaus.am.gov.br\/cgm\/integridade-compliance\/","name":"Integridade e Compliance - CGM","isPartOf":{"@id":"https:\/\/www.manaus.am.gov.br\/cgm\/#website"},"primaryImageOfPage":{"@id":"https:\/\/www.manaus.am.gov.br\/cgm\/integridade-compliance\/#primaryimage"},"image":{"@id":"https:\/\/www.manaus.am.gov.br\/cgm\/integridade-compliance\/#primaryimage"},"thumbnailUrl":"https:\/\/www.manaus.am.gov.br\/cgm\/wp-content\/uploads\/sites\/9\/2024\/03\/METODOLOGIA-DE-GESTAO-DE-RISCOS-DE-INTEGRIDADE-CAPA.png","datePublished":"2024-02-02T13:15:31+00:00","dateModified":"2026-01-26T14:18:11+00:00","inLanguage":"pt-BR","potentialAction":[{"@type":"ReadAction","target":["https:\/\/www.manaus.am.gov.br\/cgm\/integridade-compliance\/"]}]},{"@type":"ImageObject","inLanguage":"pt-BR","@id":"https:\/\/www.manaus.am.gov.br\/cgm\/integridade-compliance\/#primaryimage","url":"https:\/\/www.manaus.am.gov.br\/cgm\/wp-content\/uploads\/sites\/9\/2024\/03\/METODOLOGIA-DE-GESTAO-DE-RISCOS-DE-INTEGRIDADE-CAPA.png","contentUrl":"https:\/\/www.manaus.am.gov.br\/cgm\/wp-content\/uploads\/sites\/9\/2024\/03\/METODOLOGIA-DE-GESTAO-DE-RISCOS-DE-INTEGRIDADE-CAPA.png","width":2479,"height":3509,"caption":"Gest\u00e3o de Riscos de Integridade"},{"@type":"WebSite","@id":"https:\/\/www.manaus.am.gov.br\/cgm\/#website","url":"https:\/\/www.manaus.am.gov.br\/cgm\/","name":"CGM","description":"Controladoria Geral do Munic\u00edpio","publisher":{"@id":"https:\/\/www.manaus.am.gov.br\/cgm\/#organization"},"alternateName":"Controladoria-Geral do Munic\u00edpio","potentialAction":[{"@type":"SearchAction","target":{"@type":"EntryPoint","urlTemplate":"https:\/\/www.manaus.am.gov.br\/cgm\/?s={search_term_string}"},"query-input":"required name=search_term_string"}],"inLanguage":"pt-BR"},{"@type":"Organization","@id":"https:\/\/www.manaus.am.gov.br\/cgm\/#organization","name":"Prefeitura de Manaus","alternateName":"Prefeitura Municipal de Manaus","url":"https:\/\/www.manaus.am.gov.br\/cgm\/","logo":{"@type":"ImageObject","inLanguage":"pt-BR","@id":"https:\/\/www.manaus.am.gov.br\/cgm\/#\/schema\/logo\/image\/","url":"https:\/\/www.manaus.am.gov.br\/cgm\/wp-content\/uploads\/sites\/9\/2024\/06\/favicon.png","contentUrl":"https:\/\/www.manaus.am.gov.br\/cgm\/wp-content\/uploads\/sites\/9\/2024\/06\/favicon.png","width":300,"height":300,"caption":"Prefeitura de Manaus"},"image":{"@id":"https:\/\/www.manaus.am.gov.br\/cgm\/#\/schema\/logo\/image\/"},"sameAs":["https:\/\/www.facebook.com\/cgmmanaus","https:\/\/www.instagram.com\/cgmmanaus\/"]}]}},"_links":{"self":[{"href":"https:\/\/www.manaus.am.gov.br\/cgm\/wp-json\/wp\/v2\/pages\/1466"}],"collection":[{"href":"https:\/\/www.manaus.am.gov.br\/cgm\/wp-json\/wp\/v2\/pages"}],"about":[{"href":"https:\/\/www.manaus.am.gov.br\/cgm\/wp-json\/wp\/v2\/types\/page"}],"author":[{"embeddable":true,"href":"https:\/\/www.manaus.am.gov.br\/cgm\/wp-json\/wp\/v2\/users\/8"}],"replies":[{"embeddable":true,"href":"https:\/\/www.manaus.am.gov.br\/cgm\/wp-json\/wp\/v2\/comments?post=1466"}],"version-history":[{"count":71,"href":"https:\/\/www.manaus.am.gov.br\/cgm\/wp-json\/wp\/v2\/pages\/1466\/revisions"}],"predecessor-version":[{"id":2914,"href":"https:\/\/www.manaus.am.gov.br\/cgm\/wp-json\/wp\/v2\/pages\/1466\/revisions\/2914"}],"wp:featuredmedia":[{"embeddable":true,"href":"https:\/\/www.manaus.am.gov.br\/cgm\/wp-json\/wp\/v2\/media\/1541"}],"wp:attachment":[{"href":"https:\/\/www.manaus.am.gov.br\/cgm\/wp-json\/wp\/v2\/media?parent=1466"}],"curies":[{"name":"wp","href":"https:\/\/api.w.org\/{rel}","templated":true}]}}