{"id":80,"date":"2024-07-15T08:19:28","date_gmt":"2024-07-15T12:19:28","guid":{"rendered":"https:\/\/www.manaus.am.gov.br\/casa-militar\/?page_id=80"},"modified":"2024-07-15T08:23:13","modified_gmt":"2024-07-15T12:23:13","slug":"estrutura-organizacional","status":"publish","type":"page","link":"https:\/\/www.manaus.am.gov.br\/casa-militar\/casa-militar\/estrutura-organizacional\/","title":{"rendered":"Estrutura Organizacional"},"content":{"rendered":"\n<p>Decreto n\u00ba 2.572, de 22 de outubro de 2013<br>DISP\u00d5E sobre o Regimento Interno da<br>CASA MILITAR e d\u00e1 outras provid\u00eancias.<br>O PREFEITO DE MANAUS, no exerc\u00edcio da compet\u00eancia que lhe confere o artigo 80, inciso VII, da Lei Org\u00e2nica do Munic\u00edpio de Manaus.<\/p>\n\n\n\n<p>DECRETA<br>DA ESTRUTURA ORGANIZACIONAL<br>Art. 3.\u00ba Dirigida por um Secret\u00e1rio Municipal Chefe , com aux\u00edlio de um Subsecret\u00e1rio Subchefe da Casa Militar, de um Secret\u00e1rio Executivo de Prote\u00e7\u00e3o e Defesa Civil e de um Secret\u00e1rio Executivo do Gabinete de Gest\u00e3o Integrada Municipal \u2013 GGIM, ambos com prerrogativas e remunera\u00e7\u00e3o de Subsecret\u00e1rio Municipal, a Casa Militar tem a seguinte estrutura organizacional:<\/p>\n\n\n\n<p>I \u2013 \u00d3RG\u00c3OS VINCULADOS<\/p>\n\n\n\n<p>a) Junta do Servi\u00e7o Militar<\/p>\n\n\n\n<p>b) Gabinete de Gest\u00e3o Integrada Municipal \u2013 GGIM<\/p>\n\n\n\n<p>II \u2013 \u00d3RG\u00c3OS DE ASSIST\u00caNCIA E ASSESSORAMENTO<\/p>\n\n\n\n<p>a) Gabinete do Secret\u00e1rio<\/p>\n\n\n\n<p>b) Assessoria T\u00e9cnica<\/p>\n\n\n\n<p>c) Assessoria em Gest\u00e3o de Intelig\u00eancia<\/p>\n\n\n\n<p>d)Assessoria em Estat\u00edstica Criminal<\/p>\n\n\n\n<p>III \u2013 \u00d3RG\u00c3OS DE APOIO \u00c0 GEST\u00c3O<\/p>\n\n\n\n<p>a) Departamento Administra\u00e7\u00e3o e Finan\u00e7as<\/p>\n\n\n\n<ol>\n<li>Divis\u00e3o de Apoio Log\u00edstico<\/li>\n\n\n\n<li>1 Ger\u00eancia de Transportes<\/li>\n\n\n\n<li>2 Ger\u00eancia de Comunica\u00e7\u00e3o<\/li>\n\n\n\n<li>3 Ger\u00eancia de Patrim\u00f4nio, Material e Servi\u00e7os<\/li>\n\n\n\n<li>Divis\u00e3o de Administra\u00e7\u00e3o e Finan\u00e7as<\/li>\n\n\n\n<li>1 Ger\u00eancia de Pessoal<\/li>\n\n\n\n<li>2 Ger\u00eancia de Inform\u00e1tica<\/li>\n\n\n\n<li>3 Ger\u00eancia de Or\u00e7amento e Finan\u00e7as<\/li>\n<\/ol>\n\n\n\n<p>IV \u2013 \u00d3RG\u00c3OS DE ATIVIDADES FINAL\u00cdSTICAS<\/p>\n\n\n\n<p>a) SUBCHEFIA DA CASA MILITAR<\/p>\n\n\n\n<ol>\n<li>Departamento do Comando da Guarda Municipal<br>1.1. Divis\u00e3o de Opera\u00e7\u00f5es<br>1.1.1. Ger\u00eancia de Opera\u00e7\u00f5es Especiais<br>1.1.2. Ger\u00eancia de Patrulhamento e Apoio ao Turista<br>1.1.3. Ger\u00eancia de Opera\u00e7\u00f5es de Bases Comunit\u00e1rias<\/li>\n\n\n\n<li>Departamento de Seguran\u00e7a Institucional<br>2.1. Divis\u00e3o de Seguran\u00e7a Org\u00e2nica<br>2.1.1. Ger\u00eancia de Seguran\u00e7a<br>2.2. Divis\u00e3o de Intelig\u00eancia e Informa\u00e7\u00e3o<br>2.2.1. Ger\u00eancia de Intelig\u00eancia<\/li>\n<\/ol>\n\n\n\n<p>b) SECRETARIA EXECUTIVA DE PROTE\u00c7\u00c3O E DEFESA CIVIL<\/p>\n\n\n\n<ol>\n<li>Departamento de Opera\u00e7\u00f5es<br>1.1. Divis\u00e3o de Respostas<br>1.1.1. Ger\u00eancia de An\u00e1lise e Fiscaliza\u00e7\u00e3o de \u00c1reas de Risco<br>1.1.2. Ger\u00eancia de Resposta ao Desastre<br>1.2. Divis\u00e3o de Suporte<br>1.2.1. Ger\u00eancia de Material de Emerg\u00eancia<br>1.2.2. Ger\u00eancia de Mapeamento e Georreferenciamento<br>1.3. Divis\u00e3o de Preven\u00e7\u00e3o e Minimiza\u00e7\u00e3o de Desastres<br>1.3.1. Ger\u00eancia de Engenharia de Preven\u00e7\u00e3o<br>1.3.2. Ger\u00eancia de Encaminhamento e Acompanhamento<\/li>\n\n\n\n<li>Departamento de Planejamento e de Gest\u00e3o Or\u00e7ament\u00e1ria e Financeira<br>2.1. Divis\u00e3o T\u00e9cnica e Or\u00e7ament\u00e1ria<br>2.1.1. Ger\u00eancia de Planejamento e Projetos<br>2.1.2. Ger\u00eancia de Or\u00e7amento, Finan\u00e7as e Contabilidade<br>2.1.3. Ger\u00eancia de Material, Patrim\u00f4nio, Cadastro, Controle e Avalia\u00e7\u00e3o de Recursos<\/li>\n<\/ol>\n\n\n\n<p>c) SECRETARIA EXECUTIVA DO GGIM<\/p>\n","protected":false},"excerpt":{"rendered":"","protected":false},"author":27,"featured_media":0,"parent":72,"menu_order":2,"comment_status":"closed","ping_status":"closed","template":"templates\/turismo.php","meta":{"footnotes":""},"acf":[],"yoast_head":"<!-- This site is optimized with the Yoast SEO plugin v23.0 - https:\/\/yoast.com\/wordpress\/plugins\/seo\/ -->\n<title>Estrutura Organizacional - CASA MILITAR<\/title>\n<meta name=\"robots\" content=\"noindex, follow\" \/>\n<meta property=\"og:locale\" content=\"pt_BR\" \/>\n<meta property=\"og:type\" content=\"article\" \/>\n<meta property=\"og:title\" content=\"Estrutura Organizacional - CASA MILITAR\" \/>\n<meta property=\"og:url\" content=\"https:\/\/www.manaus.am.gov.br\/casa-militar\/casa-militar\/estrutura-organizacional\/\" \/>\n<meta property=\"og:site_name\" content=\"CASA MILITAR\" \/>\n<meta property=\"article:modified_time\" content=\"2024-07-15T12:23:13+00:00\" \/>\n<meta name=\"twitter:card\" content=\"summary_large_image\" \/>\n<meta name=\"twitter:label1\" content=\"Est. reading time\" \/>\n\t<meta name=\"twitter:data1\" content=\"2 minutos\" \/>\n<script type=\"application\/ld+json\" class=\"yoast-schema-graph\">{\"@context\":\"https:\/\/schema.org\",\"@graph\":[{\"@type\":\"WebPage\",\"@id\":\"https:\/\/www.manaus.am.gov.br\/casa-militar\/casa-militar\/estrutura-organizacional\/\",\"url\":\"https:\/\/www.manaus.am.gov.br\/casa-militar\/casa-militar\/estrutura-organizacional\/\",\"name\":\"Estrutura Organizacional - CASA MILITAR\",\"isPartOf\":{\"@id\":\"https:\/\/www.manaus.am.gov.br\/casa-militar\/#website\"},\"datePublished\":\"2024-07-15T12:19:28+00:00\",\"dateModified\":\"2024-07-15T12:23:13+00:00\",\"breadcrumb\":{\"@id\":\"https:\/\/www.manaus.am.gov.br\/casa-militar\/casa-militar\/estrutura-organizacional\/#breadcrumb\"},\"inLanguage\":\"pt-BR\",\"potentialAction\":[{\"@type\":\"ReadAction\",\"target\":[\"https:\/\/www.manaus.am.gov.br\/casa-militar\/casa-militar\/estrutura-organizacional\/\"]}]},{\"@type\":\"BreadcrumbList\",\"@id\":\"https:\/\/www.manaus.am.gov.br\/casa-militar\/casa-militar\/estrutura-organizacional\/#breadcrumb\",\"itemListElement\":[{\"@type\":\"ListItem\",\"position\":1,\"name\":\"CASA MILITAR\",\"item\":\"https:\/\/www.manaus.am.gov.br\/casa-militar\/casa-militar\/\"},{\"@type\":\"ListItem\",\"position\":2,\"name\":\"Estrutura Organizacional\"}]},{\"@type\":\"WebSite\",\"@id\":\"https:\/\/www.manaus.am.gov.br\/casa-militar\/#website\",\"url\":\"https:\/\/www.manaus.am.gov.br\/casa-militar\/\",\"name\":\"CASA MILITAR\",\"description\":\"Casa Militar\",\"alternateName\":\"Casa Militar\",\"potentialAction\":[{\"@type\":\"SearchAction\",\"target\":{\"@type\":\"EntryPoint\",\"urlTemplate\":\"https:\/\/www.manaus.am.gov.br\/casa-militar\/?s={search_term_string}\"},\"query-input\":\"required name=search_term_string\"}],\"inLanguage\":\"pt-BR\"}]}<\/script>\n<!-- \/ Yoast SEO plugin. -->","yoast_head_json":{"title":"Estrutura Organizacional - CASA MILITAR","robots":{"index":"noindex","follow":"follow"},"og_locale":"pt_BR","og_type":"article","og_title":"Estrutura Organizacional - CASA MILITAR","og_url":"https:\/\/www.manaus.am.gov.br\/casa-militar\/casa-militar\/estrutura-organizacional\/","og_site_name":"CASA MILITAR","article_modified_time":"2024-07-15T12:23:13+00:00","twitter_card":"summary_large_image","twitter_misc":{"Est. reading time":"2 minutos"},"schema":{"@context":"https:\/\/schema.org","@graph":[{"@type":"WebPage","@id":"https:\/\/www.manaus.am.gov.br\/casa-militar\/casa-militar\/estrutura-organizacional\/","url":"https:\/\/www.manaus.am.gov.br\/casa-militar\/casa-militar\/estrutura-organizacional\/","name":"Estrutura Organizacional - CASA MILITAR","isPartOf":{"@id":"https:\/\/www.manaus.am.gov.br\/casa-militar\/#website"},"datePublished":"2024-07-15T12:19:28+00:00","dateModified":"2024-07-15T12:23:13+00:00","breadcrumb":{"@id":"https:\/\/www.manaus.am.gov.br\/casa-militar\/casa-militar\/estrutura-organizacional\/#breadcrumb"},"inLanguage":"pt-BR","potentialAction":[{"@type":"ReadAction","target":["https:\/\/www.manaus.am.gov.br\/casa-militar\/casa-militar\/estrutura-organizacional\/"]}]},{"@type":"BreadcrumbList","@id":"https:\/\/www.manaus.am.gov.br\/casa-militar\/casa-militar\/estrutura-organizacional\/#breadcrumb","itemListElement":[{"@type":"ListItem","position":1,"name":"CASA MILITAR","item":"https:\/\/www.manaus.am.gov.br\/casa-militar\/casa-militar\/"},{"@type":"ListItem","position":2,"name":"Estrutura Organizacional"}]},{"@type":"WebSite","@id":"https:\/\/www.manaus.am.gov.br\/casa-militar\/#website","url":"https:\/\/www.manaus.am.gov.br\/casa-militar\/","name":"CASA MILITAR","description":"Casa Militar","alternateName":"Casa Militar","potentialAction":[{"@type":"SearchAction","target":{"@type":"EntryPoint","urlTemplate":"https:\/\/www.manaus.am.gov.br\/casa-militar\/?s={search_term_string}"},"query-input":"required name=search_term_string"}],"inLanguage":"pt-BR"}]}},"_links":{"self":[{"href":"https:\/\/www.manaus.am.gov.br\/casa-militar\/wp-json\/wp\/v2\/pages\/80"}],"collection":[{"href":"https:\/\/www.manaus.am.gov.br\/casa-militar\/wp-json\/wp\/v2\/pages"}],"about":[{"href":"https:\/\/www.manaus.am.gov.br\/casa-militar\/wp-json\/wp\/v2\/types\/page"}],"author":[{"embeddable":true,"href":"https:\/\/www.manaus.am.gov.br\/casa-militar\/wp-json\/wp\/v2\/users\/27"}],"replies":[{"embeddable":true,"href":"https:\/\/www.manaus.am.gov.br\/casa-militar\/wp-json\/wp\/v2\/comments?post=80"}],"version-history":[{"count":2,"href":"https:\/\/www.manaus.am.gov.br\/casa-militar\/wp-json\/wp\/v2\/pages\/80\/revisions"}],"predecessor-version":[{"id":208148,"href":"https:\/\/www.manaus.am.gov.br\/casa-militar\/wp-json\/wp\/v2\/pages\/80\/revisions\/208148"}],"up":[{"embeddable":true,"href":"https:\/\/www.manaus.am.gov.br\/casa-militar\/wp-json\/wp\/v2\/pages\/72"}],"wp:attachment":[{"href":"https:\/\/www.manaus.am.gov.br\/casa-militar\/wp-json\/wp\/v2\/media?parent=80"}],"curies":[{"name":"wp","href":"https:\/\/api.w.org\/{rel}","templated":true}]}}

<p>Decreto nº 2.572, de 22 de outubro de 2013<br>DISPÕE sobre o Regimento Interno da<br>CASA MILITAR e dá outras providências.<br>O PREFEITO DE MANAUS, no exercício da competência que lhe confere o artigo 80, inciso VII, da Lei Orgânica do Município de Manaus.</p>



<p>DECRETA<br>DA ESTRUTURA ORGANIZACIONAL<br>Art. 3.º Dirigida por um Secretário Municipal Chefe , com auxílio de um Subsecretário Subchefe da Casa Militar, de um Secretário Executivo de Proteção e Defesa Civil e de um Secretário Executivo do Gabinete de Gestão Integrada Municipal – GGIM, ambos com prerrogativas e remuneração de Subsecretário Municipal, a Casa Militar tem a seguinte estrutura organizacional:</p>



<p>I – ÓRGÃOS VINCULADOS</p>



<p>a) Junta do Serviço Militar</p>



<p>b) Gabinete de Gestão Integrada Municipal – GGIM</p>



<p>II – ÓRGÃOS DE ASSISTÊNCIA E ASSESSORAMENTO</p>



<p>a) Gabinete do Secretário</p>



<p>b) Assessoria Técnica</p>



<p>c) Assessoria em Gestão de Inteligência</p>



<p>d)Assessoria em Estatística Criminal</p>



<p>III – ÓRGÃOS DE APOIO À GESTÃO</p>



<p>a) Departamento Administração e Finanças</p>



<ol>
<li>Divisão de Apoio Logístico</li>



<li>1 Gerência de Transportes</li>



<li>2 Gerência de Comunicação</li>



<li>3 Gerência de Patrimônio, Material e Serviços</li>



<li>Divisão de Administração e Finanças</li>



<li>1 Gerência de Pessoal</li>



<li>2 Gerência de Informática</li>



<li>3 Gerência de Orçamento e Finanças</li>
</ol>



<p>IV – ÓRGÃOS DE ATIVIDADES FINALÍSTICAS</p>



<p>a) SUBCHEFIA DA CASA MILITAR</p>



<ol>
<li>Departamento do Comando da Guarda Municipal<br>1.1. Divisão de Operações<br>1.1.1. Gerência de Operações Especiais<br>1.1.2. Gerência de Patrulhamento e Apoio ao Turista<br>1.1.3. Gerência de Operações de Bases Comunitárias</li>



<li>Departamento de Segurança Institucional<br>2.1. Divisão de Segurança Orgânica<br>2.1.1. Gerência de Segurança<br>2.2. Divisão de Inteligência e Informação<br>2.2.1. Gerência de Inteligência</li>
</ol>



<p>b) SECRETARIA EXECUTIVA DE PROTEÇÃO E DEFESA CIVIL</p>



<ol>
<li>Departamento de Operações<br>1.1. Divisão de Respostas<br>1.1.1. Gerência de Análise e Fiscalização de Áreas de Risco<br>1.1.2. Gerência de Resposta ao Desastre<br>1.2. Divisão de Suporte<br>1.2.1. Gerência de Material de Emergência<br>1.2.2. Gerência de Mapeamento e Georreferenciamento<br>1.3. Divisão de Prevenção e Minimização de Desastres<br>1.3.1. Gerência de Engenharia de Prevenção<br>1.3.2. Gerência de Encaminhamento e Acompanhamento</li>



<li>Departamento de Planejamento e de Gestão Orçamentária e Financeira<br>2.1. Divisão Técnica e Orçamentária<br>2.1.1. Gerência de Planejamento e Projetos<br>2.1.2. Gerência de Orçamento, Finanças e Contabilidade<br>2.1.3. Gerência de Material, Patrimônio, Cadastro, Controle e Avaliação de Recursos</li>
</ol>



<p>c) SECRETARIA EXECUTIVA DO GGIM</p>
