{"id":78,"date":"2024-07-15T08:19:28","date_gmt":"2024-07-15T12:19:28","guid":{"rendered":"https:\/\/www.manaus.am.gov.br\/casa-militar\/?page_id=78"},"modified":"2024-07-15T08:22:56","modified_gmt":"2024-07-15T12:22:56","slug":"nossa-historia","status":"publish","type":"page","link":"https:\/\/www.manaus.am.gov.br\/casa-militar\/casa-militar\/nossa-historia\/","title":{"rendered":"Nossa Hist\u00f3ria"},"content":{"rendered":"\n<p>A Secretaria do Gabinete Militar come\u00e7ou sua hist\u00f3ria como Guarda Municipal de Manaus (hoje \u201cGuarda Municipal Metropolitana\u201d), criada no dia 15 de junho de 1949, pela Lei de n\u00ba 132, com a denomina\u00e7\u00e3o de Guarda Municipal de Parques e Jardins, tendo como o grande respons\u00e1vel pela sua cria\u00e7\u00e3o o prefeito Raymundo Chaves Ribeiro.<\/p>\n\n\n\n<p>Inicialmente nos anos de 1949 a 1959, a Guarda Municipal de Parques e Jardins, objetivava a prote\u00e7\u00e3o dos patrim\u00f4nios hist\u00f3ricos Municipais (pra\u00e7as e jardins). Posteriormente, nas d\u00e9cadas de 60 e 70, acrescentou-se no objetivo a prote\u00e7\u00e3o dos patrim\u00f4nios hist\u00f3ricos da \u00e9poca (Rel\u00f3gio Municipal, Igreja da Matriz etc);<br>Entre a d\u00e9cada de 80 e 90 foi criado o grupamento feminino da Guarda, onde ingressaram 42 jovens. No dia 07 de junho de 1989, foi aprovada, atrav\u00e9s da Lei n\u00ba 2009, a cria\u00e7\u00e3o da Assist\u00eancia Militar da Prefeitura Municipal de Manaus, e em seu Artigo 6\u00ba, a Guarda de Seguran\u00e7a Municipal. No dia 11 de janeiro de 1991, Lei n\u00ba 052 modifica a estrutura b\u00e1sica da Administra\u00e7\u00e3o Direta, passando o \u00f3rg\u00e3o a ser denominado Gabinete Militar;<\/p>\n\n\n\n<p>A partir do Censo do ano 2000, Manaus foi considerada a maior cidade da Regi\u00e3o Norte e uma das maiores do Brasil, o que exigiu uma melhor adequa\u00e7\u00e3o da Guarda Municipal. No dia 13 de mar\u00e7o de 2001, reestrutura\u00e7\u00e3o por meio da Lei n\u00ba 590 da Administra\u00e7\u00e3o do Poder Executivo Municipal atribui, conforme Artigo 8\u00ba, inciso III, a compet\u00eancia da Coordena\u00e7\u00e3o da Guarda Municipal \u00e0 Secretaria Municipal de Defesa Civil.<\/p>\n\n\n\n<p>No dia 07 de dezembro de 2004, nova reestrutura\u00e7\u00e3o (Decreto n\u00ba 7.637) na organiza\u00e7\u00e3o da Secretaria Municipal de Defesa Civil, com a transforma\u00e7\u00e3o do Departamento da Guarda Municipal em Departamento da Guarda Civil Metropolitana.<\/p>\n\n\n\n<p>No dia 20 de janeiro de 2006, Lei n\u00ba 936 criou a Secretaria Municipal de Seguran\u00e7a Institucional (Semsin), mas somente em 20 de abril de 2006, por meio do Decreto n\u00ba 8.397, \u00e9 que se concretizou o desmembramento das secretarias em Secretaria Municipal de Defesa Civil (Semdec) e Secretaria Municipal de Seguran\u00e7a Institucional (Semsin).<\/p>\n\n\n\n<p>No dia 04 de mar\u00e7o de 2009, por meio da Lei n\u00ba 1.314, extinguiram-se as secretarias municipais de Defesa Civil e Seguran\u00e7a Institucional, unindo-se para compor, novamente, o Gabinete Militar.<\/p>\n\n\n\n<p>Em 2013, o Gabinete Militar passou a ser a Casa Militar, que tem em sua estrutura a ger\u00eancia da Guarda Municipal, Defesa Civil, Gabinete de Gest\u00e3o Integrada e Junta Militar.<\/p>\n\n\n\n<p>Em 2021, foram aprovados os Projetos de de Emenda \u00e0 Constitui\u00e7\u00e3o \u2013 PECs e Projetos de Emenda \u00e0 Lei Org\u00e2nica do Munic\u00edpio de Manaus \u2013 Loman, autorizando o porte de arma pelos Guardas Municipais, ap\u00f3s 72 anos de exist\u00eancia. Outros feitos hist\u00f3ricos foram: cria\u00e7\u00e3o da Corregedoria-Geral, Ouvidoria, Estatuto, ades\u00e3o de 250 pistolas semiautom\u00e1ticas \u2013 calibre 9 mil\u00edmetros; 38.000 muni\u00e7\u00f5es; 60 coletes bal\u00edsticos; 60 granadas explosivas de efeito moral; 60 sprays de pimentas; 160 algemas e 6 ve\u00edculos;<\/p>\n\n\n\n<p>Na Junta do Servi\u00e7o Militar, a gest\u00e3o implementou o agendamento online, para evitar as filas no per\u00edodo pand\u00eamico e contribuir para a seguran\u00e7a dos que aguardavam desde a madrugada. Possibilitando o atendimento na data e hora marcada. Com isso, atendendo mais de 150 mil jovens anualmente.<\/p>\n\n\n\n<p>Em dezembro de 2021, com a cria\u00e7\u00e3o da Secretaria Municipal de Seguran\u00e7a &#8211; SEMSEG (Lei N\u00ba 2.817), algumas das atribui\u00e7\u00f5es da Casa Militar passam a ser incorporadas pela nova secretaria, entre elas a Guarda Municipal, a Secretaria Executiva de Prote\u00e7\u00e3o e Defesa Civil e a Secretaria Executiva do Gabinete de Gest\u00e3o Integrada Municipal (GGIM)<\/p>\n\n\n\n<p>Nesse sentido, as atribui\u00e7\u00f5es da Casa Militar se concentraram na seguran\u00e7a institucional do prefeito, vice-prefeito, seus familiares e dignat\u00e1rios, bem como na Junta do Servi\u00e7o Militar, em parceria com as For\u00e7as Armadas.<\/p>\n","protected":false},"excerpt":{"rendered":"","protected":false},"author":27,"featured_media":0,"parent":72,"menu_order":1,"comment_status":"closed","ping_status":"closed","template":"templates\/turismo.php","meta":{"footnotes":""},"acf":[],"yoast_head":"<!-- This site is optimized with the Yoast SEO plugin v23.0 - https:\/\/yoast.com\/wordpress\/plugins\/seo\/ -->\n<title>Nossa Hist\u00f3ria - CASA MILITAR<\/title>\n<meta name=\"robots\" content=\"noindex, follow\" \/>\n<meta property=\"og:locale\" content=\"pt_BR\" \/>\n<meta property=\"og:type\" content=\"article\" \/>\n<meta property=\"og:title\" content=\"Nossa Hist\u00f3ria - CASA MILITAR\" \/>\n<meta property=\"og:url\" content=\"https:\/\/www.manaus.am.gov.br\/casa-militar\/casa-militar\/nossa-historia\/\" \/>\n<meta property=\"og:site_name\" content=\"CASA MILITAR\" \/>\n<meta property=\"article:modified_time\" content=\"2024-07-15T12:22:56+00:00\" \/>\n<meta name=\"twitter:card\" content=\"summary_large_image\" \/>\n<meta name=\"twitter:label1\" content=\"Est. reading time\" \/>\n\t<meta name=\"twitter:data1\" content=\"4 minutos\" \/>\n<script type=\"application\/ld+json\" class=\"yoast-schema-graph\">{\"@context\":\"https:\/\/schema.org\",\"@graph\":[{\"@type\":\"WebPage\",\"@id\":\"https:\/\/www.manaus.am.gov.br\/casa-militar\/casa-militar\/nossa-historia\/\",\"url\":\"https:\/\/www.manaus.am.gov.br\/casa-militar\/casa-militar\/nossa-historia\/\",\"name\":\"Nossa Hist\u00f3ria - CASA MILITAR\",\"isPartOf\":{\"@id\":\"https:\/\/www.manaus.am.gov.br\/casa-militar\/#website\"},\"datePublished\":\"2024-07-15T12:19:28+00:00\",\"dateModified\":\"2024-07-15T12:22:56+00:00\",\"breadcrumb\":{\"@id\":\"https:\/\/www.manaus.am.gov.br\/casa-militar\/casa-militar\/nossa-historia\/#breadcrumb\"},\"inLanguage\":\"pt-BR\",\"potentialAction\":[{\"@type\":\"ReadAction\",\"target\":[\"https:\/\/www.manaus.am.gov.br\/casa-militar\/casa-militar\/nossa-historia\/\"]}]},{\"@type\":\"BreadcrumbList\",\"@id\":\"https:\/\/www.manaus.am.gov.br\/casa-militar\/casa-militar\/nossa-historia\/#breadcrumb\",\"itemListElement\":[{\"@type\":\"ListItem\",\"position\":1,\"name\":\"CASA MILITAR\",\"item\":\"https:\/\/www.manaus.am.gov.br\/casa-militar\/casa-militar\/\"},{\"@type\":\"ListItem\",\"position\":2,\"name\":\"Nossa Hist\u00f3ria\"}]},{\"@type\":\"WebSite\",\"@id\":\"https:\/\/www.manaus.am.gov.br\/casa-militar\/#website\",\"url\":\"https:\/\/www.manaus.am.gov.br\/casa-militar\/\",\"name\":\"CASA MILITAR\",\"description\":\"Casa Militar\",\"alternateName\":\"Casa Militar\",\"potentialAction\":[{\"@type\":\"SearchAction\",\"target\":{\"@type\":\"EntryPoint\",\"urlTemplate\":\"https:\/\/www.manaus.am.gov.br\/casa-militar\/?s={search_term_string}\"},\"query-input\":\"required name=search_term_string\"}],\"inLanguage\":\"pt-BR\"}]}<\/script>\n<!-- \/ Yoast SEO plugin. -->","yoast_head_json":{"title":"Nossa Hist\u00f3ria - CASA MILITAR","robots":{"index":"noindex","follow":"follow"},"og_locale":"pt_BR","og_type":"article","og_title":"Nossa Hist\u00f3ria - CASA MILITAR","og_url":"https:\/\/www.manaus.am.gov.br\/casa-militar\/casa-militar\/nossa-historia\/","og_site_name":"CASA MILITAR","article_modified_time":"2024-07-15T12:22:56+00:00","twitter_card":"summary_large_image","twitter_misc":{"Est. reading time":"4 minutos"},"schema":{"@context":"https:\/\/schema.org","@graph":[{"@type":"WebPage","@id":"https:\/\/www.manaus.am.gov.br\/casa-militar\/casa-militar\/nossa-historia\/","url":"https:\/\/www.manaus.am.gov.br\/casa-militar\/casa-militar\/nossa-historia\/","name":"Nossa Hist\u00f3ria - CASA MILITAR","isPartOf":{"@id":"https:\/\/www.manaus.am.gov.br\/casa-militar\/#website"},"datePublished":"2024-07-15T12:19:28+00:00","dateModified":"2024-07-15T12:22:56+00:00","breadcrumb":{"@id":"https:\/\/www.manaus.am.gov.br\/casa-militar\/casa-militar\/nossa-historia\/#breadcrumb"},"inLanguage":"pt-BR","potentialAction":[{"@type":"ReadAction","target":["https:\/\/www.manaus.am.gov.br\/casa-militar\/casa-militar\/nossa-historia\/"]}]},{"@type":"BreadcrumbList","@id":"https:\/\/www.manaus.am.gov.br\/casa-militar\/casa-militar\/nossa-historia\/#breadcrumb","itemListElement":[{"@type":"ListItem","position":1,"name":"CASA MILITAR","item":"https:\/\/www.manaus.am.gov.br\/casa-militar\/casa-militar\/"},{"@type":"ListItem","position":2,"name":"Nossa Hist\u00f3ria"}]},{"@type":"WebSite","@id":"https:\/\/www.manaus.am.gov.br\/casa-militar\/#website","url":"https:\/\/www.manaus.am.gov.br\/casa-militar\/","name":"CASA MILITAR","description":"Casa Militar","alternateName":"Casa Militar","potentialAction":[{"@type":"SearchAction","target":{"@type":"EntryPoint","urlTemplate":"https:\/\/www.manaus.am.gov.br\/casa-militar\/?s={search_term_string}"},"query-input":"required name=search_term_string"}],"inLanguage":"pt-BR"}]}},"_links":{"self":[{"href":"https:\/\/www.manaus.am.gov.br\/casa-militar\/wp-json\/wp\/v2\/pages\/78"}],"collection":[{"href":"https:\/\/www.manaus.am.gov.br\/casa-militar\/wp-json\/wp\/v2\/pages"}],"about":[{"href":"https:\/\/www.manaus.am.gov.br\/casa-militar\/wp-json\/wp\/v2\/types\/page"}],"author":[{"embeddable":true,"href":"https:\/\/www.manaus.am.gov.br\/casa-militar\/wp-json\/wp\/v2\/users\/27"}],"replies":[{"embeddable":true,"href":"https:\/\/www.manaus.am.gov.br\/casa-militar\/wp-json\/wp\/v2\/comments?post=78"}],"version-history":[{"count":3,"href":"https:\/\/www.manaus.am.gov.br\/casa-militar\/wp-json\/wp\/v2\/pages\/78\/revisions"}],"predecessor-version":[{"id":208147,"href":"https:\/\/www.manaus.am.gov.br\/casa-militar\/wp-json\/wp\/v2\/pages\/78\/revisions\/208147"}],"up":[{"embeddable":true,"href":"https:\/\/www.manaus.am.gov.br\/casa-militar\/wp-json\/wp\/v2\/pages\/72"}],"wp:attachment":[{"href":"https:\/\/www.manaus.am.gov.br\/casa-militar\/wp-json\/wp\/v2\/media?parent=78"}],"curies":[{"name":"wp","href":"https:\/\/api.w.org\/{rel}","templated":true}]}}

Nossa História

<p>A Secretaria do Gabinete Militar começou sua história como Guarda Municipal de Manaus (hoje “Guarda Municipal Metropolitana”), criada no dia 15 de junho de 1949, pela Lei de nº 132, com a denominação de Guarda Municipal de Parques e Jardins, tendo como o grande responsável pela sua criação o prefeito Raymundo Chaves Ribeiro.</p>



<p>Inicialmente nos anos de 1949 a 1959, a Guarda Municipal de Parques e Jardins, objetivava a proteção dos patrimônios históricos Municipais (praças e jardins). Posteriormente, nas décadas de 60 e 70, acrescentou-se no objetivo a proteção dos patrimônios históricos da época (Relógio Municipal, Igreja da Matriz etc);<br>Entre a década de 80 e 90 foi criado o grupamento feminino da Guarda, onde ingressaram 42 jovens. No dia 07 de junho de 1989, foi aprovada, através da Lei nº 2009, a criação da Assistência Militar da Prefeitura Municipal de Manaus, e em seu Artigo 6º, a Guarda de Segurança Municipal. No dia 11 de janeiro de 1991, Lei nº 052 modifica a estrutura básica da Administração Direta, passando o órgão a ser denominado Gabinete Militar;</p>



<p>A partir do Censo do ano 2000, Manaus foi considerada a maior cidade da Região Norte e uma das maiores do Brasil, o que exigiu uma melhor adequação da Guarda Municipal. No dia 13 de março de 2001, reestruturação por meio da Lei nº 590 da Administração do Poder Executivo Municipal atribui, conforme Artigo 8º, inciso III, a competência da Coordenação da Guarda Municipal à Secretaria Municipal de Defesa Civil.</p>



<p>No dia 07 de dezembro de 2004, nova reestruturação (Decreto nº 7.637) na organização da Secretaria Municipal de Defesa Civil, com a transformação do Departamento da Guarda Municipal em Departamento da Guarda Civil Metropolitana.</p>



<p>No dia 20 de janeiro de 2006, Lei nº 936 criou a Secretaria Municipal de Segurança Institucional (Semsin), mas somente em 20 de abril de 2006, por meio do Decreto nº 8.397, é que se concretizou o desmembramento das secretarias em Secretaria Municipal de Defesa Civil (Semdec) e Secretaria Municipal de Segurança Institucional (Semsin).</p>



<p>No dia 04 de março de 2009, por meio da Lei nº 1.314, extinguiram-se as secretarias municipais de Defesa Civil e Segurança Institucional, unindo-se para compor, novamente, o Gabinete Militar.</p>



<p>Em 2013, o Gabinete Militar passou a ser a Casa Militar, que tem em sua estrutura a gerência da Guarda Municipal, Defesa Civil, Gabinete de Gestão Integrada e Junta Militar.</p>



<p>Em 2021, foram aprovados os Projetos de de Emenda à Constituição – PECs e Projetos de Emenda à Lei Orgânica do Município de Manaus – Loman, autorizando o porte de arma pelos Guardas Municipais, após 72 anos de existência. Outros feitos históricos foram: criação da Corregedoria-Geral, Ouvidoria, Estatuto, adesão de 250 pistolas semiautomáticas – calibre 9 milímetros; 38.000 munições; 60 coletes balísticos; 60 granadas explosivas de efeito moral; 60 sprays de pimentas; 160 algemas e 6 veículos;</p>



<p>Na Junta do Serviço Militar, a gestão implementou o agendamento online, para evitar as filas no período pandêmico e contribuir para a segurança dos que aguardavam desde a madrugada. Possibilitando o atendimento na data e hora marcada. Com isso, atendendo mais de 150 mil jovens anualmente.</p>



<p>Em dezembro de 2021, com a criação da Secretaria Municipal de Segurança &#8211; SEMSEG (Lei Nº 2.817), algumas das atribuições da Casa Militar passam a ser incorporadas pela nova secretaria, entre elas a Guarda Municipal, a Secretaria Executiva de Proteção e Defesa Civil e a Secretaria Executiva do Gabinete de Gestão Integrada Municipal (GGIM)</p>



<p>Nesse sentido, as atribuições da Casa Militar se concentraram na segurança institucional do prefeito, vice-prefeito, seus familiares e dignatários, bem como na Junta do Serviço Militar, em parceria com as Forças Armadas.</p>

<!-- This site is optimized with the Yoast SEO plugin v23.0 - https://yoast.com/wordpress/plugins/seo/ -->
<title>Nossa História - CASA MILITAR</title>
<meta name="robots" content="noindex, follow" />
<meta property="og:locale" content="pt_BR" />
<meta property="og:type" content="article" />
<meta property="og:title" content="Nossa História - CASA MILITAR" />
<meta property="og:url" content="https://www.manaus.am.gov.br/casa-militar/casa-militar/nossa-historia/" />
<meta property="og:site_name" content="CASA MILITAR" />
<meta property="article:modified_time" content="2024-07-15T12:22:56+00:00" />
<meta name="twitter:card" content="summary_large_image" />
<meta name="twitter:label1" content="Est. reading time" />
	<meta name="twitter:data1" content="4 minutos" />
<script type="application/ld+json" class="yoast-schema-graph">{"@context":"https://schema.org","@graph":[{"@type":"WebPage","@id":"https://www.manaus.am.gov.br/casa-militar/casa-militar/nossa-historia/","url":"https://www.manaus.am.gov.br/casa-militar/casa-militar/nossa-historia/","name":"Nossa História - CASA MILITAR","isPartOf":{"@id":"https://www.manaus.am.gov.br/casa-militar/#website"},"datePublished":"2024-07-15T12:19:28+00:00","dateModified":"2024-07-15T12:22:56+00:00","breadcrumb":{"@id":"https://www.manaus.am.gov.br/casa-militar/casa-militar/nossa-historia/#breadcrumb"},"inLanguage":"pt-BR","potentialAction":[{"@type":"ReadAction","target":["https://www.manaus.am.gov.br/casa-militar/casa-militar/nossa-historia/"]}]},{"@type":"BreadcrumbList","@id":"https://www.manaus.am.gov.br/casa-militar/casa-militar/nossa-historia/#breadcrumb","itemListElement":[{"@type":"ListItem","position":1,"name":"CASA MILITAR","item":"https://www.manaus.am.gov.br/casa-militar/casa-militar/"},{"@type":"ListItem","position":2,"name":"Nossa História"}]},{"@type":"WebSite","@id":"https://www.manaus.am.gov.br/casa-militar/#website","url":"https://www.manaus.am.gov.br/casa-militar/","name":"CASA MILITAR","description":"Casa Militar","alternateName":"Casa Militar","potentialAction":[{"@type":"SearchAction","target":{"@type":"EntryPoint","urlTemplate":"https://www.manaus.am.gov.br/casa-militar/?s={search_term_string}"},"query-input":"required name=search_term_string"}],"inLanguage":"pt-BR"}]}</script>
<!-- / Yoast SEO plugin. -->

Nossa História - CASA MILITAR
