{"id":207536,"date":"2024-07-11T16:20:36","date_gmt":"2024-07-11T20:20:36","guid":{"rendered":"https:\/\/www.manaus.am.gov.br\/casa-civil\/?page_id=207536"},"modified":"2024-07-15T08:37:49","modified_gmt":"2024-07-15T12:37:49","slug":"sobre","status":"publish","type":"page","link":"https:\/\/www.manaus.am.gov.br\/casa-civil\/casa-civil\/sobre\/","title":{"rendered":"Sobre"},"content":{"rendered":"\n<p>A Casa Civil \u00e9 o \u00f3rg\u00e3o diretamente ligado ao Chefe do Poder Executivo, criado originalmente, no plano federal, pelo decreto-lei N.\u00b0 920, de 1\u00ba de dezembro de 1938, e por simetria estendido aos estados e munic\u00edpios, possuindo status de secretaria de governo.<\/p>\n\n\n\n<p>Em Manaus, a Casa Civil integra a estrutura organizacional da Administra\u00e7\u00e3o Direta do Poder Executivo, com a finalidade de prestar assist\u00eancia e assessoramento direto e imediato ao prefeito no desempenho de suas atribui\u00e7\u00f5es legalmente institu\u00eddas.<\/p>\n\n\n\n<p>Dentre as atribui\u00e7\u00f5es da Casa Civil, destaca-se a an\u00e1lise da formalidade dos atos administrativos emitidos pelo Chefe do Poder Executivo, elabora\u00e7\u00e3o, revis\u00e3o e edi\u00e7\u00e3o dos atos governamentais oficiais, a gest\u00e3o e atualiza\u00e7\u00e3o do Sistema de Controle da Legisla\u00e7\u00e3o Municipal, a operacionaliza\u00e7\u00e3o do Di\u00e1rio Oficial e do Arquivo P\u00fablico.<\/p>\n\n\n\n<p>Na administra\u00e7\u00e3o do Prefeito Arthur Virg\u00edlio do Carmo Ribeiro Neto, a Secretaria passou por transforma\u00e7\u00f5es organizacionais, objeto da Lei Delegada N.\u00ba 03, de 31-07-2013, e do Decreto N.\u00ba 2.680, de 26-12-2012, que estabeleceu o vigente Regimento Interno. O des\u00edgnio foi especializar as fun\u00e7\u00f5es exercidas pelo ent\u00e3o Gabinete Civil e definir com maior detalhamento as atividades setorialmente planejadas.<\/p>\n\n\n\n<p>A nova estrutura foi institu\u00edda para melhor realizar a revis\u00e3o, compila\u00e7\u00e3o e posterior disponibiliza\u00e7\u00e3o em forma digital dos atos normativos, de forma sistem\u00e1tica e permanente, no sentido de conferir unidade, simplicidade e coer\u00eancia ao conjunto da legisla\u00e7\u00e3o municipal.<\/p>\n\n\n\n<p>Este servi\u00e7o propiciar\u00e1 leis concisas e de amplo acesso, facilidade nas consultas inclusive do Arquivo P\u00fablico e, acima de tudo, garantir maior efetividade ao plexo legal do munic\u00edpio.<\/p>\n\n\n\n<p>Nessa perspectiva, o funcionamento da Casa Civil, como \u00f3rg\u00e3o integrante da estrutura organizacional, busca conferir maior assertividade aos atos institucionais e assegurar o conhecimento e o acompanhamento da evolu\u00e7\u00e3o legislativa municipal, permitindo a participa\u00e7\u00e3o eficaz do cidad\u00e3o na organiza\u00e7\u00e3o da nossa cidade.<\/p>\n\n\n\n<p>\u00c9 a vis\u00e3o de um presente qualitativo com expectativas de um futuro ainda melhor.<\/p>\n","protected":false},"excerpt":{"rendered":"","protected":false},"author":27,"featured_media":0,"parent":207537,"menu_order":0,"comment_status":"closed","ping_status":"closed","template":"templates\/turismo.php","meta":{"footnotes":""},"acf":[],"yoast_head":"<!-- This site is optimized with the Yoast SEO plugin v23.0 - https:\/\/yoast.com\/wordpress\/plugins\/seo\/ -->\n<title>Sobre - Casa Civil<\/title>\n<meta name=\"robots\" content=\"index, follow, max-snippet:-1, max-image-preview:large, max-video-preview:-1\" \/>\n<link rel=\"canonical\" href=\"https:\/\/www.manaus.am.gov.br\/casa-civil\/casa-civil\/sobre\/\" \/>\n<meta property=\"og:locale\" content=\"pt_BR\" \/>\n<meta property=\"og:type\" content=\"article\" \/>\n<meta property=\"og:title\" content=\"Sobre - Casa Civil\" \/>\n<meta property=\"og:url\" content=\"https:\/\/www.manaus.am.gov.br\/casa-civil\/casa-civil\/sobre\/\" \/>\n<meta property=\"og:site_name\" content=\"Casa Civil\" \/>\n<meta property=\"article:publisher\" content=\"https:\/\/www.facebook.com\/prefeiturademanaus\" \/>\n<meta property=\"article:modified_time\" content=\"2024-07-15T12:37:49+00:00\" \/>\n<meta property=\"og:image\" content=\"https:\/\/www.manaus.am.gov.br\/casa-civil\/wp-content\/uploads\/sites\/10\/2024\/07\/thumb-default-2.png\" \/>\n\t<meta property=\"og:image:width\" content=\"966\" \/>\n\t<meta property=\"og:image:height\" content=\"520\" \/>\n\t<meta property=\"og:image:type\" content=\"image\/png\" \/>\n<meta name=\"twitter:card\" content=\"summary_large_image\" \/>\n<meta name=\"twitter:site\" content=\"@prefmanaus\" \/>\n<meta name=\"twitter:label1\" content=\"Est. reading time\" \/>\n\t<meta name=\"twitter:data1\" content=\"2 minutos\" \/>\n<script type=\"application\/ld+json\" class=\"yoast-schema-graph\">{\"@context\":\"https:\/\/schema.org\",\"@graph\":[{\"@type\":\"WebPage\",\"@id\":\"https:\/\/www.manaus.am.gov.br\/casa-civil\/casa-civil\/sobre\/\",\"url\":\"https:\/\/www.manaus.am.gov.br\/casa-civil\/casa-civil\/sobre\/\",\"name\":\"Sobre - Casa Civil\",\"isPartOf\":{\"@id\":\"https:\/\/www.manaus.am.gov.br\/casa-civil\/#website\"},\"datePublished\":\"2024-07-11T20:20:36+00:00\",\"dateModified\":\"2024-07-15T12:37:49+00:00\",\"breadcrumb\":{\"@id\":\"https:\/\/www.manaus.am.gov.br\/casa-civil\/casa-civil\/sobre\/#breadcrumb\"},\"inLanguage\":\"pt-BR\",\"potentialAction\":[{\"@type\":\"ReadAction\",\"target\":[\"https:\/\/www.manaus.am.gov.br\/casa-civil\/casa-civil\/sobre\/\"]}]},{\"@type\":\"BreadcrumbList\",\"@id\":\"https:\/\/www.manaus.am.gov.br\/casa-civil\/casa-civil\/sobre\/#breadcrumb\",\"itemListElement\":[{\"@type\":\"ListItem\",\"position\":1,\"name\":\"A Casa Civil\",\"item\":\"https:\/\/www.manaus.am.gov.br\/casa-civil\/casa-civil\/\"},{\"@type\":\"ListItem\",\"position\":2,\"name\":\"Sobre\"}]},{\"@type\":\"WebSite\",\"@id\":\"https:\/\/www.manaus.am.gov.br\/casa-civil\/#website\",\"url\":\"https:\/\/www.manaus.am.gov.br\/casa-civil\/\",\"name\":\"Casa Civil\",\"description\":\"Prefeitura de Manaus\",\"publisher\":{\"@id\":\"https:\/\/www.manaus.am.gov.br\/casa-civil\/#organization\"},\"alternateName\":\"Casa Civil\",\"potentialAction\":[{\"@type\":\"SearchAction\",\"target\":{\"@type\":\"EntryPoint\",\"urlTemplate\":\"https:\/\/www.manaus.am.gov.br\/casa-civil\/?s={search_term_string}\"},\"query-input\":\"required name=search_term_string\"}],\"inLanguage\":\"pt-BR\"},{\"@type\":\"Organization\",\"@id\":\"https:\/\/www.manaus.am.gov.br\/casa-civil\/#organization\",\"name\":\"Prefeitura de Manaus\",\"alternateName\":\"Prefeitura Municipal de Manaus\",\"url\":\"https:\/\/www.manaus.am.gov.br\/casa-civil\/\",\"logo\":{\"@type\":\"ImageObject\",\"inLanguage\":\"pt-BR\",\"@id\":\"https:\/\/www.manaus.am.gov.br\/casa-civil\/#\/schema\/logo\/image\/\",\"url\":\"https:\/\/www.manaus.am.gov.br\/casa-civil\/wp-content\/uploads\/sites\/10\/2024\/06\/favicon.png\",\"contentUrl\":\"https:\/\/www.manaus.am.gov.br\/casa-civil\/wp-content\/uploads\/sites\/10\/2024\/06\/favicon.png\",\"width\":300,\"height\":300,\"caption\":\"Prefeitura de Manaus\"},\"image\":{\"@id\":\"https:\/\/www.manaus.am.gov.br\/casa-civil\/#\/schema\/logo\/image\/\"},\"sameAs\":[\"https:\/\/www.facebook.com\/prefeiturademanaus\",\"https:\/\/x.com\/prefmanaus\",\"https:\/\/www.instagram.com\/prefeiturademanaus\/\",\"https:\/\/www.youtube.com\/@PrefeituradeManausOficial\",\"https:\/\/www.flickr.com\/photos\/prefeiturademanaus\",\"https:\/\/www.linkedin.com\/company\/prefeiturademanaus\/\",\"https:\/\/www.tiktok.com\/@prefeiturademanaus\"]}]}<\/script>\n<!-- \/ Yoast SEO plugin. -->","yoast_head_json":{"title":"Sobre - Casa Civil","robots":{"index":"index","follow":"follow","max-snippet":"max-snippet:-1","max-image-preview":"max-image-preview:large","max-video-preview":"max-video-preview:-1"},"canonical":"https:\/\/www.manaus.am.gov.br\/casa-civil\/casa-civil\/sobre\/","og_locale":"pt_BR","og_type":"article","og_title":"Sobre - Casa Civil","og_url":"https:\/\/www.manaus.am.gov.br\/casa-civil\/casa-civil\/sobre\/","og_site_name":"Casa Civil","article_publisher":"https:\/\/www.facebook.com\/prefeiturademanaus","article_modified_time":"2024-07-15T12:37:49+00:00","og_image":[{"width":966,"height":520,"url":"https:\/\/www.manaus.am.gov.br\/casa-civil\/wp-content\/uploads\/sites\/10\/2024\/07\/thumb-default-2.png","type":"image\/png"}],"twitter_card":"summary_large_image","twitter_site":"@prefmanaus","twitter_misc":{"Est. reading time":"2 minutos"},"schema":{"@context":"https:\/\/schema.org","@graph":[{"@type":"WebPage","@id":"https:\/\/www.manaus.am.gov.br\/casa-civil\/casa-civil\/sobre\/","url":"https:\/\/www.manaus.am.gov.br\/casa-civil\/casa-civil\/sobre\/","name":"Sobre - Casa Civil","isPartOf":{"@id":"https:\/\/www.manaus.am.gov.br\/casa-civil\/#website"},"datePublished":"2024-07-11T20:20:36+00:00","dateModified":"2024-07-15T12:37:49+00:00","breadcrumb":{"@id":"https:\/\/www.manaus.am.gov.br\/casa-civil\/casa-civil\/sobre\/#breadcrumb"},"inLanguage":"pt-BR","potentialAction":[{"@type":"ReadAction","target":["https:\/\/www.manaus.am.gov.br\/casa-civil\/casa-civil\/sobre\/"]}]},{"@type":"BreadcrumbList","@id":"https:\/\/www.manaus.am.gov.br\/casa-civil\/casa-civil\/sobre\/#breadcrumb","itemListElement":[{"@type":"ListItem","position":1,"name":"A Casa Civil","item":"https:\/\/www.manaus.am.gov.br\/casa-civil\/casa-civil\/"},{"@type":"ListItem","position":2,"name":"Sobre"}]},{"@type":"WebSite","@id":"https:\/\/www.manaus.am.gov.br\/casa-civil\/#website","url":"https:\/\/www.manaus.am.gov.br\/casa-civil\/","name":"Casa Civil","description":"Prefeitura de Manaus","publisher":{"@id":"https:\/\/www.manaus.am.gov.br\/casa-civil\/#organization"},"alternateName":"Casa Civil","potentialAction":[{"@type":"SearchAction","target":{"@type":"EntryPoint","urlTemplate":"https:\/\/www.manaus.am.gov.br\/casa-civil\/?s={search_term_string}"},"query-input":"required name=search_term_string"}],"inLanguage":"pt-BR"},{"@type":"Organization","@id":"https:\/\/www.manaus.am.gov.br\/casa-civil\/#organization","name":"Prefeitura de Manaus","alternateName":"Prefeitura Municipal de Manaus","url":"https:\/\/www.manaus.am.gov.br\/casa-civil\/","logo":{"@type":"ImageObject","inLanguage":"pt-BR","@id":"https:\/\/www.manaus.am.gov.br\/casa-civil\/#\/schema\/logo\/image\/","url":"https:\/\/www.manaus.am.gov.br\/casa-civil\/wp-content\/uploads\/sites\/10\/2024\/06\/favicon.png","contentUrl":"https:\/\/www.manaus.am.gov.br\/casa-civil\/wp-content\/uploads\/sites\/10\/2024\/06\/favicon.png","width":300,"height":300,"caption":"Prefeitura de Manaus"},"image":{"@id":"https:\/\/www.manaus.am.gov.br\/casa-civil\/#\/schema\/logo\/image\/"},"sameAs":["https:\/\/www.facebook.com\/prefeiturademanaus","https:\/\/x.com\/prefmanaus","https:\/\/www.instagram.com\/prefeiturademanaus\/","https:\/\/www.youtube.com\/@PrefeituradeManausOficial","https:\/\/www.flickr.com\/photos\/prefeiturademanaus","https:\/\/www.linkedin.com\/company\/prefeiturademanaus\/","https:\/\/www.tiktok.com\/@prefeiturademanaus"]}]}},"_links":{"self":[{"href":"https:\/\/www.manaus.am.gov.br\/casa-civil\/wp-json\/wp\/v2\/pages\/207536"}],"collection":[{"href":"https:\/\/www.manaus.am.gov.br\/casa-civil\/wp-json\/wp\/v2\/pages"}],"about":[{"href":"https:\/\/www.manaus.am.gov.br\/casa-civil\/wp-json\/wp\/v2\/types\/page"}],"author":[{"embeddable":true,"href":"https:\/\/www.manaus.am.gov.br\/casa-civil\/wp-json\/wp\/v2\/users\/27"}],"replies":[{"embeddable":true,"href":"https:\/\/www.manaus.am.gov.br\/casa-civil\/wp-json\/wp\/v2\/comments?post=207536"}],"version-history":[{"count":3,"href":"https:\/\/www.manaus.am.gov.br\/casa-civil\/wp-json\/wp\/v2\/pages\/207536\/revisions"}],"predecessor-version":[{"id":208295,"href":"https:\/\/www.manaus.am.gov.br\/casa-civil\/wp-json\/wp\/v2\/pages\/207536\/revisions\/208295"}],"up":[{"embeddable":true,"href":"https:\/\/www.manaus.am.gov.br\/casa-civil\/wp-json\/wp\/v2\/pages\/207537"}],"wp:attachment":[{"href":"https:\/\/www.manaus.am.gov.br\/casa-civil\/wp-json\/wp\/v2\/media?parent=207536"}],"curies":[{"name":"wp","href":"https:\/\/api.w.org\/{rel}","templated":true}]}}

<p>A Casa Civil é o órgão diretamente ligado ao Chefe do Poder Executivo, criado originalmente, no plano federal, pelo decreto-lei N.° 920, de 1º de dezembro de 1938, e por simetria estendido aos estados e municípios, possuindo status de secretaria de governo.</p>



<p>Em Manaus, a Casa Civil integra a estrutura organizacional da Administração Direta do Poder Executivo, com a finalidade de prestar assistência e assessoramento direto e imediato ao prefeito no desempenho de suas atribuições legalmente instituídas.</p>



<p>Dentre as atribuições da Casa Civil, destaca-se a análise da formalidade dos atos administrativos emitidos pelo Chefe do Poder Executivo, elaboração, revisão e edição dos atos governamentais oficiais, a gestão e atualização do Sistema de Controle da Legislação Municipal, a operacionalização do Diário Oficial e do Arquivo Público.</p>



<p>Na administração do Prefeito Arthur Virgílio do Carmo Ribeiro Neto, a Secretaria passou por transformações organizacionais, objeto da Lei Delegada N.º 03, de 31-07-2013, e do Decreto N.º 2.680, de 26-12-2012, que estabeleceu o vigente Regimento Interno. O desígnio foi especializar as funções exercidas pelo então Gabinete Civil e definir com maior detalhamento as atividades setorialmente planejadas.</p>



<p>A nova estrutura foi instituída para melhor realizar a revisão, compilação e posterior disponibilização em forma digital dos atos normativos, de forma sistemática e permanente, no sentido de conferir unidade, simplicidade e coerência ao conjunto da legislação municipal.</p>



<p>Este serviço propiciará leis concisas e de amplo acesso, facilidade nas consultas inclusive do Arquivo Público e, acima de tudo, garantir maior efetividade ao plexo legal do município.</p>



<p>Nessa perspectiva, o funcionamento da Casa Civil, como órgão integrante da estrutura organizacional, busca conferir maior assertividade aos atos institucionais e assegurar o conhecimento e o acompanhamento da evolução legislativa municipal, permitindo a participação eficaz do cidadão na organização da nossa cidade.</p>



<p>É a visão de um presente qualitativo com expectativas de um futuro ainda melhor.</p>
